Weather Information | Photos of Local Events | Personal Weather Stations Links | Lancaster Links | Site Map

NOAA Report Archive
(Reports Generated by WeatherLink)
2017: Jan | Feb | Mar | Apr | May | Jun | Jul | Aug | Sep | Oct | Nov | Dec 
2016: Jan | Feb | Mar | Apr | May | Jun | Jul | Aug | Sep | Oct | Nov | Dec 
2015: Jan | Feb | Mar | Apr | May | Jun | Jul | Aug | Sep | Oct | Nov | Dec 
2014: Jan | Feb | Mar | Apr | May | Jun | Jul | Aug | Sep | Oct | Nov | Dec 
2013: Jan | Feb | Mar | Apr | May | Jun | Jul | Aug | Sep | Oct | Nov | Dec 
2012: Jan | Feb | Mar | Apr | May | Jun | Jul | Aug | Sep | Oct | Nov | Dec 
2011: Jan | Feb | Mar | Apr | May | Jun | Jul | Aug | Sep | Oct | Nov | Dec 
2010: Jan | Feb | Mar | Apr | May | Jun | Jul | Aug | Sep | Oct | Nov | Dec 
2009: Jan | Feb | Mar | Apr | May | Jun | Jul | Aug | Sep | Oct | Nov | Dec 
2008: Jan | Feb | Mar | Apr | May | Jun | Jul | Aug | Sep | Oct | Nov | Dec 
2007: Jan | Feb | Mar | Apr | May | Jun | Jul | Aug | Sep | Oct | Nov | Dec 
2006: Jan | Feb | Mar | Apr | May | Jun | Jul | Aug | Sep | Oct | Nov | Dec 
2005: Jan | Feb | Mar | Apr | May | Jun | Jul | Aug | Sep | Oct | Nov | Dec 
2004: Jan | Feb | Mar | Apr | May | Jun | Jul | Aug | Sep | Oct | Nov | Dec 
2003: Jan | Feb | Mar | Apr | May | Jun | Jul | Aug | Sep | Oct | Nov | Dec 

Report for 2012 01
MONTHLY CLIMATOLOGICAL SUMMARY for JAN. 2012 NAME: Station1 CITY: Lancaster STATE: Ohio ELEV: 958 ft LAT: 39 45' 15" N LONG: 82 34' 05" W TEMPERATURE (F), RAIN (in), WIND SPEED (mph) HEAT COOL AVG MEAN DEG DEG WIND DOM DAY TEMP HIGH TIME LOW TIME DAYS DAYS RAIN SPEED HIGH TIME DIR ------------------------------------------------------------------------------------ 1 40.6 55.9 12:15p 29.3 10:15p 24.4 0.0 0.02 4.4 41.0 12:30p W 2 25.9 30.7 12:15a 21.6 8:45p 39.1 0.0 0.06 3.2 27.0 12:15a W 3 19.0 24.1 2:30p 14.1 10:45p 46.0 0.0 0.00 1.4 20.0 10:45a WNW 4 25.4 34.9 11:00p 14.1 4:00a 39.6 0.0 0.00 1.5 21.0 10:30a SSW 5 36.6 45.7 4:15p 27.5 8:15a 28.4 0.0 0.00 2.4 21.0 11:45p SSW 6 50.4 60.1 4:15p 41.9 8:30a 14.6 0.0 0.00 5.8 25.0 1:00a SSW 7 45.4 52.5 1:15a 34.9 12:00m 19.6 0.0 0.00 2.6 22.0 4:30a W 8 34.7 44.6 3:00p 27.9 8:45a 30.3 0.0 0.00 0.1 7.0 3:45p N 9 33.5 47.0 1:45p 25.0 7:45a 31.5 0.0 0.00 0.3 12.0 4:00p SW 10 37.5 51.1 3:15p 27.6 11:15p 27.5 0.0 0.00 0.8 13.0 1:15p WSW 11 37.5 45.8 6:15p 26.3 3:30a 27.5 0.0 0.25 0.3 8.0 1:30p E 12 39.4 46.4 3:15a 19.2 11:45p 25.6 0.0 0.15 3.4 31.0 5:30p SW 13 17.2 19.4 1:00p 14.6 3:45a 47.8 0.0 0.03 4.2 31.0 8:45a SW 14 19.7 23.9 4:15p 15.9 12:00m 45.3 0.0 0.00 0.7 13.0 12:45a SW 15 17.7 29.5 3:45p 5.0 8:00a 47.3 0.0 0.00 0.0 7.0 12:30p NNE 16 35.4 47.9 10:45p 20.3 12:30a 29.6 0.0 0.05 1.7 19.0 11:30a S 17 46.3 56.7 3:45p 30.7 12:00m 18.7 0.0 0.71 4.9 32.0 4:30p SSW 18 27.8 32.4 2:00p 20.5 11:30p 37.2 0.0 0.00 1.2 21.0 3:30a WNW 19 25.8 33.5 3:15p 14.4 12:00m 39.2 0.0 0.04 2.2 25.0 11:00a SSW 20 16.8 24.8 8:00p 6.0 6:15a 48.2 0.0 0.03 0.4 11.0 11:15p E 21 25.7 28.4 3:00p 22.9 9:00a 39.3 0.0 0.13 1.5 14.0 10:00a N 22 31.3 42.2 12:00m 24.8 12:15a 33.7 0.0 0.00 0.3 8.0 11:00a E 23 48.5 60.9 2:30p 39.5 11:00p 16.5 0.0 0.27 5.4 43.0 2:30p SE 24 35.3 39.5 12:15a 31.6 11:45p 29.7 0.0 0.00 2.0 21.0 10:45a SW 25 31.9 35.8 2:00p 29.0 8:00a 33.1 0.0 0.04 0.3 11.0 7:00p E 26 43.2 55.3 12:00m 33.1 12:45a 21.8 0.0 1.40 0.3 12.0 6:00p S 27 37.8 55.6 12:30a 33.8 11:00p 27.2 0.0 0.26 2.6 27.0 4:00a W 28 34.6 40.6 3:00p 29.7 11:15p 30.4 0.0 0.01 3.2 34.0 1:15p W 29 33.3 44.6 2:15p 27.0 12:00m 31.7 0.0 0.00 5.3 36.0 2:00p SSW 30 36.7 51.9 9:30p 21.1 5:30a 28.3 0.0 0.00 1.6 22.0 8:45p S 31 54.3 63.1 2:45p 46.1 12:00m 10.7 0.0 0.16 7.8 31.0 6:00p SSW ------------------------------------------------------------------------------------- 33.7 63.1 31 5.0 15 969.8 0.0 3.61 2.3 43.0 23 SSW Max >= 90.0: 0 Max <= 32.0: 7 Min <= 32.0: 25 Min <= 0.0: 0 Max Rain: 1.40 ON 01/26/12 Days of Rain: 15 (>.01 in) 8 (>.1 in) 1 (>1 in) Heat Base: 65.0 Cool Base: 65.0 Method: Integration
 
USA Weather Finder