Weather Information | Photos of Local Events | Personal Weather Stations Links | Lancaster Links | Site Map

NOAA Report Archive
(Reports Generated by WeatherLink)
2017: Jan | Feb | Mar | Apr | May | Jun | Jul | Aug | Sep | Oct | Nov | Dec 
2016: Jan | Feb | Mar | Apr | May | Jun | Jul | Aug | Sep | Oct | Nov | Dec 
2015: Jan | Feb | Mar | Apr | May | Jun | Jul | Aug | Sep | Oct | Nov | Dec 
2014: Jan | Feb | Mar | Apr | May | Jun | Jul | Aug | Sep | Oct | Nov | Dec 
2013: Jan | Feb | Mar | Apr | May | Jun | Jul | Aug | Sep | Oct | Nov | Dec 
2012: Jan | Feb | Mar | Apr | May | Jun | Jul | Aug | Sep | Oct | Nov | Dec 
2011: Jan | Feb | Mar | Apr | May | Jun | Jul | Aug | Sep | Oct | Nov | Dec 
2010: Jan | Feb | Mar | Apr | May | Jun | Jul | Aug | Sep | Oct | Nov | Dec 
2009: Jan | Feb | Mar | Apr | May | Jun | Jul | Aug | Sep | Oct | Nov | Dec 
2008: Jan | Feb | Mar | Apr | May | Jun | Jul | Aug | Sep | Oct | Nov | Dec 
2007: Jan | Feb | Mar | Apr | May | Jun | Jul | Aug | Sep | Oct | Nov | Dec 
2006: Jan | Feb | Mar | Apr | May | Jun | Jul | Aug | Sep | Oct | Nov | Dec 
2005: Jan | Feb | Mar | Apr | May | Jun | Jul | Aug | Sep | Oct | Nov | Dec 
2004: Jan | Feb | Mar | Apr | May | Jun | Jul | Aug | Sep | Oct | Nov | Dec 
2003: Jan | Feb | Mar | Apr | May | Jun | Jul | Aug | Sep | Oct | Nov | Dec 

Report for 2012 02
MONTHLY CLIMATOLOGICAL SUMMARY for FEB. 2012 NAME: Station1 CITY: Lancaster STATE: Ohio ELEV: 958 ft LAT: 39 45' 15" N LONG: 82 34' 05" W TEMPERATURE (F), RAIN (in), WIND SPEED (mph) HEAT COOL AVG MEAN DEG DEG WIND DOM DAY TEMP HIGH TIME LOW TIME DAYS DAYS RAIN SPEED HIGH TIME DIR ------------------------------------------------------------------------------------ 1 51.8 62.0 4:00p 40.6 11:30p 13.2 0.0 0.00 2.8 24.0 1:45a SSW 2 38.6 47.9 2:45p 27.2 12:00m 26.4 0.0 0.00 1.1 16.0 10:15a NNW 3 35.8 52.2 3:45p 23.0 7:45a 29.2 0.0 0.00 0.1 8.0 12:00p E 4 37.2 39.2 3:00a 34.1 11:45p 27.8 0.0 0.09 0.3 8.0 7:15a NNE 5 37.4 48.8 3:30p 26.3 12:00m 27.6 0.0 0.01 0.7 13.0 9:00a N 6 35.1 49.1 2:45p 20.6 7:45a 29.9 0.0 0.00 0.6 12.0 3:15p SW 7 32.0 36.2 12:15a 27.2 4:15a 33.0 0.0 0.00 0.3 8.0 1:45p N 8 30.8 33.4 1:30p 23.6 12:00m 34.2 0.0 0.15 0.7 10.0 3:45a N 9 28.3 35.9 2:45p 16.9 7:30a 36.7 0.0 0.00 0.5 13.0 1:15p SSW 10 30.7 33.7 12:15p 29.0 8:15a 34.3 0.0 0.03 1.1 12.0 1:15p SW 11 19.2 31.2 3:45a 13.8 9:45a 45.8 0.0 0.06 3.4 21.0 2:30p NW 12 20.5 29.0 5:00p 12.8 2:45a 44.5 0.0 0.00 1.9 24.0 12:15p WSW 13 29.3 36.8 4:45p 21.0 7:15a 35.7 0.0 0.00 1.4 17.0 12:45p SW 14 33.8 35.9 4:00p 31.5 8:00a 31.2 0.0 0.09 0.4 10.0 4:15p S 15 40.0 47.9 4:45p 33.8 3:15a 25.0 0.0 0.00 0.4 13.0 1:30p E 16 44.3 48.6 2:45p 40.6 11:45p 20.7 0.0 0.23 1.0 18.0 8:00p S 17 39.2 48.3 4:30p 30.1 11:45p 25.8 0.0 0.00 1.1 18.0 2:15p W 18 37.2 48.9 1:45p 27.0 4:00a 27.8 0.0 0.00 1.7 18.0 2:00p N 19 31.0 39.1 1:45p 24.8 5:45a 34.0 0.0 0.00 2.2 17.0 11:15a N 20 30.9 42.9 4:30p 19.5 7:15a 34.1 0.0 0.00 0.3 8.0 4:00p N 21 41.3 50.8 4:45p 30.7 3:00a 23.7 0.0 0.04 4.0 37.0 1:30p SW 22 48.8 57.5 2:45p 38.8 7:15a 16.2 0.0 0.00 3.9 33.0 6:45p SSW 23 46.7 51.7 12:30p 36.8 7:45a 18.3 0.0 0.00 0.7 16.0 12:15a E 24 41.1 52.9 11:30a 33.8 11:45p 23.9 0.0 0.00 5.8 38.0 1:00p W 25 29.5 34.4 5:00p 24.5 12:00m 35.5 0.0 0.00 4.4 29.0 6:30a W 26 32.4 47.6 4:30p 17.2 7:00a 32.6 0.0 0.00 0.5 20.0 4:00p S 27 44.8 59.6 3:30p 28.4 2:15a 20.2 0.0 0.00 3.6 33.0 3:00p W 28 37.1 52.6 4:30p 20.2 7:00a 27.9 0.0 0.00 0.4 11.0 9:45a E 29 54.9 68.8 1:45p 39.2 5:30a 10.4 0.2 0.65 3.9 30.0 12:30p SSW ------------------------------------------------------------------------------------- 36.5 68.8 29 12.8 12 825.6 0.2 1.35 1.7 38.0 24 SSW Max >= 90.0: 0 Max <= 32.0: 2 Min <= 32.0: 21 Min <= 0.0: 0 Max Rain: 0.65 ON 02/29/12 Days of Rain: 8 (>.01 in) 3 (>.1 in) 0 (>1 in) Heat Base: 65.0 Cool Base: 65.0 Method: Integration
 
USA Weather Finder