Weather Information | Photos of Local Events | Personal Weather Stations Links | Lancaster Links | Site Map

NOAA Report Archive
(Reports Generated by WeatherLink)
2017: Jan | Feb | Mar | Apr | May | Jun | Jul | Aug | Sep | Oct | Nov | Dec 
2016: Jan | Feb | Mar | Apr | May | Jun | Jul | Aug | Sep | Oct | Nov | Dec 
2015: Jan | Feb | Mar | Apr | May | Jun | Jul | Aug | Sep | Oct | Nov | Dec 
2014: Jan | Feb | Mar | Apr | May | Jun | Jul | Aug | Sep | Oct | Nov | Dec 
2013: Jan | Feb | Mar | Apr | May | Jun | Jul | Aug | Sep | Oct | Nov | Dec 
2012: Jan | Feb | Mar | Apr | May | Jun | Jul | Aug | Sep | Oct | Nov | Dec 
2011: Jan | Feb | Mar | Apr | May | Jun | Jul | Aug | Sep | Oct | Nov | Dec 
2010: Jan | Feb | Mar | Apr | May | Jun | Jul | Aug | Sep | Oct | Nov | Dec 
2009: Jan | Feb | Mar | Apr | May | Jun | Jul | Aug | Sep | Oct | Nov | Dec 
2008: Jan | Feb | Mar | Apr | May | Jun | Jul | Aug | Sep | Oct | Nov | Dec 
2007: Jan | Feb | Mar | Apr | May | Jun | Jul | Aug | Sep | Oct | Nov | Dec 
2006: Jan | Feb | Mar | Apr | May | Jun | Jul | Aug | Sep | Oct | Nov | Dec 
2005: Jan | Feb | Mar | Apr | May | Jun | Jul | Aug | Sep | Oct | Nov | Dec 
2004: Jan | Feb | Mar | Apr | May | Jun | Jul | Aug | Sep | Oct | Nov | Dec 
2003: Jan | Feb | Mar | Apr | May | Jun | Jul | Aug | Sep | Oct | Nov | Dec 

Report for 2012 03
MONTHLY CLIMATOLOGICAL SUMMARY for MAR. 2012 NAME: Station1 CITY: Lancaster STATE: Ohio ELEV: 958 ft LAT: 39 45' 15" N LONG: 82 34' 05" W TEMPERATURE (F), RAIN (in), WIND SPEED (mph) HEAT COOL AVG MEAN DEG DEG WIND DOM DAY TEMP HIGH TIME LOW TIME DAYS DAYS RAIN SPEED HIGH TIME DIR ------------------------------------------------------------------------------------ 1 41.5 57.3 12:15a 31.3 11:00p 23.5 0.0 0.00 3.0 28.0 12:15a W 2 44.3 57.8 9:45p 30.0 3:45a 20.7 0.0 0.15 2.5 29.0 10:45p SE 3 37.8 44.3 12:15a 32.8 12:00m 27.2 0.0 0.00 5.0 28.0 12:15a SW 4 31.7 35.9 12:00p 28.7 5:30a 33.3 0.0 0.00 1.5 19.0 3:30p W 5 30.2 34.7 3:45p 23.3 12:00m 34.8 0.0 0.00 1.2 19.0 3:30p WNW 6 41.2 61.2 5:00p 23.0 12:15a 23.8 0.0 0.00 1.2 19.0 3:15p S 7 57.5 69.9 3:30p 43.5 7:15a 8.2 0.7 0.00 5.2 34.0 1:30p SSW 8 52.8 61.0 12:15a 36.8 12:00m 12.2 0.0 0.74 5.1 28.0 2:00p SSW 9 37.5 45.1 1:00p 29.4 12:00m 27.5 0.0 0.00 2.9 25.0 10:30a NNW 10 37.1 52.5 4:15p 23.6 7:00a 27.9 0.0 0.00 0.5 11.0 2:00p S 11 50.3 69.4 4:30p 30.6 8:00a 14.6 0.5 0.00 0.9 20.0 12:30p SSW 12 53.7 60.7 4:45p 45.2 1:45a 11.3 0.0 0.27 1.6 19.0 9:45p S 13 63.9 74.2 4:30p 50.7 12:00m 3.2 2.1 0.01 3.7 25.0 3:45a SW 14 60.2 79.0 4:15p 42.2 7:15a 8.8 4.0 0.00 0.7 17.0 4:30p SW 15 58.7 66.8 6:00p 49.6 3:30a 6.4 0.1 1.03 1.7 21.0 12:45p SSW 16 61.8 70.6 2:15p 53.2 12:00m 4.6 1.4 0.04 0.6 19.0 8:30a SSW 17 61.7 77.0 2:45p 46.8 8:00a 6.3 3.0 0.00 0.3 14.0 1:00p S 18 63.7 74.9 4:45p 56.6 8:45p 3.7 2.5 0.98 0.6 24.0 8:00p S 19 65.5 80.9 2:00p 54.8 7:15a 3.7 4.2 0.02 0.0 5.0 5:15p S 20 69.1 84.5 3:15p 55.1 7:45a 2.6 6.7 0.01 0.1 8.0 12:15p NNE 21 70.8 84.7 5:00p 56.0 7:45a 1.4 7.1 0.00 0.1 10.0 4:15p E 22 69.7 86.3 5:00p 53.1 7:45a 2.7 7.4 0.00 0.3 12.0 12:45p W 23 65.2 81.8 3:00p 55.1 5:45a 2.9 3.1 0.18 0.2 21.0 5:00p N 24 59.2 62.6 12:15a 55.1 11:45p 5.8 0.0 0.04 0.5 16.0 4:30a SSW 25 56.5 61.6 5:00p 50.8 6:30a 8.5 0.0 0.01 1.1 13.0 10:30a NNW 26 45.7 52.6 3:00p 33.5 12:00m 19.3 0.0 0.00 3.1 21.0 8:45a N 27 44.0 61.8 5:00p 26.4 7:45a 21.0 0.0 0.00 0.4 11.0 3:45p E 28 64.3 77.2 4:00p 51.1 1:30a 3.4 2.8 0.05 4.4 32.0 3:30p SSW 29 51.0 61.3 4:45p 40.8 7:45a 14.0 0.0 0.00 1.5 14.0 12:30a N 30 53.7 75.3 6:00p 38.2 7:45a 13.3 2.0 0.11 1.3 20.0 5:30p E 31 46.8 59.6 12:15a 43.5 6:15a 18.2 0.0 0.00 1.1 13.0 9:45a N ------------------------------------------------------------------------------------- 53.1 86.3 22 23.0 6 414.8 47.6 3.64 1.7 34.0 7 SSW Max >= 90.0: 0 Max <= 32.0: 0 Min <= 32.0: 9 Min <= 0.0: 0 Max Rain: 1.03 ON 03/15/12 Days of Rain: 11 (>.01 in) 7 (>.1 in) 1 (>1 in) Heat Base: 65.0 Cool Base: 65.0 Method: Integration
 
USA Weather Finder