2024: Jan | Feb | Mar | Apr | May | Jun | Jul | Aug | Sep | Oct | Nov | Dec
2023: Jan | Feb | Mar | Apr | May | Jun | Jul | Aug | Sep | Oct | Nov | Dec
2022: Jan | Feb | Mar | Apr | May | Jun | Jul | Aug | Sep | Oct | Nov | Dec
2021: Jan | Feb | Mar | Apr | May | Jun | Jul | Aug | Sep | Oct | Nov | Dec
2020: Jan | Feb | Mar | Apr | May | Jun | Jul | Aug | Sep | Oct | Nov | Dec
2019: Jan | Feb | Mar | Apr | May | Jun | Jul | Aug | Sep | Oct | Nov | Dec
2018: Jan | Feb | Mar | Apr | May | Jun | Jul | Aug | Sep | Oct | Nov | Dec
2017: Jan | Feb | Mar | Apr | May | Jun | Jul | Aug | Sep | Oct | Nov | Dec
2016: Jan | Feb | Mar | Apr | May | Jun | Jul | Aug | Sep | Oct | Nov | Dec
2015: Jan | Feb | Mar | Apr | May | Jun | Jul | Aug | Sep | Oct | Nov | Dec
2014: Jan | Feb | Mar | Apr | May | Jun | Jul | Aug | Sep | Oct | Nov | Dec
2013: Jan | Feb | Mar | Apr | May | Jun | Jul | Aug | Sep | Oct | Nov | Dec
2012: Jan | Feb | Mar | Apr | May | Jun | Jul | Aug | Sep | Oct | Nov | Dec
2011: Jan | Feb | Mar | Apr | May | Jun | Jul | Aug | Sep | Oct | Nov | Dec
2010: Jan | Feb | Mar | Apr | May | Jun | Jul | Aug | Sep | Oct | Nov | Dec
2009: Jan | Feb | Mar | Apr | May | Jun | Jul | Aug | Sep | Oct | Nov | Dec
2008: Jan | Feb | Mar | Apr | May | Jun | Jul | Aug | Sep | Oct | Nov | Dec
2007: Jan | Feb | Mar | Apr | May | Jun | Jul | Aug | Sep | Oct | Nov | Dec
2006: Jan | Feb | Mar | Apr | May | Jun | Jul | Aug | Sep | Oct | Nov | Dec
2005: Jan | Feb | Mar | Apr | May | Jun | Jul | Aug | Sep | Oct | Nov | Dec
2004: Jan | Feb | Mar | Apr | May | Jun | Jul | Aug | Sep | Oct | Nov | Dec
2003: Jan | Feb | Mar | Apr | May | Jun | Jul | Aug | Sep | Oct | Nov | Dec
Report for 2012 04
MONTHLY CLIMATOLOGICAL SUMMARY for APR. 2012
NAME: Station1 CITY: Lancaster STATE: Ohio
ELEV: 958 ft LAT: 39° 45' 15" N LONG: 82° 34' 05" W
TEMPERATURE (°F), RAIN (in), WIND SPEED (mph)
HEAT COOL AVG
MEAN DEG DEG WIND DOM
DAY TEMP HIGH TIME LOW TIME DAYS DAYS RAIN SPEED HIGH TIME DIR
------------------------------------------------------------------------------------
1 55.8 72.5 4:45p 40.2 7:45a 10.6 1.4 0.00 1.6 19.0 2:45p SW
2 51.6 65.5 5:45p 40.3 7:15a 13.4 0.0 0.00 1.2 14.0 2:00a NNE
3 52.1 65.0 7:00p 38.5 4:45a 12.9 0.0 0.07 0.2 14.0 1:45p E
4 54.1 67.8 5:00p 42.6 12:00m 11.0 0.1 0.02 1.2 29.0 8:00a NNE
5 45.2 58.1 4:45p 36.6 6:45a 19.8 0.0 0.00 2.5 21.0 9:45p N
6 45.5 60.5 4:45p 33.4 7:00a 19.5 0.0 0.00 2.4 19.0 5:15p N
7 46.2 65.6 5:45p 25.4 7:15a 18.8 0.0 0.00 0.1 12.0 4:15p NNE
8 52.3 65.0 3:30p 37.8 12:45a 12.7 0.0 0.01 1.9 22.0 5:00p WNW
9 50.6 64.3 4:45p 37.0 7:15a 14.4 0.0 0.00 0.8 24.0 7:00p WNW
10 43.1 50.4 2:30p 36.6 11:00p 21.9 0.0 0.00 2.5 26.0 1:00p NNW
11 38.6 49.4 4:00p 29.4 7:00a 26.4 0.0 0.00 1.4 19.0 5:00p N
12 44.7 61.3 5:15p 26.1 7:15a 20.3 0.0 0.00 0.5 14.0 1:15p N
13 52.7 69.1 4:00p 33.8 6:45a 12.7 0.4 0.00 0.2 11.0 11:00a ENE
14 50.3 57.2 1:15p 38.6 3:45a 14.7 0.0 0.48 0.4 18.0 5:45p S
15 67.9 80.1 3:30p 54.8 12:15a 2.5 5.4 0.00 4.1 36.0 1:00p SSW
16 68.9 78.1 3:30p 54.7 12:00m 1.0 4.9 0.00 4.5 36.0 12:45p SSW
17 54.3 65.3 3:15p 42.6 7:00a 10.7 0.0 0.00 0.1 10.0 3:45p N
18 55.5 70.1 5:30p 43.8 7:15a 10.0 0.5 0.00 0.1 8.0 10:30a ENE
19 58.1 75.8 4:30p 41.8 5:30a 9.3 2.5 0.00 0.1 13.0 5:15p SSW
20 63.0 77.6 2:45p 45.8 6:00a 6.2 4.2 0.00 1.8 25.0 1:00p SSW
21 46.6 62.3 12:15a 40.6 11:30p 18.4 0.0 0.41 1.3 12.0 4:30a N
22 42.8 49.8 3:15p 40.3 12:45a 22.2 0.0 0.00 2.5 22.0 6:00p N
23 47.2 56.7 4:45p 38.5 6:45a 17.8 0.0 0.00 5.7 31.0 12:45p NNW
24 49.2 63.1 4:45p 34.9 6:30a 15.8 0.0 0.00 2.2 26.0 1:15p W
25 50.3 64.8 1:45p 33.7 7:00a 14.7 0.0 0.05 0.3 13.0 1:30p SSW
26 55.7 62.3 3:30p 50.2 12:15a 9.3 0.0 0.82 1.6 17.0 4:30a N
27 47.6 58.0 5:15p 35.6 7:15a 17.4 0.0 0.00 1.0 16.0 1:45a NNW
28 45.1 52.3 12:00p 41.6 6:30a 19.9 0.0 0.11 0.9 22.0 12:45p ENE
29 56.2 71.1 4:45p 41.5 6:45a 9.8 0.9 0.00 0.5 12.0 1:45a ENE
30 67.7 83.6 3:30p 51.3 4:30a 4.4 7.1 0.30 1.3 21.0 3:30p SSW
-------------------------------------------------------------------------------------
52.0 83.6 30 25.4 7 418.5 27.4 2.27 1.5 36.0 15 N
Max >= 90.0: 0
Max <= 32.0: 0
Min <= 32.0: 3
Min <= 0.0: 0
Max Rain: 0.82 ON 04/26/12
Days of Rain: 8 (>.01 in) 5 (>.1 in) 0 (>1 in)
Heat Base: 65.0 Cool Base: 65.0 Method: Integration
|