2024: Jan | Feb | Mar | Apr | May | Jun | Jul | Aug | Sep | Oct | Nov | Dec
2023: Jan | Feb | Mar | Apr | May | Jun | Jul | Aug | Sep | Oct | Nov | Dec
2022: Jan | Feb | Mar | Apr | May | Jun | Jul | Aug | Sep | Oct | Nov | Dec
2021: Jan | Feb | Mar | Apr | May | Jun | Jul | Aug | Sep | Oct | Nov | Dec
2020: Jan | Feb | Mar | Apr | May | Jun | Jul | Aug | Sep | Oct | Nov | Dec
2019: Jan | Feb | Mar | Apr | May | Jun | Jul | Aug | Sep | Oct | Nov | Dec
2018: Jan | Feb | Mar | Apr | May | Jun | Jul | Aug | Sep | Oct | Nov | Dec
2017: Jan | Feb | Mar | Apr | May | Jun | Jul | Aug | Sep | Oct | Nov | Dec
2016: Jan | Feb | Mar | Apr | May | Jun | Jul | Aug | Sep | Oct | Nov | Dec
2015: Jan | Feb | Mar | Apr | May | Jun | Jul | Aug | Sep | Oct | Nov | Dec
2014: Jan | Feb | Mar | Apr | May | Jun | Jul | Aug | Sep | Oct | Nov | Dec
2013: Jan | Feb | Mar | Apr | May | Jun | Jul | Aug | Sep | Oct | Nov | Dec
2012: Jan | Feb | Mar | Apr | May | Jun | Jul | Aug | Sep | Oct | Nov | Dec
2011: Jan | Feb | Mar | Apr | May | Jun | Jul | Aug | Sep | Oct | Nov | Dec
2010: Jan | Feb | Mar | Apr | May | Jun | Jul | Aug | Sep | Oct | Nov | Dec
2009: Jan | Feb | Mar | Apr | May | Jun | Jul | Aug | Sep | Oct | Nov | Dec
2008: Jan | Feb | Mar | Apr | May | Jun | Jul | Aug | Sep | Oct | Nov | Dec
2007: Jan | Feb | Mar | Apr | May | Jun | Jul | Aug | Sep | Oct | Nov | Dec
2006: Jan | Feb | Mar | Apr | May | Jun | Jul | Aug | Sep | Oct | Nov | Dec
2005: Jan | Feb | Mar | Apr | May | Jun | Jul | Aug | Sep | Oct | Nov | Dec
2004: Jan | Feb | Mar | Apr | May | Jun | Jul | Aug | Sep | Oct | Nov | Dec
2003: Jan | Feb | Mar | Apr | May | Jun | Jul | Aug | Sep | Oct | Nov | Dec
Report for 2012 05
MONTHLY CLIMATOLOGICAL SUMMARY for MAY. 2012
NAME: Station1 CITY: Lancaster STATE: Ohio
ELEV: 958 ft LAT: 39° 45' 15" N LONG: 82° 34' 05" W
TEMPERATURE (°F), RAIN (in), WIND SPEED (mph)
HEAT COOL AVG
MEAN DEG DEG WIND DOM
DAY TEMP HIGH TIME LOW TIME DAYS DAYS RAIN SPEED HIGH TIME DIR
------------------------------------------------------------------------------------
1 67.5 77.0 5:15p 61.8 7:00a 1.1 3.7 0.65 0.6 31.0 11:45p WSW
2 71.9 86.3 5:15p 60.5 4:00a 1.4 8.3 0.13 1.4 24.0 2:00p SW
3 76.1 88.6 3:15p 62.1 6:30a 0.4 11.5 0.00 0.4 17.0 7:00p SW
4 70.4 82.4 4:45p 61.2 6:15a 0.5 5.9 0.56 0.2 19.0 7:30p SSW
5 69.4 82.2 4:45p 62.9 7:00a 0.4 4.8 0.00 0.2 12.0 9:15p NNE
6 68.7 84.0 4:30p 53.1 7:00a 2.8 6.4 0.00 0.1 10.0 12:45a NNE
7 68.4 84.5 2:00p 57.5 6:45a 1.6 5.0 1.08 0.4 17.0 3:00p SSW
8 65.5 73.2 4:00p 60.5 9:45p 1.4 1.9 0.34 0.3 13.0 3:00p WSW
9 61.9 70.4 11:30a 55.3 11:00p 4.2 1.2 0.00 1.0 27.0 2:30p WSW
10 55.4 66.3 5:00p 44.3 12:00m 9.6 0.0 0.00 1.3 17.0 2:30p N
11 56.9 74.4 4:00p 38.0 6:30a 10.3 2.2 0.00 0.1 13.0 2:30p WSW
12 59.5 73.9 2:45p 43.8 6:00a 7.9 2.4 0.00 0.0 8.0 2:15p SSW
13 57.4 58.7 5:00p 56.3 9:30a 7.6 0.0 0.31 0.0 7.0 8:00a ENE
14 61.0 71.3 5:00p 55.6 12:00m 4.9 1.0 0.00 0.1 11.0 12:15p NNE
15 65.9 80.9 4:15p 49.1 6:30a 4.7 5.6 0.00 0.0 12.0 7:45p WSW
16 67.7 82.0 3:00p 53.9 12:00m 2.3 5.0 0.00 1.3 19.0 1:00p NNE
17 57.4 72.7 5:45p 41.1 6:30a 8.9 1.4 0.00 0.8 16.0 10:30a NNE
18 62.7 81.4 3:45p 41.5 6:30a 7.6 5.3 0.00 0.0 8.0 2:30p ENE
19 69.2 84.7 5:30p 50.7 6:30a 4.0 8.2 0.00 0.0 6.0 2:15p ENE
20 71.0 88.0 4:30p 53.8 6:30a 2.8 8.8 0.00 0.0 8.0 2:30p ENE
21 72.7 89.3 2:45p 57.5 6:45a 1.8 9.5 0.00 0.3 17.0 8:30p NNW
22 65.8 71.5 6:00p 59.6 12:00m 1.3 2.0 0.00 0.6 13.0 4:30a NNW
23 67.4 80.9 4:45p 53.6 6:15a 3.2 5.6 0.00 0.1 10.0 12:00p NNE
24 71.3 83.2 3:30p 57.3 6:45a 1.6 7.9 0.00 0.1 16.0 4:15p SSW
25 75.9 88.6 2:15p 62.4 3:30a 0.4 11.3 0.00 0.5 18.0 3:45p SSW
26 79.7 92.3 4:00p 66.8 6:45a 0.0 14.7 0.00 0.0 10.0 5:45p SSW
27 80.1 92.3 2:45p 67.1 6:30a 0.0 15.1 0.00 0.2 12.0 11:15a SSW
28 80.6 91.6 2:00p 68.8 5:30a 0.0 15.6 0.00 0.3 16.0 3:15p SSW
29 76.5 84.7 2:30p 68.1 12:00m 0.0 11.5 0.06 0.5 19.0 9:45a WSW
30 72.2 84.7 2:30p 59.8 12:00m 1.1 8.3 0.00 0.5 19.0 4:00p WSW
31 67.9 81.4 4:00p 50.2 6:30a 3.9 6.8 0.00 0.0 12.0 2:15p ENE
-------------------------------------------------------------------------------------
68.2 92.3 26 38.0 11 97.7 196.9 3.13 0.4 31.0 1 SSW
Max >= 90.0: 3
Max <= 32.0: 0
Min <= 32.0: 0
Min <= 0.0: 0
Max Rain: 1.08 ON 05/07/12
Days of Rain: 7 (>.01 in) 6 (>.1 in) 1 (>1 in)
Heat Base: 65.0 Cool Base: 65.0 Method: Integration
|