Weather Information | Photos of Local Events | Personal Weather Stations Links | Lancaster Links | Site Map

NOAA Report Archive
(Reports Generated by WeatherLink)
2017: Jan | Feb | Mar | Apr | May | Jun | Jul | Aug | Sep | Oct | Nov | Dec 
2016: Jan | Feb | Mar | Apr | May | Jun | Jul | Aug | Sep | Oct | Nov | Dec 
2015: Jan | Feb | Mar | Apr | May | Jun | Jul | Aug | Sep | Oct | Nov | Dec 
2014: Jan | Feb | Mar | Apr | May | Jun | Jul | Aug | Sep | Oct | Nov | Dec 
2013: Jan | Feb | Mar | Apr | May | Jun | Jul | Aug | Sep | Oct | Nov | Dec 
2012: Jan | Feb | Mar | Apr | May | Jun | Jul | Aug | Sep | Oct | Nov | Dec 
2011: Jan | Feb | Mar | Apr | May | Jun | Jul | Aug | Sep | Oct | Nov | Dec 
2010: Jan | Feb | Mar | Apr | May | Jun | Jul | Aug | Sep | Oct | Nov | Dec 
2009: Jan | Feb | Mar | Apr | May | Jun | Jul | Aug | Sep | Oct | Nov | Dec 
2008: Jan | Feb | Mar | Apr | May | Jun | Jul | Aug | Sep | Oct | Nov | Dec 
2007: Jan | Feb | Mar | Apr | May | Jun | Jul | Aug | Sep | Oct | Nov | Dec 
2006: Jan | Feb | Mar | Apr | May | Jun | Jul | Aug | Sep | Oct | Nov | Dec 
2005: Jan | Feb | Mar | Apr | May | Jun | Jul | Aug | Sep | Oct | Nov | Dec 
2004: Jan | Feb | Mar | Apr | May | Jun | Jul | Aug | Sep | Oct | Nov | Dec 
2003: Jan | Feb | Mar | Apr | May | Jun | Jul | Aug | Sep | Oct | Nov | Dec 

Report for 2012 06
MONTHLY CLIMATOLOGICAL SUMMARY for JUN. 2012 NAME: Station1 CITY: Lancaster STATE: Ohio ELEV: 958 ft LAT: 39 45' 15" N LONG: 82 34' 05" W TEMPERATURE (F), RAIN (in), WIND SPEED (mph) HEAT COOL AVG MEAN DEG DEG WIND DOM DAY TEMP HIGH TIME LOW TIME DAYS DAYS RAIN SPEED HIGH TIME DIR ------------------------------------------------------------------------------------ 1 61.5 72.0 12:30a 54.8 11:45p 4.0 0.5 0.22 1.8 26.0 5:15p WSW 2 60.9 71.8 4:30p 49.6 3:00a 5.4 1.3 0.00 2.4 24.0 4:00p SW 3 66.4 79.4 4:15p 50.8 6:30a 3.5 4.9 0.00 0.6 18.0 1:45p WSW 4 66.9 78.8 2:00p 52.8 6:30a 3.0 4.9 0.00 1.2 19.0 2:45p N 5 59.0 69.4 12:15p 48.8 6:30a 6.3 0.3 0.02 0.2 13.0 1:15p NNE 6 63.4 78.1 4:45p 49.8 5:45a 5.4 3.8 0.00 0.3 12.0 11:30a NNE 7 66.3 83.8 4:15p 47.9 6:30a 5.3 6.5 0.00 0.2 12.0 12:45p NNW 8 69.7 87.4 5:15p 49.8 6:00a 4.4 9.0 0.00 0.1 14.0 12:30p WSW 9 71.8 89.0 4:00p 52.9 6:30a 3.3 10.1 0.00 0.3 16.0 5:15p SSW 10 74.1 89.5 3:15p 55.9 6:00a 2.0 11.1 0.00 0.0 14.0 1:45p S 11 71.0 76.5 6:00p 66.9 6:00a 0.0 6.0 0.06 0.0 11.0 3:30p S 12 76.1 87.6 3:30p 68.3 12:00m 0.0 11.1 0.00 0.5 16.0 2:00p WSW 13 69.0 82.2 4:45p 58.3 6:45a 1.6 5.6 0.00 0.5 13.0 12:15p NNE 14 67.4 84.9 4:15p 47.4 6:15a 4.9 7.3 0.00 0.2 12.0 3:15p ENE 15 72.4 86.5 2:30p 55.1 4:30a 2.3 9.7 0.00 0.0 13.0 9:30a S 16 73.8 87.8 2:30p 58.3 6:15a 1.1 9.9 0.00 0.0 12.0 9:45a S 17 71.6 83.8 3:30p 65.2 4:45a 0.0 6.6 0.15 0.7 24.0 11:45a SSW 18 76.4 87.6 4:45p 67.6 6:45a 0.0 11.4 0.01 0.7 17.0 2:00p SSW 19 80.1 92.1 4:30p 66.8 4:30a 0.0 15.1 0.00 0.8 19.0 3:00p SSW 20 81.2 95.1 3:15p 64.8 6:30a 0.0 16.2 0.00 0.2 13.0 4:15p SSW 21 81.7 93.2 2:30p 68.1 6:30a 0.0 16.7 0.00 0.7 21.0 3:00p SW 22 76.5 89.3 3:30p 65.5 12:00m 0.0 11.5 0.01 0.5 14.0 12:15a NNW 23 75.0 89.7 4:45p 59.2 5:15a 1.2 11.2 0.00 0.1 11.0 3:00p NNE 24 77.1 91.2 5:45p 62.6 6:00a 0.3 12.4 0.00 0.0 8.0 5:15p SSW 25 72.4 82.2 3:00p 58.4 12:00m 0.4 7.8 0.00 2.1 22.0 4:00p N 26 66.2 82.8 4:45p 48.2 6:00a 4.9 6.2 0.00 0.7 16.0 2:30p NNE 27 71.2 89.0 5:00p 49.6 6:15a 4.1 10.3 0.00 0.1 12.0 2:45p WSW 28 80.8 100.2 5:15p 57.0 5:15a 1.8 17.5 0.00 1.4 19.0 6:45p SW 29 82.7 101.0 3:45p 66.4 12:00m 0.0 17.7 0.77 0.8 40.0 5:45p SW 30 77.7 92.9 4:15p 63.1 6:15a 0.2 12.9 0.00 0.3 20.0 7:45a WSW ------------------------------------------------------------------------------------- 72.0 101.0 29 47.4 14 65.4 275.5 1.24 0.6 40.0 29 SW Max >= 90.0: 7 Max <= 32.0: 0 Min <= 32.0: 0 Min <= 0.0: 0 Max Rain: 0.77 ON 06/29/12 Days of Rain: 5 (>.01 in) 3 (>.1 in) 0 (>1 in) Heat Base: 65.0 Cool Base: 65.0 Method: Integration
 
USA Weather Finder