2024: Jan | Feb | Mar | Apr | May | Jun | Jul | Aug | Sep | Oct | Nov | Dec
2023: Jan | Feb | Mar | Apr | May | Jun | Jul | Aug | Sep | Oct | Nov | Dec
2022: Jan | Feb | Mar | Apr | May | Jun | Jul | Aug | Sep | Oct | Nov | Dec
2021: Jan | Feb | Mar | Apr | May | Jun | Jul | Aug | Sep | Oct | Nov | Dec
2020: Jan | Feb | Mar | Apr | May | Jun | Jul | Aug | Sep | Oct | Nov | Dec
2019: Jan | Feb | Mar | Apr | May | Jun | Jul | Aug | Sep | Oct | Nov | Dec
2018: Jan | Feb | Mar | Apr | May | Jun | Jul | Aug | Sep | Oct | Nov | Dec
2017: Jan | Feb | Mar | Apr | May | Jun | Jul | Aug | Sep | Oct | Nov | Dec
2016: Jan | Feb | Mar | Apr | May | Jun | Jul | Aug | Sep | Oct | Nov | Dec
2015: Jan | Feb | Mar | Apr | May | Jun | Jul | Aug | Sep | Oct | Nov | Dec
2014: Jan | Feb | Mar | Apr | May | Jun | Jul | Aug | Sep | Oct | Nov | Dec
2013: Jan | Feb | Mar | Apr | May | Jun | Jul | Aug | Sep | Oct | Nov | Dec
2012: Jan | Feb | Mar | Apr | May | Jun | Jul | Aug | Sep | Oct | Nov | Dec
2011: Jan | Feb | Mar | Apr | May | Jun | Jul | Aug | Sep | Oct | Nov | Dec
2010: Jan | Feb | Mar | Apr | May | Jun | Jul | Aug | Sep | Oct | Nov | Dec
2009: Jan | Feb | Mar | Apr | May | Jun | Jul | Aug | Sep | Oct | Nov | Dec
2008: Jan | Feb | Mar | Apr | May | Jun | Jul | Aug | Sep | Oct | Nov | Dec
2007: Jan | Feb | Mar | Apr | May | Jun | Jul | Aug | Sep | Oct | Nov | Dec
2006: Jan | Feb | Mar | Apr | May | Jun | Jul | Aug | Sep | Oct | Nov | Dec
2005: Jan | Feb | Mar | Apr | May | Jun | Jul | Aug | Sep | Oct | Nov | Dec
2004: Jan | Feb | Mar | Apr | May | Jun | Jul | Aug | Sep | Oct | Nov | Dec
2003: Jan | Feb | Mar | Apr | May | Jun | Jul | Aug | Sep | Oct | Nov | Dec
Report for 2012 08
MONTHLY CLIMATOLOGICAL SUMMARY for AUG. 2012
NAME: Station1 CITY: Lancaster STATE: Ohio
ELEV: 958 ft LAT: 39° 45' 15" N LONG: 82° 34' 05" W
TEMPERATURE (°F), RAIN (in), WIND SPEED (mph)
HEAT COOL AVG
MEAN DEG DEG WIND DOM
DAY TEMP HIGH TIME LOW TIME DAYS DAYS RAIN SPEED HIGH TIME DIR
------------------------------------------------------------------------------------
1 79.1 94.3 4:45p 67.1 6:00a 0.0 14.1 0.00 0.3 12.0 1:15p N
2 78.9 94.9 4:30p 61.2 7:00a 0.4 14.3 0.00 0.1 10.0 1:30p NNE
3 79.0 94.9 3:45p 65.5 6:15a 0.0 14.0 0.00 0.1 13.0 2:15p S
4 79.9 92.9 4:30p 69.9 6:30a 0.0 14.9 0.15 0.5 18.0 6:00p SSW
5 77.4 85.1 2:15p 71.1 12:00m 0.0 12.4 1.02 0.7 19.0 9:30a SSW
6 74.5 89.0 4:30p 59.8 7:00a 0.5 10.0 0.00 0.0 6.0 12:00p NE
7 74.8 91.2 4:30p 56.9 6:45a 1.6 11.4 0.00 0.2 12.0 1:45p NNW
8 75.7 94.5 4:45p 62.3 6:30a 0.3 11.0 0.03 0.3 17.0 5:00p SSW
9 73.3 90.3 3:45p 66.3 4:15a 0.0 8.3 0.15 0.4 19.0 9:15a N
10 69.3 80.3 2:30p 60.4 12:00m 0.4 4.7 0.15 1.3 19.0 4:30p WSW
11 64.4 72.0 4:15p 59.0 7:15a 2.3 1.7 0.03 0.9 18.0 12:30p SW
12 69.3 82.6 5:00p 56.7 6:45a 1.5 5.8 0.02 0.3 12.0 11:15a SSW
13 71.2 84.0 4:00p 61.5 12:30a 1.0 7.3 0.00 0.2 12.0 2:15p SSW
14 70.2 81.6 4:30p 62.0 2:45a 0.6 5.8 0.12 0.4 14.0 3:45p SW
15 72.5 85.1 4:30p 62.3 7:00a 0.3 7.9 0.00 0.3 11.0 12:45p NNW
16 74.0 88.2 2:30p 58.3 7:00a 1.5 10.5 0.00 1.6 20.0 1:45p SW
17 73.2 83.0 3:30p 63.7 12:00m 0.0 8.2 0.02 0.4 12.0 12:15a NNW
18 66.9 83.6 4:00p 52.3 6:45a 3.6 5.6 0.00 0.1 11.0 1:15p NE
19 69.9 85.9 2:30p 58.0 7:00a 2.0 7.0 0.00 0.5 17.0 8:15p NNE
20 67.4 82.2 5:45p 52.2 7:00a 3.5 5.9 0.00 0.2 11.0 3:15p N
21 66.1 81.6 3:45p 51.4 7:00a 4.1 5.2 0.02 0.2 12.0 2:45p NNW
22 69.4 86.7 4:00p 52.5 7:00a 3.5 7.9 0.00 0.0 13.0 3:30p SSW
23 71.6 88.6 4:15p 53.9 7:15a 2.8 9.5 0.00 0.1 12.0 3:00p SSW
24 73.5 91.6 3:45p 55.9 6:45a 2.2 10.7 0.00 0.1 11.0 2:00p ENE
25 75.0 91.4 2:15p 59.6 5:45a 1.0 11.1 0.00 0.0 11.0 4:30p E
26 75.6 92.7 3:45p 60.1 7:15a 0.5 11.2 0.00 0.0 8.0 1:00p E
27 73.9 87.2 12:15p 62.6 6:30a 0.4 9.2 0.00 0.9 22.0 1:30p SSW
28 73.1 88.2 4:45p 62.6 7:00a 0.3 8.4 0.00 0.2 14.0 4:30p NNE
29 69.0 84.7 3:00p 53.5 7:00a 3.0 7.0 0.00 0.4 12.0 2:15p NNE
30 70.5 88.6 5:00p 51.7 7:15a 3.4 8.9 0.00 0.1 11.0 3:00p S
31 74.7 95.4 4:00p 56.6 6:30a 2.4 12.0 0.21 1.0 24.0 5:45p SW
-------------------------------------------------------------------------------------
72.7 95.4 31 51.4 21 43.1 281.9 1.92 0.4 24.0 31 SSW
Max >= 90.0: 11
Max <= 32.0: 0
Min <= 32.0: 0
Min <= 0.0: 0
Max Rain: 1.02 ON 08/05/12
Days of Rain: 11 (>.01 in) 6 (>.1 in) 1 (>1 in)
Heat Base: 65.0 Cool Base: 65.0 Method: Integration
|