Weather Information | Photos of Local Events | Personal Weather Stations Links | Lancaster Links | Site Map

NOAA Report Archive
(Reports Generated by WeatherLink)
2017: Jan | Feb | Mar | Apr | May | Jun | Jul | Aug | Sep | Oct | Nov | Dec 
2016: Jan | Feb | Mar | Apr | May | Jun | Jul | Aug | Sep | Oct | Nov | Dec 
2015: Jan | Feb | Mar | Apr | May | Jun | Jul | Aug | Sep | Oct | Nov | Dec 
2014: Jan | Feb | Mar | Apr | May | Jun | Jul | Aug | Sep | Oct | Nov | Dec 
2013: Jan | Feb | Mar | Apr | May | Jun | Jul | Aug | Sep | Oct | Nov | Dec 
2012: Jan | Feb | Mar | Apr | May | Jun | Jul | Aug | Sep | Oct | Nov | Dec 
2011: Jan | Feb | Mar | Apr | May | Jun | Jul | Aug | Sep | Oct | Nov | Dec 
2010: Jan | Feb | Mar | Apr | May | Jun | Jul | Aug | Sep | Oct | Nov | Dec 
2009: Jan | Feb | Mar | Apr | May | Jun | Jul | Aug | Sep | Oct | Nov | Dec 
2008: Jan | Feb | Mar | Apr | May | Jun | Jul | Aug | Sep | Oct | Nov | Dec 
2007: Jan | Feb | Mar | Apr | May | Jun | Jul | Aug | Sep | Oct | Nov | Dec 
2006: Jan | Feb | Mar | Apr | May | Jun | Jul | Aug | Sep | Oct | Nov | Dec 
2005: Jan | Feb | Mar | Apr | May | Jun | Jul | Aug | Sep | Oct | Nov | Dec 
2004: Jan | Feb | Mar | Apr | May | Jun | Jul | Aug | Sep | Oct | Nov | Dec 
2003: Jan | Feb | Mar | Apr | May | Jun | Jul | Aug | Sep | Oct | Nov | Dec 

Report for 2012 09
MONTHLY CLIMATOLOGICAL SUMMARY for SEP. 2012 NAME: Station1 CITY: Lancaster STATE: Ohio ELEV: 958 ft LAT: 39 45' 15" N LONG: 82 34' 05" W TEMPERATURE (F), RAIN (in), WIND SPEED (mph) HEAT COOL AVG MEAN DEG DEG WIND DOM DAY TEMP HIGH TIME LOW TIME DAYS DAYS RAIN SPEED HIGH TIME DIR ------------------------------------------------------------------------------------ 1 75.7 84.5 2:30p 72.3 11:00p 0.0 10.7 0.41 0.1 11.0 7:30a S 2 75.2 79.9 4:45p 70.6 5:30a 0.0 10.2 0.48 0.0 8.0 10:00a ENE 3 73.7 79.2 5:30p 69.4 4:45a 0.0 8.7 0.92 0.0 16.0 1:45a ENE 4 75.6 85.9 4:15p 71.3 12:00m 0.0 10.6 0.45 0.3 16.0 4:00p SSW 5 75.0 85.7 5:00p 66.9 5:00a 0.0 10.0 0.00 0.0 8.0 6:15a NNE 6 77.6 89.9 4:15p 65.6 7:45a 0.0 12.6 0.00 0.8 18.0 5:00p WSW 7 77.0 87.8 2:00p 66.8 6:45a 0.0 12.0 0.00 0.5 13.0 11:30a SSW 8 65.6 76.3 2:45a 56.0 10:30p 2.1 2.7 0.61 0.8 31.0 2:45a NNW 9 62.4 74.7 12:45p 50.4 7:30a 5.0 2.3 0.00 0.1 8.0 1:00p N 10 61.3 76.0 4:00p 48.2 7:30a 6.6 2.9 0.00 0.3 11.0 1:45p NNE 11 61.3 78.1 4:30p 45.8 7:30a 7.5 3.8 0.00 0.1 11.0 1:45p S 12 66.1 84.9 4:30p 48.8 6:45a 5.6 6.8 0.00 0.2 12.0 3:00p SSW 13 69.5 84.1 2:15p 56.3 7:45a 2.6 7.1 0.00 0.1 11.0 1:45p S 14 64.0 82.0 1:00p 49.9 12:00m 4.1 3.1 0.00 0.8 19.0 3:00p NNW 15 58.5 76.1 3:00p 45.1 7:30a 9.0 2.5 0.00 0.3 8.0 2:30p N 16 60.2 77.0 5:00p 48.0 7:30a 7.7 2.9 0.00 0.0 7.0 1:00p NE 17 62.8 77.0 1:45p 47.9 7:15a 5.9 3.7 0.00 0.2 11.0 2:45p S 18 63.3 67.3 6:00p 53.6 11:45p 1.9 0.2 0.26 0.6 16.0 4:30p NNW 19 53.8 68.6 4:45p 38.6 7:30a 11.6 0.4 0.00 0.2 10.0 4:00p N 20 58.4 76.8 4:15p 40.5 5:45a 9.4 2.7 0.00 1.0 20.0 11:15a SSW 21 65.4 72.8 3:00p 57.8 7:45a 1.7 2.1 0.00 0.4 16.0 11:45p SW 22 59.6 72.0 3:15p 42.1 12:00m 6.4 1.0 0.03 1.5 29.0 4:45p SW 23 49.9 64.5 4:00p 35.2 7:15a 15.1 0.0 0.00 0.3 13.0 4:30p WSW 24 50.7 67.3 4:15p 33.7 7:45a 14.4 0.2 0.00 0.9 19.0 3:15p SSW 25 53.4 64.7 1:30p 40.2 3:45a 11.6 0.0 0.00 0.4 19.0 1:45p S 26 65.7 74.9 4:15p 58.4 12:15a 1.3 2.0 0.03 2.0 24.0 7:45a SSW 27 62.5 66.6 6:00p 54.7 12:00m 2.7 0.2 0.63 0.3 8.0 6:45p SW 28 57.9 67.3 6:00p 53.5 8:45a 7.2 0.1 0.00 0.1 8.0 1:15p ENE 29 57.9 71.5 3:15p 44.3 7:45a 8.2 1.1 0.00 0.1 10.0 1:45p NNW 30 56.5 72.5 3:15p 42.6 7:15a 10.0 1.5 0.00 0.4 16.0 3:15p N ------------------------------------------------------------------------------------- 63.9 89.9 6 33.7 24 157.6 124.1 3.82 0.4 31.0 8 SSW Max >= 90.0: 0 Max <= 32.0: 0 Min <= 32.0: 0 Min <= 0.0: 0 Max Rain: 0.92 ON 09/03/12 Days of Rain: 9 (>.01 in) 7 (>.1 in) 0 (>1 in) Heat Base: 65.0 Cool Base: 65.0 Method: Integration
 
USA Weather Finder