2024: Jan | Feb | Mar | Apr | May | Jun | Jul | Aug | Sep | Oct | Nov | Dec
2023: Jan | Feb | Mar | Apr | May | Jun | Jul | Aug | Sep | Oct | Nov | Dec
2022: Jan | Feb | Mar | Apr | May | Jun | Jul | Aug | Sep | Oct | Nov | Dec
2021: Jan | Feb | Mar | Apr | May | Jun | Jul | Aug | Sep | Oct | Nov | Dec
2020: Jan | Feb | Mar | Apr | May | Jun | Jul | Aug | Sep | Oct | Nov | Dec
2019: Jan | Feb | Mar | Apr | May | Jun | Jul | Aug | Sep | Oct | Nov | Dec
2018: Jan | Feb | Mar | Apr | May | Jun | Jul | Aug | Sep | Oct | Nov | Dec
2017: Jan | Feb | Mar | Apr | May | Jun | Jul | Aug | Sep | Oct | Nov | Dec
2016: Jan | Feb | Mar | Apr | May | Jun | Jul | Aug | Sep | Oct | Nov | Dec
2015: Jan | Feb | Mar | Apr | May | Jun | Jul | Aug | Sep | Oct | Nov | Dec
2014: Jan | Feb | Mar | Apr | May | Jun | Jul | Aug | Sep | Oct | Nov | Dec
2013: Jan | Feb | Mar | Apr | May | Jun | Jul | Aug | Sep | Oct | Nov | Dec
2012: Jan | Feb | Mar | Apr | May | Jun | Jul | Aug | Sep | Oct | Nov | Dec
2011: Jan | Feb | Mar | Apr | May | Jun | Jul | Aug | Sep | Oct | Nov | Dec
2010: Jan | Feb | Mar | Apr | May | Jun | Jul | Aug | Sep | Oct | Nov | Dec
2009: Jan | Feb | Mar | Apr | May | Jun | Jul | Aug | Sep | Oct | Nov | Dec
2008: Jan | Feb | Mar | Apr | May | Jun | Jul | Aug | Sep | Oct | Nov | Dec
2007: Jan | Feb | Mar | Apr | May | Jun | Jul | Aug | Sep | Oct | Nov | Dec
2006: Jan | Feb | Mar | Apr | May | Jun | Jul | Aug | Sep | Oct | Nov | Dec
2005: Jan | Feb | Mar | Apr | May | Jun | Jul | Aug | Sep | Oct | Nov | Dec
2004: Jan | Feb | Mar | Apr | May | Jun | Jul | Aug | Sep | Oct | Nov | Dec
2003: Jan | Feb | Mar | Apr | May | Jun | Jul | Aug | Sep | Oct | Nov | Dec
Report for 2012 10
MONTHLY CLIMATOLOGICAL SUMMARY for OCT. 2012
NAME: Station1 CITY: Lancaster STATE: Ohio
ELEV: 958 ft LAT: 39° 45' 15" N LONG: 82° 34' 05" W
TEMPERATURE (°F), RAIN (in), WIND SPEED (mph)
HEAT COOL AVG
MEAN DEG DEG WIND DOM
DAY TEMP HIGH TIME LOW TIME DAYS DAYS RAIN SPEED HIGH TIME DIR
------------------------------------------------------------------------------------
1 54.8 63.2 3:30p 44.9 7:00a 10.2 0.0 0.13 0.1 7.0 8:45p ENE
2 65.8 80.1 4:15p 54.4 12:15a 3.4 4.2 0.72 0.1 12.0 7:15p ENE
3 63.6 73.0 4:15p 56.5 12:00m 2.6 1.2 0.00 0.9 18.0 11:30a SSW
4 63.4 77.4 4:30p 50.2 8:00a 4.9 3.3 0.00 1.1 20.0 2:30p SW
5 66.8 76.8 5:00p 50.4 12:00m 2.1 3.8 0.00 1.5 17.0 9:00p SW
6 50.0 60.2 4:15p 41.6 8:00a 15.0 0.0 0.21 0.8 17.0 2:00a N
7 45.6 51.0 4:15p 39.6 12:00m 19.4 0.0 0.00 0.2 11.0 3:15p N
8 42.9 53.5 5:00p 35.5 5:30a 22.1 0.0 0.00 0.1 10.0 3:15p SSW
9 44.1 61.3 4:45p 30.9 5:00a 20.9 0.0 0.00 0.2 13.0 3:00p S
10 47.4 58.1 4:45p 35.0 12:00m 17.6 0.0 0.00 1.0 24.0 2:15p SSW
11 43.0 61.2 4:00p 28.1 7:30a 22.0 0.0 0.00 0.6 14.0 2:00p SSW
12 45.9 60.1 4:30p 36.3 12:00m 19.1 0.0 0.00 0.8 14.0 9:45a NNE
13 52.4 70.8 4:30p 30.9 6:45a 13.6 1.0 0.00 0.7 17.0 3:15p S
14 67.5 77.4 2:30p 60.7 8:00a 1.1 3.6 0.01 3.5 33.0 8:45p SSW
15 53.2 68.4 12:15a 44.2 11:00p 11.9 0.1 0.03 1.1 25.0 1:15a WSW
16 47.8 62.7 4:00p 33.2 8:00a 17.2 0.0 0.00 0.4 11.0 3:00p SSW
17 60.0 75.8 2:45p 45.2 12:15a 7.3 2.3 0.00 0.5 18.0 3:30p S
18 56.2 62.6 12:15a 43.5 10:00p 8.8 0.0 0.13 1.5 26.0 6:30a S
19 50.4 61.8 2:15p 44.3 1:00a 14.6 0.0 0.22 1.6 22.0 4:00p SSW
20 48.8 55.3 4:30p 45.2 6:15a 16.2 0.0 0.03 1.8 18.0 3:30p SSW
21 48.3 63.7 5:00p 33.5 8:15a 16.7 0.0 0.00 0.4 13.0 3:45p SW
22 57.7 78.3 3:15p 39.1 5:00a 10.3 3.0 0.00 0.4 16.0 3:00p SSW
23 68.6 79.8 4:45p 58.3 8:30a 0.8 4.4 0.01 1.4 20.0 11:00a SSW
24 66.9 81.1 4:00p 55.1 12:00m 2.6 4.5 0.04 1.0 14.0 3:45a SSW
25 63.5 82.4 4:00p 47.3 8:15a 6.2 4.7 0.00 0.7 16.0 1:15p SSW
26 54.4 63.7 2:00p 48.9 12:00m 10.6 0.0 0.05 1.4 14.0 6:45p N
27 47.6 49.9 3:00p 45.8 9:45a 17.4 0.0 0.67 2.9 17.0 1:15p N
28 43.4 46.2 12:15a 38.3 12:00m 21.6 0.0 0.67 4.1 21.0 4:15p N
29 38.1 39.6 1:30p 36.2 11:45p 26.9 0.0 0.26 5.9 31.0 5:30p NNW
30 35.9 38.3 10:00p 32.8 7:45a 29.1 0.0 0.18 3.9 31.0 3:45a NW
31 38.9 41.6 4:15p 36.6 2:45a 26.1 0.0 0.10 2.2 17.0 5:15p W
-------------------------------------------------------------------------------------
52.7 82.4 25 28.1 11 418.3 36.1 3.46 1.4 33.0 14 SSW
Max >= 90.0: 0
Max <= 32.0: 0
Min <= 32.0: 3
Min <= 0.0: 0
Max Rain: 0.72 ON 10/02/12
Days of Rain: 14 (>.01 in) 9 (>.1 in) 0 (>1 in)
Heat Base: 65.0 Cool Base: 65.0 Method: Integration
|