Weather Information | Photos of Local Events | Personal Weather Stations Links | Lancaster Links | Site Map

NOAA Report Archive
(Reports Generated by WeatherLink)
2017: Jan | Feb | Mar | Apr | May | Jun | Jul | Aug | Sep | Oct | Nov | Dec 
2016: Jan | Feb | Mar | Apr | May | Jun | Jul | Aug | Sep | Oct | Nov | Dec 
2015: Jan | Feb | Mar | Apr | May | Jun | Jul | Aug | Sep | Oct | Nov | Dec 
2014: Jan | Feb | Mar | Apr | May | Jun | Jul | Aug | Sep | Oct | Nov | Dec 
2013: Jan | Feb | Mar | Apr | May | Jun | Jul | Aug | Sep | Oct | Nov | Dec 
2012: Jan | Feb | Mar | Apr | May | Jun | Jul | Aug | Sep | Oct | Nov | Dec 
2011: Jan | Feb | Mar | Apr | May | Jun | Jul | Aug | Sep | Oct | Nov | Dec 
2010: Jan | Feb | Mar | Apr | May | Jun | Jul | Aug | Sep | Oct | Nov | Dec 
2009: Jan | Feb | Mar | Apr | May | Jun | Jul | Aug | Sep | Oct | Nov | Dec 
2008: Jan | Feb | Mar | Apr | May | Jun | Jul | Aug | Sep | Oct | Nov | Dec 
2007: Jan | Feb | Mar | Apr | May | Jun | Jul | Aug | Sep | Oct | Nov | Dec 
2006: Jan | Feb | Mar | Apr | May | Jun | Jul | Aug | Sep | Oct | Nov | Dec 
2005: Jan | Feb | Mar | Apr | May | Jun | Jul | Aug | Sep | Oct | Nov | Dec 
2004: Jan | Feb | Mar | Apr | May | Jun | Jul | Aug | Sep | Oct | Nov | Dec 
2003: Jan | Feb | Mar | Apr | May | Jun | Jul | Aug | Sep | Oct | Nov | Dec 

Report for 2012 11
MONTHLY CLIMATOLOGICAL SUMMARY for NOV. 2012 NAME: Station1 CITY: Lancaster STATE: Ohio ELEV: 958 ft LAT: 39 45' 15" N LONG: 82 34' 05" W TEMPERATURE (F), RAIN (in), WIND SPEED (mph) HEAT COOL AVG MEAN DEG DEG WIND DOM DAY TEMP HIGH TIME LOW TIME DAYS DAYS RAIN SPEED HIGH TIME DIR ------------------------------------------------------------------------------------ 1 43.1 51.1 4:00p 38.3 12:45a 21.9 0.0 0.03 2.1 19.0 1:45p W 2 41.7 47.0 12:30p 35.5 8:45a 23.3 0.0 0.00 0.9 18.0 12:30p NNW 3 41.9 48.2 2:00p 38.6 2:45a 23.1 0.0 0.00 0.1 8.0 6:30a NNW 4 39.1 45.7 2:30p 28.5 7:15a 25.9 0.0 0.00 0.2 8.0 9:45a N 5 36.9 48.9 2:45p 27.3 5:30a 28.1 0.0 0.00 0.2 10.0 1:30p NNE 6 36.3 49.9 3:00p 25.1 7:30a 28.7 0.0 0.00 0.2 8.0 11:00a NNE 7 41.5 55.3 3:30p 32.7 5:15a 23.5 0.0 0.00 0.6 12.0 2:45p NNE 8 38.2 51.0 2:45p 26.7 7:30a 26.8 0.0 0.00 0.4 11.0 2:00p NNW 9 41.5 59.9 4:00p 25.8 7:15a 23.5 0.0 0.00 0.8 17.0 1:45p SSW 10 55.9 72.8 4:00p 42.8 12:15a 10.4 1.3 0.01 1.5 20.0 3:30p SSW 11 55.9 69.6 1:30p 37.8 7:15a 9.8 0.7 0.00 1.1 27.0 12:00p S 12 49.9 62.0 8:15a 32.2 12:00m 15.1 0.0 0.43 1.8 21.0 9:30a S 13 32.2 42.1 1:45p 24.1 7:45a 32.8 0.0 0.00 0.2 11.0 12:00p W 14 31.4 42.2 2:00p 20.8 7:15a 33.6 0.0 0.00 0.3 12.0 10:15a ENE 15 34.6 49.4 2:45p 21.8 7:15a 30.4 0.0 0.00 0.1 6.0 11:45a N 16 36.7 51.4 3:00p 26.3 4:30a 28.3 0.0 0.00 0.4 10.0 11:15a NNE 17 40.3 57.8 3:00p 26.4 7:15a 24.7 0.0 0.00 0.5 11.0 1:15p ENE 18 41.2 59.8 2:30p 25.6 7:45a 23.8 0.0 0.00 0.2 6.0 12:15p ENE 19 39.5 57.5 2:30p 26.7 6:00a 25.5 0.0 0.00 0.0 3.0 1:30p ENE 20 44.6 57.0 3:15p 34.1 5:45a 20.4 0.0 0.00 0.0 6.0 11:30a SSW 21 46.7 63.2 2:45p 34.7 7:45a 18.3 0.0 0.00 0.0 7.0 3:15p NNE 22 46.3 65.6 2:30p 29.7 7:45a 18.7 0.0 0.00 0.7 14.0 12:45p S 23 44.9 55.7 3:45a 30.6 10:00p 20.1 0.0 0.00 3.7 29.0 3:45p SSW 24 30.8 33.1 1:30p 29.7 8:45a 34.2 0.0 0.00 0.9 14.0 10:00a W 25 35.4 44.8 4:00p 28.7 2:00a 29.6 0.0 0.00 1.3 25.0 11:45a SSW 26 41.0 52.8 3:15p 29.7 8:00a 24.0 0.0 0.00 0.1 11.0 12:00m N 27 35.2 39.3 12:15a 28.1 12:00m 29.8 0.0 0.00 0.4 11.0 8:15a N 28 29.6 43.1 3:00p 18.8 6:00a 35.4 0.0 0.00 0.8 17.0 2:30p W 29 31.8 49.4 3:00p 19.2 7:15a 33.2 0.0 0.00 0.7 14.0 12:45p SSW 30 42.1 57.3 2:30p 28.8 5:00a 22.9 0.0 0.00 1.2 18.0 1:30p SSW ------------------------------------------------------------------------------------- 40.2 72.8 10 18.8 28 745.8 2.0 0.47 0.7 29.0 23 SSW Max >= 90.0: 0 Max <= 32.0: 0 Min <= 32.0: 21 Min <= 0.0: 0 Max Rain: 0.43 ON 11/12/12 Days of Rain: 2 (>.01 in) 1 (>.1 in) 0 (>1 in) Heat Base: 65.0 Cool Base: 65.0 Method: Integration
 
USA Weather Finder