Weather Information | Photos of Local Events | Personal Weather Stations Links | Lancaster Links | Site Map

NOAA Report Archive
(Reports Generated by WeatherLink)
2017: Jan | Feb | Mar | Apr | May | Jun | Jul | Aug | Sep | Oct | Nov | Dec 
2016: Jan | Feb | Mar | Apr | May | Jun | Jul | Aug | Sep | Oct | Nov | Dec 
2015: Jan | Feb | Mar | Apr | May | Jun | Jul | Aug | Sep | Oct | Nov | Dec 
2014: Jan | Feb | Mar | Apr | May | Jun | Jul | Aug | Sep | Oct | Nov | Dec 
2013: Jan | Feb | Mar | Apr | May | Jun | Jul | Aug | Sep | Oct | Nov | Dec 
2012: Jan | Feb | Mar | Apr | May | Jun | Jul | Aug | Sep | Oct | Nov | Dec 
2011: Jan | Feb | Mar | Apr | May | Jun | Jul | Aug | Sep | Oct | Nov | Dec 
2010: Jan | Feb | Mar | Apr | May | Jun | Jul | Aug | Sep | Oct | Nov | Dec 
2009: Jan | Feb | Mar | Apr | May | Jun | Jul | Aug | Sep | Oct | Nov | Dec 
2008: Jan | Feb | Mar | Apr | May | Jun | Jul | Aug | Sep | Oct | Nov | Dec 
2007: Jan | Feb | Mar | Apr | May | Jun | Jul | Aug | Sep | Oct | Nov | Dec 
2006: Jan | Feb | Mar | Apr | May | Jun | Jul | Aug | Sep | Oct | Nov | Dec 
2005: Jan | Feb | Mar | Apr | May | Jun | Jul | Aug | Sep | Oct | Nov | Dec 
2004: Jan | Feb | Mar | Apr | May | Jun | Jul | Aug | Sep | Oct | Nov | Dec 
2003: Jan | Feb | Mar | Apr | May | Jun | Jul | Aug | Sep | Oct | Nov | Dec 

Report for 2012 12
MONTHLY CLIMATOLOGICAL SUMMARY for DEC. 2012 NAME: Station1 CITY: Lancaster STATE: Ohio ELEV: 958 ft LAT: 39 45' 15" N LONG: 82 34' 05" W TEMPERATURE (F), RAIN (in), WIND SPEED (mph) HEAT COOL AVG MEAN DEG DEG WIND DOM DAY TEMP HIGH TIME LOW TIME DAYS DAYS RAIN SPEED HIGH TIME DIR ------------------------------------------------------------------------------------ 1 45.3 60.7 3:00p 31.5 7:00a 19.7 0.0 0.00 0.4 13.0 2:30p S 2 54.3 57.2 11:45p 48.9 1:00a 10.7 0.0 0.26 2.5 19.0 9:30a S 3 58.3 63.7 3:45p 54.7 11:45p 6.7 0.0 0.03 0.4 13.0 12:30p SSW 4 53.6 61.5 5:00p 40.6 12:00m 11.4 0.0 0.46 2.4 22.0 6:00p SSW 5 37.2 44.1 12:30p 26.0 11:00p 27.8 0.0 0.01 0.4 14.0 10:30a NNW 6 35.9 46.8 2:30p 24.1 7:00a 29.1 0.0 0.01 0.0 5.0 9:45a E 7 49.1 51.9 12:45p 42.5 12:15a 15.9 0.0 0.73 0.1 7.0 7:30a SW 8 51.3 54.7 1:00p 43.9 11:45p 13.7 0.0 0.13 0.9 12.0 3:15a SW 9 47.1 58.3 12:00m 40.2 8:00a 17.9 0.0 0.13 0.9 18.0 12:00m S 10 43.8 58.3 12:15a 33.2 7:15p 21.2 0.0 0.34 1.0 26.0 12:15a WNW 11 33.1 35.8 3:45p 27.5 12:00m 31.9 0.0 0.00 0.7 12.0 12:00p WSW 12 30.5 42.8 2:15p 21.4 8:00a 34.5 0.0 0.00 0.0 6.0 2:15p SSW 13 30.1 48.5 3:00p 19.1 8:15a 34.9 0.0 0.00 0.1 8.0 1:15p E 14 34.7 53.3 3:15p 21.4 8:15a 30.3 0.0 0.00 0.6 12.0 1:15p SW 15 40.8 49.6 4:15p 30.6 6:30a 24.2 0.0 0.01 0.3 8.0 1:00p S 16 55.0 59.9 2:15p 49.5 12:15a 10.0 0.0 0.00 1.9 18.0 11:45a SSW 17 48.5 54.4 12:15a 43.3 9:00p 16.5 0.0 0.27 0.3 35.0 5:30p NNW 18 39.8 44.1 12:15a 37.8 10:45p 25.2 0.0 0.00 1.0 18.0 2:00p W 19 41.4 46.1 2:00p 35.6 8:15p 23.6 0.0 0.00 0.9 19.0 1:30a W 20 42.8 48.9 6:00p 33.8 10:30p 22.2 0.0 0.46 3.7 38.0 8:30p SE 21 29.9 35.5 12:15a 27.3 7:45a 35.1 0.0 0.17 6.8 37.0 12:30a W 22 26.9 30.6 12:15a 18.6 12:00m 38.1 0.0 0.00 1.9 20.0 7:00a W 23 27.7 43.3 3:15p 15.4 3:00a 37.3 0.0 0.00 0.4 13.0 11:15a SW 24 31.1 35.3 5:30p 25.6 3:15a 33.9 0.0 0.04 0.1 8.0 10:30p NNE 25 33.5 35.0 2:45p 32.8 1:45a 31.5 0.0 0.00 1.0 14.0 1:15p N 26 32.1 33.5 4:15a 28.4 12:00m 32.9 0.0 0.49 2.2 19.0 6:45a ENE 27 28.3 30.4 4:15p 26.6 4:00a 36.7 0.0 0.00 0.0 0.0 --- --- 28 30.1 34.3 2:15p 27.5 8:30a 34.9 0.0 0.00 0.2 11.0 6:15p E 29 29.4 33.2 12:30p 25.8 12:00m 35.6 0.0 0.27 0.9 18.0 9:45p WNW 30 24.8 28.8 3:45p 20.6 12:00m 40.2 0.0 0.02 1.8 16.0 1:15a WNW 31 27.7 34.1 1:15p 18.0 4:45a 37.3 0.0 0.07 2.6 24.0 10:15a SSW ------------------------------------------------------------------------------------- 38.5 63.7 3 15.4 23 820.9 0.0 3.90 1.2 38.0 20 SSW Max >= 90.0: 0 Max <= 32.0: 3 Min <= 32.0: 18 Min <= 0.0: 0 Max Rain: 0.73 ON 12/07/12 Days of Rain: 15 (>.01 in) 11 (>.1 in) 0 (>1 in) Heat Base: 65.0 Cool Base: 65.0 Method: Integration
 
USA Weather Finder