Weather Information | Photos of Local Events | Personal Weather Stations Links | Lancaster Links | Site Map

NOAA Report Archive
(Reports Generated by WeatherLink)
2017: Jan | Feb | Mar | Apr | May | Jun | Jul | Aug | Sep | Oct | Nov | Dec 
2016: Jan | Feb | Mar | Apr | May | Jun | Jul | Aug | Sep | Oct | Nov | Dec 
2015: Jan | Feb | Mar | Apr | May | Jun | Jul | Aug | Sep | Oct | Nov | Dec 
2014: Jan | Feb | Mar | Apr | May | Jun | Jul | Aug | Sep | Oct | Nov | Dec 
2013: Jan | Feb | Mar | Apr | May | Jun | Jul | Aug | Sep | Oct | Nov | Dec 
2012: Jan | Feb | Mar | Apr | May | Jun | Jul | Aug | Sep | Oct | Nov | Dec 
2011: Jan | Feb | Mar | Apr | May | Jun | Jul | Aug | Sep | Oct | Nov | Dec 
2010: Jan | Feb | Mar | Apr | May | Jun | Jul | Aug | Sep | Oct | Nov | Dec 
2009: Jan | Feb | Mar | Apr | May | Jun | Jul | Aug | Sep | Oct | Nov | Dec 
2008: Jan | Feb | Mar | Apr | May | Jun | Jul | Aug | Sep | Oct | Nov | Dec 
2007: Jan | Feb | Mar | Apr | May | Jun | Jul | Aug | Sep | Oct | Nov | Dec 
2006: Jan | Feb | Mar | Apr | May | Jun | Jul | Aug | Sep | Oct | Nov | Dec 
2005: Jan | Feb | Mar | Apr | May | Jun | Jul | Aug | Sep | Oct | Nov | Dec 
2004: Jan | Feb | Mar | Apr | May | Jun | Jul | Aug | Sep | Oct | Nov | Dec 
2003: Jan | Feb | Mar | Apr | May | Jun | Jul | Aug | Sep | Oct | Nov | Dec 

Report for 2013 01
MONTHLY CLIMATOLOGICAL SUMMARY for JAN. 2013 NAME: Station1 CITY: Lancaster STATE: Ohio ELEV: 958 ft LAT: 39 45' 15" N LONG: 82 34' 05" W TEMPERATURE (F), RAIN (in), WIND SPEED (mph) HEAT COOL AVG MEAN DEG DEG WIND DOM DAY TEMP HIGH TIME LOW TIME DAYS DAYS RAIN SPEED HIGH TIME DIR ------------------------------------------------------------------------------------ 1 29.0 33.4 9:45a 20.0 11:15p 36.0 0.0 0.05 0.5 12.0 12:30a NNW 2 19.5 29.5 2:00p 11.1 8:15a 45.5 0.0 0.00 0.1 7.0 2:00p WSW 3 21.6 32.9 3:15p 6.3 8:00a 43.4 0.0 0.00 1.2 18.0 2:30p W 4 29.7 35.0 3:45p 26.9 8:30a 35.3 0.0 0.00 3.2 24.0 2:30p SW 5 32.0 40.5 1:30p 19.4 8:15a 33.0 0.0 0.00 0.9 17.0 1:15a SSW 6 34.3 38.6 1:30p 27.3 10:45p 30.7 0.0 0.02 2.4 21.0 7:45p SSW 7 30.9 38.9 4:00p 23.8 12:00m 34.1 0.0 0.00 0.2 10.0 12:15a S 8 32.2 48.9 3:45p 19.5 7:15a 32.8 0.0 0.00 0.5 16.0 12:30p SSW 9 41.1 51.7 3:45p 27.6 12:15a 23.9 0.0 0.04 2.3 26.0 1:00p W 10 35.2 41.9 4:00p 25.1 7:15a 29.8 0.0 0.00 0.4 12.0 11:30a E 11 50.4 61.6 3:15p 41.5 12:15a 14.6 0.0 0.25 1.6 24.0 2:45p SE 12 55.6 65.3 1:45p 42.9 1:15a 9.4 0.0 0.02 0.3 16.0 5:15a S 13 58.7 64.2 6:15a 40.1 12:00m 6.3 0.0 0.20 3.2 29.0 6:15a S 14 31.4 40.2 12:15a 26.6 11:30p 33.6 0.0 0.00 0.9 14.0 12:45a N 15 28.4 32.2 3:15p 23.6 6:15a 36.6 0.0 0.00 0.9 12.0 10:00a N 16 32.4 35.6 3:30p 30.4 4:30a 32.6 0.0 0.01 1.2 14.0 6:15p SSW 17 33.6 40.5 4:00p 27.3 12:00m 31.4 0.0 0.00 0.4 18.0 10:15p WSW 18 27.5 36.0 3:00p 14.4 7:30a 37.5 0.0 0.00 2.4 20.0 11:00p SSW 19 45.0 54.5 4:00p 34.9 12:45a 20.0 0.0 0.00 7.8 31.0 9:30a SSW 20 33.6 46.5 12:15a 24.2 10:00p 31.4 0.0 0.00 4.1 30.0 12:45a W 21 20.5 25.6 12:15p 10.2 11:30p 44.5 0.0 0.00 2.9 30.0 4:45p W 22 11.0 17.0 2:45p 6.1 7:30a 54.0 0.0 0.00 1.4 21.0 1:15a W 23 14.8 20.6 2:00p 7.7 7:00a 50.2 0.0 0.01 1.2 17.0 11:30a SW 24 17.1 22.5 2:30p 12.6 7:45a 47.9 0.0 0.01 0.8 20.0 6:00a NNW 25 18.9 23.5 4:00p 15.6 1:45a 46.1 0.0 0.12 0.5 10.0 5:45a E 26 25.6 29.7 12:45p 21.6 12:00m 39.4 0.0 0.00 1.5 17.0 3:00a SW 27 25.0 34.6 5:15p 9.9 7:30a 40.0 0.0 0.07 0.3 11.0 4:00p E 28 44.5 52.9 11:45p 31.3 12:15a 20.5 0.0 0.32 3.9 28.0 2:00p SSW 29 60.1 69.8 4:30p 52.5 8:15a 5.6 0.7 0.02 4.0 27.0 1:15p SSW 30 55.6 64.3 7:30a 34.1 12:00m 9.4 0.0 0.55 5.1 37.0 9:15p S 31 26.6 34.1 12:30a 20.2 12:00m 38.4 0.0 0.06 5.1 40.0 3:15a W ------------------------------------------------------------------------------------- 33.0 69.8 29 6.1 22 993.9 0.7 1.75 2.0 40.0 31 SSW Max >= 90.0: 0 Max <= 32.0: 7 Min <= 32.0: 25 Min <= 0.0: 0 Max Rain: 0.55 ON 01/30/13 Days of Rain: 12 (>.01 in) 5 (>.1 in) 0 (>1 in) Heat Base: 65.0 Cool Base: 65.0 Method: Integration
 
USA Weather Finder