Weather Information | Photos of Local Events | Personal Weather Stations Links | Lancaster Links | Site Map

NOAA Report Archive
(Reports Generated by WeatherLink)
2017: Jan | Feb | Mar | Apr | May | Jun | Jul | Aug | Sep | Oct | Nov | Dec 
2016: Jan | Feb | Mar | Apr | May | Jun | Jul | Aug | Sep | Oct | Nov | Dec 
2015: Jan | Feb | Mar | Apr | May | Jun | Jul | Aug | Sep | Oct | Nov | Dec 
2014: Jan | Feb | Mar | Apr | May | Jun | Jul | Aug | Sep | Oct | Nov | Dec 
2013: Jan | Feb | Mar | Apr | May | Jun | Jul | Aug | Sep | Oct | Nov | Dec 
2012: Jan | Feb | Mar | Apr | May | Jun | Jul | Aug | Sep | Oct | Nov | Dec 
2011: Jan | Feb | Mar | Apr | May | Jun | Jul | Aug | Sep | Oct | Nov | Dec 
2010: Jan | Feb | Mar | Apr | May | Jun | Jul | Aug | Sep | Oct | Nov | Dec 
2009: Jan | Feb | Mar | Apr | May | Jun | Jul | Aug | Sep | Oct | Nov | Dec 
2008: Jan | Feb | Mar | Apr | May | Jun | Jul | Aug | Sep | Oct | Nov | Dec 
2007: Jan | Feb | Mar | Apr | May | Jun | Jul | Aug | Sep | Oct | Nov | Dec 
2006: Jan | Feb | Mar | Apr | May | Jun | Jul | Aug | Sep | Oct | Nov | Dec 
2005: Jan | Feb | Mar | Apr | May | Jun | Jul | Aug | Sep | Oct | Nov | Dec 
2004: Jan | Feb | Mar | Apr | May | Jun | Jul | Aug | Sep | Oct | Nov | Dec 
2003: Jan | Feb | Mar | Apr | May | Jun | Jul | Aug | Sep | Oct | Nov | Dec 

Report for 2013 02
MONTHLY CLIMATOLOGICAL SUMMARY for FEB. 2013 NAME: Station1 CITY: Lancaster STATE: Ohio ELEV: 958 ft LAT: 39 45' 15" N LONG: 82 34' 05" W TEMPERATURE (F), RAIN (in), WIND SPEED (mph) HEAT COOL AVG MEAN DEG DEG WIND DOM DAY TEMP HIGH TIME LOW TIME DAYS DAYS RAIN SPEED HIGH TIME DIR ------------------------------------------------------------------------------------ 1 12.0 20.2 12:15a 7.0 7:15a 53.0 0.0 0.01 2.7 22.0 12:15a SW 2 19.2 26.7 9:30p 6.9 1:30a 45.8 0.0 0.09 0.9 14.0 11:30a S 3 22.5 26.1 12:45a 19.7 6:30p 42.5 0.0 0.03 1.6 19.0 12:45p W 4 23.7 31.9 12:00m 14.4 7:15a 41.3 0.0 0.12 0.3 12.0 12:00p S 5 31.0 33.4 11:15p 28.2 11:00a 34.0 0.0 0.00 0.7 16.0 2:00p WSW 6 30.7 36.0 2:45p 20.5 12:00m 34.3 0.0 0.00 0.4 11.0 1:00a NNE 7 37.5 52.3 4:00p 20.3 12:15a 27.5 0.0 0.00 0.2 8.0 3:15p E 8 34.9 44.1 4:45a 26.4 12:00m 30.1 0.0 0.15 3.4 24.0 12:00p NW 9 29.2 38.8 4:15p 21.0 8:00a 35.8 0.0 0.00 0.4 16.0 12:15a N 10 38.7 50.2 7:45p 26.3 1:30a 26.3 0.0 0.01 0.9 25.0 11:00p S 11 47.2 54.8 11:45a 38.6 9:30p 17.8 0.0 0.00 5.8 37.0 10:00a W 12 37.3 47.3 4:15p 30.6 12:00m 27.7 0.0 0.00 2.2 22.0 1:45a W 13 30.8 36.5 11:00a 27.0 10:45p 34.2 0.0 0.07 0.3 11.0 11:45a NNE 14 35.5 46.8 5:00p 24.7 3:00a 29.5 0.0 0.00 1.6 21.0 12:15p SSW 15 33.2 38.2 12:45p 26.3 12:00m 31.8 0.0 0.09 0.7 12.0 8:45p NNW 16 24.8 32.7 12:15p 17.0 7:30a 40.2 0.0 0.01 1.4 19.0 4:00p WNW 17 18.8 27.2 2:15p 11.4 7:00a 46.2 0.0 0.00 1.2 16.0 2:15p WNW 18 34.9 52.8 4:15p 14.6 1:15a 30.1 0.0 0.00 1.6 21.0 3:30p SE 19 33.1 49.5 12:15a 22.4 12:00m 31.9 0.0 0.27 5.7 44.0 1:00a W 20 21.0 23.6 2:30p 16.9 9:00a 44.0 0.0 0.00 2.7 24.0 12:15a WNW 21 24.3 29.4 3:30p 20.5 5:45a 40.7 0.0 0.00 1.4 12.0 4:45a E 22 34.6 42.8 2:15p 25.7 12:15a 30.4 0.0 0.06 1.5 17.0 2:30p E 23 37.5 45.4 3:45p 28.8 11:45p 27.5 0.0 0.00 1.0 18.0 2:00p W 24 30.3 34.1 3:45p 26.6 3:30a 34.7 0.0 0.00 0.8 13.0 1:45p WNW 25 34.8 46.7 3:45p 21.8 7:15a 30.2 0.0 0.00 1.1 14.0 3:30p ENE 26 38.1 43.2 11:30p 32.8 2:45a 26.9 0.0 0.50 3.3 21.0 11:00a E 27 37.9 43.2 12:15a 32.9 10:30p 27.1 0.0 0.16 4.0 24.0 3:45p SW 28 33.6 36.8 3:45p 31.2 5:45a 31.4 0.0 0.10 2.5 22.0 12:30a SW ------------------------------------------------------------------------------------- 31.0 54.8 11 6.9 2 952.9 0.0 1.67 1.8 44.0 19 W Max >= 90.0: 0 Max <= 32.0: 7 Min <= 32.0: 25 Min <= 0.0: 0 Max Rain: 0.50 ON 02/26/13 Days of Rain: 11 (>.01 in) 5 (>.1 in) 0 (>1 in) Heat Base: 65.0 Cool Base: 65.0 Method: Integration
 
USA Weather Finder