Weather Information | Photos of Local Events | Personal Weather Stations Links | Lancaster Links | Site Map

NOAA Report Archive
(Reports Generated by WeatherLink)
2017: Jan | Feb | Mar | Apr | May | Jun | Jul | Aug | Sep | Oct | Nov | Dec 
2016: Jan | Feb | Mar | Apr | May | Jun | Jul | Aug | Sep | Oct | Nov | Dec 
2015: Jan | Feb | Mar | Apr | May | Jun | Jul | Aug | Sep | Oct | Nov | Dec 
2014: Jan | Feb | Mar | Apr | May | Jun | Jul | Aug | Sep | Oct | Nov | Dec 
2013: Jan | Feb | Mar | Apr | May | Jun | Jul | Aug | Sep | Oct | Nov | Dec 
2012: Jan | Feb | Mar | Apr | May | Jun | Jul | Aug | Sep | Oct | Nov | Dec 
2011: Jan | Feb | Mar | Apr | May | Jun | Jul | Aug | Sep | Oct | Nov | Dec 
2010: Jan | Feb | Mar | Apr | May | Jun | Jul | Aug | Sep | Oct | Nov | Dec 
2009: Jan | Feb | Mar | Apr | May | Jun | Jul | Aug | Sep | Oct | Nov | Dec 
2008: Jan | Feb | Mar | Apr | May | Jun | Jul | Aug | Sep | Oct | Nov | Dec 
2007: Jan | Feb | Mar | Apr | May | Jun | Jul | Aug | Sep | Oct | Nov | Dec 
2006: Jan | Feb | Mar | Apr | May | Jun | Jul | Aug | Sep | Oct | Nov | Dec 
2005: Jan | Feb | Mar | Apr | May | Jun | Jul | Aug | Sep | Oct | Nov | Dec 
2004: Jan | Feb | Mar | Apr | May | Jun | Jul | Aug | Sep | Oct | Nov | Dec 
2003: Jan | Feb | Mar | Apr | May | Jun | Jul | Aug | Sep | Oct | Nov | Dec 

Report for 2013 03
MONTHLY CLIMATOLOGICAL SUMMARY for MAR. 2013 NAME: Station1 CITY: Lancaster STATE: Ohio ELEV: 958 ft LAT: 39 45' 15" N LONG: 82 34' 05" W TEMPERATURE (F), RAIN (in), WIND SPEED (mph) HEAT COOL AVG MEAN DEG DEG WIND DOM DAY TEMP HIGH TIME LOW TIME DAYS DAYS RAIN SPEED HIGH TIME DIR ------------------------------------------------------------------------------------ 1 31.4 33.2 12:15a 27.2 11:30p 33.6 0.0 0.00 1.8 13.0 10:30p N 2 27.2 30.3 2:45p 25.6 5:45a 37.8 0.0 0.00 1.7 13.0 10:15a N 3 25.9 30.3 5:15p 23.6 12:00m 39.1 0.0 0.00 0.7 12.0 2:45p N 4 30.2 41.8 3:45p 16.2 7:00a 34.8 0.0 0.00 0.7 13.0 10:45a W 5 35.5 41.5 6:15p 30.1 7:15a 29.5 0.0 0.38 1.6 18.0 12:15p ENE 6 34.9 40.3 12:00p 32.1 8:15a 30.1 0.0 0.34 0.6 12.0 12:45a WNW 7 35.8 42.5 12:15p 31.8 7:15a 29.2 0.0 0.00 0.8 11.0 12:30p W 8 36.2 47.0 4:15p 27.9 7:00a 28.8 0.0 0.00 0.7 11.0 4:15a N 9 41.2 58.0 4:00p 24.1 7:15a 23.8 0.0 0.00 0.6 12.0 1:00p ESE 10 58.8 72.5 4:45p 45.7 2:00a 7.3 1.3 0.00 0.9 19.0 3:45p S 11 54.3 62.6 12:15a 41.6 12:00m 10.7 0.0 0.51 2.2 29.0 5:30p SSE 12 36.9 41.6 12:15a 33.5 11:00p 28.1 0.0 0.02 1.6 18.0 1:45p SW 13 30.2 33.8 12:15a 27.2 7:45p 34.8 0.0 0.02 1.5 21.0 3:00p WNW 14 32.1 42.6 6:00p 22.2 7:30a 32.9 0.0 0.00 1.4 18.0 6:15p W 15 40.3 51.6 4:45p 27.9 2:15a 24.7 0.0 0.05 1.1 17.0 4:45p SW 16 44.7 59.9 1:00p 33.7 10:45p 20.3 0.0 0.10 1.8 20.0 11:00a NNW 17 34.5 38.0 3:45p 31.8 6:00a 30.5 0.0 0.00 1.1 12.0 11:30p ENE 18 41.2 52.3 7:15p 31.8 3:15a 23.8 0.0 0.62 2.3 24.0 10:30p SE 19 36.9 42.1 12:15a 31.8 11:15a 28.1 0.0 0.00 5.2 34.0 4:45p W 20 32.1 40.1 2:30p 23.3 11:45p 32.9 0.0 0.00 3.8 29.0 1:00p W 21 24.8 31.2 4:15p 18.6 5:30a 40.2 0.0 0.00 1.8 19.0 12:45p W 22 32.0 44.1 5:45p 21.3 7:00a 33.0 0.0 0.00 1.6 17.0 3:30p W 23 36.3 50.5 5:30p 23.2 5:15a 28.7 0.0 0.00 0.8 13.0 12:30p N 24 33.3 37.0 1:15p 30.9 6:00a 31.7 0.0 0.19 2.2 17.0 2:00p ENE 25 33.4 34.7 4:45p 32.2 9:30p 31.6 0.0 0.31 1.7 20.0 6:30a NW 26 35.5 41.5 1:30p 31.2 2:15a 29.5 0.0 0.01 0.9 14.0 12:00m WNW 27 37.4 42.8 3:45p 32.5 4:15a 27.6 0.0 0.00 1.9 18.0 3:30p WNW 28 39.6 50.1 4:15p 29.5 7:15a 25.4 0.0 0.00 1.7 20.0 2:30p W 29 41.7 55.4 3:30p 27.0 8:00a 23.3 0.0 0.00 0.7 18.0 3:00p W 30 44.9 60.2 5:15p 27.8 7:30a 20.1 0.0 0.00 0.1 11.0 4:00p SSW 31 45.9 54.7 6:30p 38.8 2:00a 19.1 0.0 0.03 1.5 19.0 3:15p SW ------------------------------------------------------------------------------------- 36.9 72.5 10 16.2 4 871.0 1.3 2.58 1.5 34.0 19 W Max >= 90.0: 0 Max <= 32.0: 3 Min <= 32.0: 23 Min <= 0.0: 0 Max Rain: 0.62 ON 03/18/13 Days of Rain: 11 (>.01 in) 6 (>.1 in) 0 (>1 in) Heat Base: 65.0 Cool Base: 65.0 Method: Integration
 
USA Weather Finder