Weather Information | Photos of Local Events | Personal Weather Stations Links | Lancaster Links | Site Map

NOAA Report Archive
(Reports Generated by WeatherLink)
2017: Jan | Feb | Mar | Apr | May | Jun | Jul | Aug | Sep | Oct | Nov | Dec 
2016: Jan | Feb | Mar | Apr | May | Jun | Jul | Aug | Sep | Oct | Nov | Dec 
2015: Jan | Feb | Mar | Apr | May | Jun | Jul | Aug | Sep | Oct | Nov | Dec 
2014: Jan | Feb | Mar | Apr | May | Jun | Jul | Aug | Sep | Oct | Nov | Dec 
2013: Jan | Feb | Mar | Apr | May | Jun | Jul | Aug | Sep | Oct | Nov | Dec 
2012: Jan | Feb | Mar | Apr | May | Jun | Jul | Aug | Sep | Oct | Nov | Dec 
2011: Jan | Feb | Mar | Apr | May | Jun | Jul | Aug | Sep | Oct | Nov | Dec 
2010: Jan | Feb | Mar | Apr | May | Jun | Jul | Aug | Sep | Oct | Nov | Dec 
2009: Jan | Feb | Mar | Apr | May | Jun | Jul | Aug | Sep | Oct | Nov | Dec 
2008: Jan | Feb | Mar | Apr | May | Jun | Jul | Aug | Sep | Oct | Nov | Dec 
2007: Jan | Feb | Mar | Apr | May | Jun | Jul | Aug | Sep | Oct | Nov | Dec 
2006: Jan | Feb | Mar | Apr | May | Jun | Jul | Aug | Sep | Oct | Nov | Dec 
2005: Jan | Feb | Mar | Apr | May | Jun | Jul | Aug | Sep | Oct | Nov | Dec 
2004: Jan | Feb | Mar | Apr | May | Jun | Jul | Aug | Sep | Oct | Nov | Dec 
2003: Jan | Feb | Mar | Apr | May | Jun | Jul | Aug | Sep | Oct | Nov | Dec 

Report for 2013 05
MONTHLY CLIMATOLOGICAL SUMMARY for MAY. 2013 NAME: Station1 CITY: Lancaster STATE: Ohio ELEV: 958 ft LAT: 39 45' 15" N LONG: 82 34' 05" W TEMPERATURE (F), RAIN (in), WIND SPEED (mph) HEAT COOL AVG MEAN DEG DEG WIND DOM DAY TEMP HIGH TIME LOW TIME DAYS DAYS RAIN SPEED HIGH TIME DIR ------------------------------------------------------------------------------------ 1 67.3 81.4 5:00p 53.8 6:45a 3.2 5.5 0.00 0.1 10.0 4:15p ENE 2 65.9 76.7 5:30p 54.2 7:00a 2.5 3.4 0.00 0.0 16.0 1:30p E 3 66.1 78.3 5:30p 54.1 7:00a 2.9 4.1 0.00 0.1 17.0 6:30p SSE 4 62.3 71.3 5:00p 54.1 7:15a 4.2 1.5 0.00 0.2 13.0 2:15p E 5 62.8 73.0 4:15p 50.1 5:30a 4.2 2.0 0.00 0.3 14.0 8:30a ENE 6 59.7 66.9 12:45p 56.0 7:15a 5.4 0.2 0.30 0.1 11.0 10:45a ENE 7 60.3 71.5 12:30p 54.1 6:45a 5.3 0.6 0.15 0.2 12.0 2:30p NE 8 63.2 75.6 4:45p 54.4 1:30a 4.1 2.3 0.00 0.3 13.0 7:15p NNE 9 65.9 80.9 4:30p 50.4 5:15a 4.5 5.5 0.00 0.4 12.0 1:30p WSW 10 63.9 74.4 1:00p 59.2 6:45a 2.5 1.4 0.48 1.1 25.0 2:30p SSW 11 55.5 61.5 12:15a 45.1 11:45p 9.5 0.0 0.02 1.3 18.0 10:45p WSW 12 46.3 55.1 4:45p 36.2 6:30a 18.7 0.0 0.00 1.4 19.0 12:45p W 13 46.7 57.5 4:30p 36.5 2:00a 18.3 0.0 0.00 0.4 13.0 2:30p NNW 14 55.9 75.4 6:00p 34.3 3:45a 11.8 2.7 0.00 0.8 25.0 2:00p SSW 15 77.7 88.2 4:15p 64.0 12:15a 0.0 12.7 0.00 4.8 32.0 3:45p SW 16 69.2 75.3 12:15a 62.0 10:45p 0.3 4.5 0.05 0.7 20.0 1:45a SW 17 68.4 81.2 5:15p 59.9 2:30a 1.5 4.9 0.01 0.1 10.0 9:45p ENE 18 68.0 80.5 5:00p 58.9 4:15a 1.7 4.7 0.01 0.0 7.0 1:45p NE 19 70.1 80.9 3:15p 60.1 5:30a 1.1 6.2 0.01 0.0 7.0 11:45a ENE 20 72.9 85.1 6:00p 64.0 5:00a 0.0 7.9 0.08 0.0 13.0 6:15p S 21 76.1 86.7 2:30p 66.8 6:15a 0.0 11.1 0.00 0.7 20.0 4:30p SSW 22 72.4 80.5 3:00p 63.2 6:30a 0.1 7.5 0.02 1.1 22.0 3:45p SSW 23 64.4 74.7 2:30p 48.9 12:00m 2.7 2.1 0.09 2.5 20.0 5:30p SW 24 49.9 59.0 5:30p 41.6 12:00m 15.1 0.0 0.00 3.1 20.0 12:45p N 25 51.0 65.6 3:15p 34.0 6:15a 14.0 0.0 0.00 0.6 13.0 4:30p N 26 55.9 72.5 5:30p 37.5 6:15a 10.4 1.2 0.00 0.2 10.0 10:45a NNW 27 57.0 68.3 5:30p 44.5 1:00a 8.4 0.4 0.03 0.1 12.0 2:00p ENE 28 73.1 83.4 4:45p 61.5 12:15a 0.7 8.7 0.01 2.3 25.0 3:15p SSW 29 76.9 87.2 3:45p 67.4 12:00m 0.0 11.9 0.00 2.2 26.0 11:30a SSW 30 75.9 89.0 3:00p 61.6 6:15a 0.5 11.4 0.00 0.3 14.0 10:15a SSW 31 73.6 89.3 3:45p 60.2 6:15a 0.7 9.3 0.42 1.4 29.0 7:30p SSW ------------------------------------------------------------------------------------- 64.3 89.3 31 34.0 25 154.3 133.7 1.68 0.9 32.0 15 SSW Max >= 90.0: 0 Max <= 32.0: 0 Min <= 32.0: 0 Min <= 0.0: 0 Max Rain: 0.48 ON 05/10/13 Days of Rain: 10 (>.01 in) 4 (>.1 in) 0 (>1 in) Heat Base: 65.0 Cool Base: 65.0 Method: Integration
 
USA Weather Finder