Weather Information | Photos of Local Events | Personal Weather Stations Links | Lancaster Links | Site Map

NOAA Report Archive
(Reports Generated by WeatherLink)
2017: Jan | Feb | Mar | Apr | May | Jun | Jul | Aug | Sep | Oct | Nov | Dec 
2016: Jan | Feb | Mar | Apr | May | Jun | Jul | Aug | Sep | Oct | Nov | Dec 
2015: Jan | Feb | Mar | Apr | May | Jun | Jul | Aug | Sep | Oct | Nov | Dec 
2014: Jan | Feb | Mar | Apr | May | Jun | Jul | Aug | Sep | Oct | Nov | Dec 
2013: Jan | Feb | Mar | Apr | May | Jun | Jul | Aug | Sep | Oct | Nov | Dec 
2012: Jan | Feb | Mar | Apr | May | Jun | Jul | Aug | Sep | Oct | Nov | Dec 
2011: Jan | Feb | Mar | Apr | May | Jun | Jul | Aug | Sep | Oct | Nov | Dec 
2010: Jan | Feb | Mar | Apr | May | Jun | Jul | Aug | Sep | Oct | Nov | Dec 
2009: Jan | Feb | Mar | Apr | May | Jun | Jul | Aug | Sep | Oct | Nov | Dec 
2008: Jan | Feb | Mar | Apr | May | Jun | Jul | Aug | Sep | Oct | Nov | Dec 
2007: Jan | Feb | Mar | Apr | May | Jun | Jul | Aug | Sep | Oct | Nov | Dec 
2006: Jan | Feb | Mar | Apr | May | Jun | Jul | Aug | Sep | Oct | Nov | Dec 
2005: Jan | Feb | Mar | Apr | May | Jun | Jul | Aug | Sep | Oct | Nov | Dec 
2004: Jan | Feb | Mar | Apr | May | Jun | Jul | Aug | Sep | Oct | Nov | Dec 
2003: Jan | Feb | Mar | Apr | May | Jun | Jul | Aug | Sep | Oct | Nov | Dec 

Report for 2013 06
MONTHLY CLIMATOLOGICAL SUMMARY for JUN. 2013 NAME: Station1 CITY: Lancaster STATE: Ohio ELEV: 958 ft LAT: 39 45' 15" N LONG: 82 34' 05" W TEMPERATURE (F), RAIN (in), WIND SPEED (mph) HEAT COOL AVG MEAN DEG DEG WIND DOM DAY TEMP HIGH TIME LOW TIME DAYS DAYS RAIN SPEED HIGH TIME DIR ------------------------------------------------------------------------------------ 1 74.1 84.0 3:15p 65.0 2:45a 0.0 9.1 0.04 1.6 24.0 12:00p SSW 2 72.0 80.5 4:00p 65.3 11:45p 0.0 7.0 0.16 1.8 20.0 3:00a SW 3 63.6 69.8 4:30p 53.9 11:15p 2.2 0.8 0.00 0.9 12.0 4:45p N 4 61.5 77.4 6:00p 41.8 6:15a 6.8 3.3 0.00 0.1 13.0 1:45p NNE 5 68.9 83.6 3:30p 52.8 4:15a 3.4 7.3 0.01 0.0 8.0 1:00p NNE 6 67.8 73.0 6:00p 62.6 12:00m 0.2 2.9 0.65 0.3 12.0 2:15a S 7 61.8 72.8 5:30p 56.5 6:15a 4.0 0.9 0.00 0.8 12.0 7:45p NNE 8 65.3 78.8 4:30p 52.9 5:00a 3.5 3.8 0.00 0.0 7.0 3:00p NNE 9 72.2 83.8 5:00p 62.4 7:00a 0.3 7.5 0.01 0.0 10.0 3:30p S 10 68.5 77.4 5:45p 63.7 11:45p 0.1 3.6 0.18 0.9 19.0 1:45p SW 11 72.5 84.9 5:00p 63.4 4:30a 0.2 7.6 0.00 0.9 14.0 11:45a WSW 12 78.2 88.2 3:15p 65.8 4:45a 0.0 13.2 0.00 0.4 17.0 3:45p SSW 13 70.3 80.5 1:00a 64.7 11:30p 0.0 5.3 0.81 2.2 25.0 2:30a NNW 14 68.3 79.0 5:15p 56.7 6:15a 1.7 5.1 0.00 1.2 16.0 12:30p NNW 15 68.5 81.4 1:45p 52.0 6:15a 3.2 6.7 0.00 0.1 8.0 3:45p SSW 16 71.2 77.4 6:00p 67.6 12:00m 0.0 6.2 0.04 1.9 17.0 1:30p SW 17 73.7 85.1 5:30p 65.2 2:00a 0.0 8.7 0.00 0.3 11.0 1:30p WSW 18 70.0 81.8 3:30p 64.0 12:00m 0.0 5.1 0.13 0.4 13.0 4:30p N 19 67.5 80.3 4:00p 53.9 6:15a 2.8 5.3 0.00 0.4 11.0 12:45p NNE 20 68.6 85.7 5:30p 50.5 6:00a 4.1 7.7 0.00 0.0 6.0 11:00a N 21 72.4 87.4 4:00p 55.0 6:30a 2.5 9.9 0.00 0.0 10.0 2:30p SSW 22 76.3 89.7 2:15p 62.1 6:30a 0.3 11.6 0.02 0.3 16.0 11:15a SW 23 77.5 89.5 2:15p 64.2 6:00a 0.0 12.6 0.00 0.4 14.0 4:30p SSW 24 76.7 88.2 2:00p 63.4 6:15a 0.1 11.8 0.00 0.7 18.0 3:00p SW 25 79.7 90.3 3:15p 68.6 6:00a 0.0 14.7 0.00 1.3 21.0 5:30p SSW 26 75.3 85.9 3:45p 66.8 6:30a 0.0 10.3 1.03 1.0 19.0 8:00p SW 27 73.5 84.5 6:15p 66.8 7:30a 0.0 8.5 0.18 0.4 14.0 5:15p WSW 28 73.9 83.6 1:00p 63.2 12:00m 0.0 8.9 0.01 0.8 18.0 6:45p SW 29 68.8 80.1 3:45p 59.3 3:45a 1.1 4.9 0.00 0.6 16.0 3:15p SW 30 70.9 82.0 1:00p 62.9 3:00a 0.5 6.5 0.01 0.1 8.0 1:15p N ------------------------------------------------------------------------------------- 71.0 90.3 25 41.8 4 37.0 216.8 3.28 0.7 25.0 13 SW Max >= 90.0: 1 Max <= 32.0: 0 Min <= 32.0: 0 Min <= 0.0: 0 Max Rain: 1.03 ON 06/26/13 Days of Rain: 10 (>.01 in) 7 (>.1 in) 1 (>1 in) Heat Base: 65.0 Cool Base: 65.0 Method: Integration
 
USA Weather Finder