2024: Jan | Feb | Mar | Apr | May | Jun | Jul | Aug | Sep | Oct | Nov | Dec
2023: Jan | Feb | Mar | Apr | May | Jun | Jul | Aug | Sep | Oct | Nov | Dec
2022: Jan | Feb | Mar | Apr | May | Jun | Jul | Aug | Sep | Oct | Nov | Dec
2021: Jan | Feb | Mar | Apr | May | Jun | Jul | Aug | Sep | Oct | Nov | Dec
2020: Jan | Feb | Mar | Apr | May | Jun | Jul | Aug | Sep | Oct | Nov | Dec
2019: Jan | Feb | Mar | Apr | May | Jun | Jul | Aug | Sep | Oct | Nov | Dec
2018: Jan | Feb | Mar | Apr | May | Jun | Jul | Aug | Sep | Oct | Nov | Dec
2017: Jan | Feb | Mar | Apr | May | Jun | Jul | Aug | Sep | Oct | Nov | Dec
2016: Jan | Feb | Mar | Apr | May | Jun | Jul | Aug | Sep | Oct | Nov | Dec
2015: Jan | Feb | Mar | Apr | May | Jun | Jul | Aug | Sep | Oct | Nov | Dec
2014: Jan | Feb | Mar | Apr | May | Jun | Jul | Aug | Sep | Oct | Nov | Dec
2013: Jan | Feb | Mar | Apr | May | Jun | Jul | Aug | Sep | Oct | Nov | Dec
2012: Jan | Feb | Mar | Apr | May | Jun | Jul | Aug | Sep | Oct | Nov | Dec
2011: Jan | Feb | Mar | Apr | May | Jun | Jul | Aug | Sep | Oct | Nov | Dec
2010: Jan | Feb | Mar | Apr | May | Jun | Jul | Aug | Sep | Oct | Nov | Dec
2009: Jan | Feb | Mar | Apr | May | Jun | Jul | Aug | Sep | Oct | Nov | Dec
2008: Jan | Feb | Mar | Apr | May | Jun | Jul | Aug | Sep | Oct | Nov | Dec
2007: Jan | Feb | Mar | Apr | May | Jun | Jul | Aug | Sep | Oct | Nov | Dec
2006: Jan | Feb | Mar | Apr | May | Jun | Jul | Aug | Sep | Oct | Nov | Dec
2005: Jan | Feb | Mar | Apr | May | Jun | Jul | Aug | Sep | Oct | Nov | Dec
2004: Jan | Feb | Mar | Apr | May | Jun | Jul | Aug | Sep | Oct | Nov | Dec
2003: Jan | Feb | Mar | Apr | May | Jun | Jul | Aug | Sep | Oct | Nov | Dec
Report for 2013 07
MONTHLY CLIMATOLOGICAL SUMMARY for JUL. 2013
NAME: Station1 CITY: Lancaster STATE: Ohio
ELEV: 958 ft LAT: 39° 45' 15" N LONG: 82° 34' 05" W
TEMPERATURE (°F), RAIN (in), WIND SPEED (mph)
HEAT COOL AVG
MEAN DEG DEG WIND DOM
DAY TEMP HIGH TIME LOW TIME DAYS DAYS RAIN SPEED HIGH TIME DIR
------------------------------------------------------------------------------------
1 71.8 84.3 4:45p 65.6 10:45p 0.0 6.8 0.10 0.3 13.0 6:15p NNE
2 72.5 81.4 3:00p 65.2 1:00a 0.0 7.5 0.01 0.0 10.0 5:00p SSW
3 75.0 84.7 2:45p 66.9 6:30a 0.0 10.0 0.00 0.2 14.0 2:00p SSW
4 72.2 75.4 1:30p 69.9 6:30a 0.0 7.2 0.10 0.1 11.0 10:30a S
5 71.6 79.9 5:15p 66.9 5:15a 0.0 6.6 0.67 0.4 17.0 2:30p SW
6 74.7 83.4 2:45p 69.4 4:15a 0.0 9.7 0.02 0.7 21.0 5:15p SSW
7 73.1 83.2 5:30p 65.6 5:45a 0.0 8.1 0.01 0.3 13.0 10:15p SW
8 72.7 83.4 1:45p 63.9 6:45a 0.1 7.8 2.50 0.6 16.0 4:30a SW
9 74.8 88.6 3:30p 69.4 6:00a 0.0 9.8 0.69 1.0 18.0 12:00p SW
10 75.2 90.3 3:00p 65.5 11:45p 0.0 10.2 0.13 1.3 35.0 5:00p SW
11 69.9 80.9 4:45p 59.5 12:00m 0.3 5.2 0.00 0.5 13.0 6:30p NNE
12 69.2 81.6 2:45p 57.2 2:30a 2.2 6.4 0.00 0.6 16.0 5:15p NNE
13 73.7 84.1 4:15p 62.1 6:45a 0.3 9.1 0.00 0.1 10.0 3:30p ENE
14 78.8 88.8 5:00p 67.6 6:45a 0.0 13.8 0.00 0.0 10.0 10:30a ENE
15 81.9 93.4 4:45p 71.5 7:00a 0.0 16.9 0.00 0.0 7.0 11:30a S
16 83.0 96.1 5:30p 68.9 6:30a 0.0 18.0 0.00 0.0 7.0 12:30p NE
17 83.7 95.1 5:00p 71.6 6:30a 0.0 18.7 0.00 0.1 8.0 5:15p N
18 83.2 94.7 6:00p 71.5 5:45a 0.0 18.2 0.00 0.1 11.0 5:15p WSW
19 80.0 92.3 2:45p 73.5 7:15a 0.0 15.0 0.01 0.8 18.0 1:15p SW
20 75.1 81.6 10:30a 70.1 12:00m 0.0 10.1 0.72 1.0 16.0 4:30a SW
21 75.2 86.1 5:45p 68.1 3:15a 0.0 10.2 0.00 0.0 5.0 12:45p NNE
22 71.9 74.2 5:45p 69.9 11:30p 0.0 6.9 0.32 0.2 11.0 12:30p S
23 75.5 86.5 4:30p 67.8 2:15a 0.0 10.5 0.01 1.2 20.0 3:45p SW
24 69.9 78.6 4:30p 59.2 12:00m 0.4 5.3 0.00 0.9 13.0 8:00a NNE
25 66.2 79.6 4:45p 52.8 4:45a 3.7 4.9 0.00 0.1 8.0 11:45a NNE
26 68.2 81.2 3:30p 53.2 7:00a 3.2 6.4 0.00 0.0 10.0 4:00p SSW
27 67.0 73.5 5:30p 64.2 4:00a 0.1 2.1 0.09 0.7 18.0 4:15p SW
28 64.6 74.2 4:45p 54.2 6:30a 2.9 2.5 0.00 1.3 21.0 2:30p SW
29 64.7 78.1 5:30p 51.4 5:30a 4.5 4.2 0.00 0.5 14.0 1:15p WSW
30 68.2 82.8 3:15p 53.3 6:30a 3.3 6.5 0.00 0.0 6.0 12:15p SSW
31 68.8 74.9 2:15p 65.3 12:15a 0.0 3.8 0.06 0.2 13.0 2:45p S
-------------------------------------------------------------------------------------
73.3 96.1 16 51.4 29 21.0 278.4 5.44 0.4 35.0 10 SW
Max >= 90.0: 6
Max <= 32.0: 0
Min <= 32.0: 0
Min <= 0.0: 0
Max Rain: 2.50 ON 07/08/13
Days of Rain: 11 (>.01 in) 6 (>.1 in) 1 (>1 in)
Heat Base: 65.0 Cool Base: 65.0 Method: Integration
|