Weather Information | Photos of Local Events | Personal Weather Stations Links | Lancaster Links | Site Map

NOAA Report Archive
(Reports Generated by WeatherLink)
2017: Jan | Feb | Mar | Apr | May | Jun | Jul | Aug | Sep | Oct | Nov | Dec 
2016: Jan | Feb | Mar | Apr | May | Jun | Jul | Aug | Sep | Oct | Nov | Dec 
2015: Jan | Feb | Mar | Apr | May | Jun | Jul | Aug | Sep | Oct | Nov | Dec 
2014: Jan | Feb | Mar | Apr | May | Jun | Jul | Aug | Sep | Oct | Nov | Dec 
2013: Jan | Feb | Mar | Apr | May | Jun | Jul | Aug | Sep | Oct | Nov | Dec 
2012: Jan | Feb | Mar | Apr | May | Jun | Jul | Aug | Sep | Oct | Nov | Dec 
2011: Jan | Feb | Mar | Apr | May | Jun | Jul | Aug | Sep | Oct | Nov | Dec 
2010: Jan | Feb | Mar | Apr | May | Jun | Jul | Aug | Sep | Oct | Nov | Dec 
2009: Jan | Feb | Mar | Apr | May | Jun | Jul | Aug | Sep | Oct | Nov | Dec 
2008: Jan | Feb | Mar | Apr | May | Jun | Jul | Aug | Sep | Oct | Nov | Dec 
2007: Jan | Feb | Mar | Apr | May | Jun | Jul | Aug | Sep | Oct | Nov | Dec 
2006: Jan | Feb | Mar | Apr | May | Jun | Jul | Aug | Sep | Oct | Nov | Dec 
2005: Jan | Feb | Mar | Apr | May | Jun | Jul | Aug | Sep | Oct | Nov | Dec 
2004: Jan | Feb | Mar | Apr | May | Jun | Jul | Aug | Sep | Oct | Nov | Dec 
2003: Jan | Feb | Mar | Apr | May | Jun | Jul | Aug | Sep | Oct | Nov | Dec 

Report for 2013 08
MONTHLY CLIMATOLOGICAL SUMMARY for AUG. 2013 NAME: Station1 CITY: Lancaster STATE: Ohio ELEV: 958 ft LAT: 39 45' 15" N LONG: 82 34' 05" W TEMPERATURE (F), RAIN (in), WIND SPEED (mph) HEAT COOL AVG MEAN DEG DEG WIND DOM DAY TEMP HIGH TIME LOW TIME DAYS DAYS RAIN SPEED HIGH TIME DIR ------------------------------------------------------------------------------------ 1 72.9 82.8 5:00p 66.9 12:00m 0.0 7.9 0.02 0.5 13.0 4:00p WSW 2 71.0 81.2 1:15p 56.9 6:45a 1.6 7.6 0.00 0.7 14.0 9:45p SW 3 69.4 78.3 6:15p 61.0 12:00m 0.2 4.7 0.20 0.1 11.0 3:00a WSW 4 66.9 78.3 4:30p 56.9 4:30a 2.7 4.5 0.00 0.9 16.0 3:15p NNW 5 65.2 78.1 4:00p 51.3 6:45a 4.0 4.2 0.00 0.0 6.0 1:00p NNE 6 71.0 81.8 4:00p 59.6 6:30a 1.1 7.2 0.01 0.1 11.0 1:30p SSE 7 74.2 86.7 2:00p 63.4 6:15a 0.3 9.4 0.00 0.4 13.0 3:30p SSW 8 74.9 84.5 3:30p 70.3 4:30a 0.0 9.9 0.14 0.1 8.0 3:30p S 9 72.2 81.8 5:30p 64.3 12:00m 0.0 7.3 0.75 0.3 13.0 12:00p N 10 73.0 84.1 4:30p 64.2 7:00a 0.1 8.1 0.00 0.0 7.0 1:45p SW 11 73.5 86.1 3:30p 62.3 6:45a 0.3 8.8 0.00 0.2 12.0 2:15p SSW 12 74.0 86.3 4:15p 60.1 6:45a 0.8 9.8 0.11 0.1 11.0 2:00p SSW 13 70.0 78.8 3:15p 56.6 12:00m 0.7 5.6 0.01 1.4 17.0 6:30p NNW 14 60.2 71.1 1:00p 50.4 7:15a 6.0 1.2 0.00 0.3 11.0 1:15p NNW 15 61.3 76.5 4:15p 46.4 7:00a 6.6 2.9 0.00 0.0 8.0 4:00p NNE 16 65.5 80.9 3:45p 51.1 7:15a 4.6 5.0 0.00 0.2 10.0 2:00p NNE 17 67.7 81.4 2:45p 55.4 7:00a 2.9 5.6 0.00 0.0 7.0 2:45p ENE 18 65.2 71.3 1:15p 57.0 2:00a 2.1 2.2 0.00 0.0 4.0 3:45p ENE 19 70.8 82.4 3:30p 62.1 12:00m 0.2 6.0 0.00 0.0 7.0 11:15a SW 20 70.9 85.5 4:15p 56.2 7:00a 2.2 8.1 0.00 0.0 6.0 2:30p SSW 21 68.9 83.8 1:45p 60.1 4:45a 1.1 5.0 0.02 0.0 11.0 4:15p SSW 22 71.7 85.1 1:30p 62.1 7:15a 0.3 7.0 0.54 0.3 14.0 3:45p WSW 23 74.6 86.5 4:30p 65.5 8:15a 0.0 9.6 0.80 0.3 14.0 8:00a N 24 70.3 85.9 4:45p 56.6 7:00a 2.0 7.3 0.00 0.0 7.0 2:45p NNE 25 70.3 84.5 2:30p 56.7 7:00a 2.2 7.5 0.00 0.1 11.0 1:15p SSW 26 73.4 88.0 3:30p 57.8 7:00a 1.9 10.2 0.00 0.3 12.0 1:15p SW 27 77.2 85.3 5:45p 70.8 5:00a 0.0 12.2 0.00 0.5 12.0 9:30a SW 28 79.4 88.0 2:45p 72.7 12:00m 0.0 14.4 0.02 0.9 16.0 3:00a WSW 29 74.4 86.3 5:30p 67.4 5:15a 0.0 9.4 0.00 0.1 7.0 2:00a N 30 75.5 89.3 4:00p 63.4 7:00a 0.2 10.7 0.00 0.1 12.0 3:45p SW 31 76.3 87.2 5:00p 68.1 2:45a 0.0 11.3 0.28 1.4 21.0 2:15p SW ------------------------------------------------------------------------------------- 71.0 89.3 30 46.4 15 44.1 230.6 2.90 0.3 21.0 31 SW Max >= 90.0: 0 Max <= 32.0: 0 Min <= 32.0: 0 Min <= 0.0: 0 Max Rain: 0.80 ON 08/23/13 Days of Rain: 10 (>.01 in) 7 (>.1 in) 0 (>1 in) Heat Base: 65.0 Cool Base: 65.0 Method: Integration
 
USA Weather Finder