Weather Information | Photos of Local Events | Personal Weather Stations Links | Lancaster Links | Site Map

NOAA Report Archive
(Reports Generated by WeatherLink)
2017: Jan | Feb | Mar | Apr | May | Jun | Jul | Aug | Sep | Oct | Nov | Dec 
2016: Jan | Feb | Mar | Apr | May | Jun | Jul | Aug | Sep | Oct | Nov | Dec 
2015: Jan | Feb | Mar | Apr | May | Jun | Jul | Aug | Sep | Oct | Nov | Dec 
2014: Jan | Feb | Mar | Apr | May | Jun | Jul | Aug | Sep | Oct | Nov | Dec 
2013: Jan | Feb | Mar | Apr | May | Jun | Jul | Aug | Sep | Oct | Nov | Dec 
2012: Jan | Feb | Mar | Apr | May | Jun | Jul | Aug | Sep | Oct | Nov | Dec 
2011: Jan | Feb | Mar | Apr | May | Jun | Jul | Aug | Sep | Oct | Nov | Dec 
2010: Jan | Feb | Mar | Apr | May | Jun | Jul | Aug | Sep | Oct | Nov | Dec 
2009: Jan | Feb | Mar | Apr | May | Jun | Jul | Aug | Sep | Oct | Nov | Dec 
2008: Jan | Feb | Mar | Apr | May | Jun | Jul | Aug | Sep | Oct | Nov | Dec 
2007: Jan | Feb | Mar | Apr | May | Jun | Jul | Aug | Sep | Oct | Nov | Dec 
2006: Jan | Feb | Mar | Apr | May | Jun | Jul | Aug | Sep | Oct | Nov | Dec 
2005: Jan | Feb | Mar | Apr | May | Jun | Jul | Aug | Sep | Oct | Nov | Dec 
2004: Jan | Feb | Mar | Apr | May | Jun | Jul | Aug | Sep | Oct | Nov | Dec 
2003: Jan | Feb | Mar | Apr | May | Jun | Jul | Aug | Sep | Oct | Nov | Dec 

Report for 2013 09
MONTHLY CLIMATOLOGICAL SUMMARY for SEP. 2013 NAME: Station1 CITY: Lancaster STATE: Ohio ELEV: 958 ft LAT: 39 45' 15" N LONG: 82 34' 05" W TEMPERATURE (F), RAIN (in), WIND SPEED (mph) HEAT COOL AVG MEAN DEG DEG WIND DOM DAY TEMP HIGH TIME LOW TIME DAYS DAYS RAIN SPEED HIGH TIME DIR ------------------------------------------------------------------------------------ 1 76.1 84.5 4:45p 69.4 7:30a 0.0 11.1 0.00 0.3 11.0 1:15p SSW 2 75.3 87.6 2:30p 66.9 11:15p 0.0 10.3 0.02 0.6 14.0 1:30p SW 3 63.4 71.5 4:00p 53.3 12:00m 2.8 1.2 0.00 0.9 12.0 8:45a NNW 4 64.7 82.4 5:30p 48.0 7:15a 5.7 5.4 0.00 0.2 11.0 1:00p SW 5 68.0 82.2 4:00p 56.2 7:15a 2.6 5.6 0.00 0.6 13.0 2:45p NNW 6 61.0 78.3 3:45p 46.2 7:15a 7.2 3.2 0.00 0.1 8.0 12:00p ENE 7 66.1 85.1 3:45p 47.3 7:00a 5.9 7.0 0.00 0.2 10.0 11:30a SSW 8 75.3 87.2 3:30p 66.1 12:00m 0.0 10.3 0.00 0.4 10.0 1:45p NNE 9 74.6 89.9 3:15p 60.7 6:30a 0.8 10.3 0.00 0.4 17.0 3:15p SSW 10 81.8 92.9 3:15p 72.5 7:30a 0.0 16.8 0.00 0.7 17.0 1:45p SSW 11 77.2 89.9 1:30p 70.8 2:45p 0.0 12.2 0.31 0.4 17.0 1:45p SW 12 72.6 76.5 5:00p 65.6 12:00m 0.0 7.6 0.25 0.8 19.0 9:15a WSW 13 59.1 65.6 12:15a 49.2 11:45p 5.9 0.0 0.00 2.1 20.0 12:30a NNW 14 54.7 70.9 5:00p 41.2 7:30a 11.0 0.8 0.00 0.1 11.0 10:00a NNE 15 58.3 73.5 5:30p 41.5 7:15a 8.7 2.1 0.00 0.2 12.0 12:45p SW 16 62.1 72.5 5:00p 54.1 12:00m 4.2 1.3 0.09 0.6 13.0 2:00p N 17 59.3 73.7 4:00p 46.2 7:15a 7.7 2.0 0.01 0.0 10.0 2:15p NNE 18 61.2 74.2 4:45p 52.5 1:00a 5.2 1.4 0.00 0.0 6.0 11:30a S 19 66.4 71.8 4:30p 62.4 12:45a 0.5 1.9 0.08 0.0 8.0 9:45a S 20 74.1 84.7 3:15p 66.3 12:15a 0.0 9.1 0.00 0.6 17.0 4:30p SSW 21 65.5 73.7 5:00p 55.0 11:15p 1.5 2.0 1.22 0.8 21.0 4:45a NNW 22 56.0 67.6 4:00p 47.3 12:00m 9.1 0.2 0.00 0.6 13.0 2:45p NNW 23 52.2 66.0 4:15p 39.9 7:00a 12.8 0.0 0.00 0.3 13.0 2:30p NNE 24 53.1 70.6 4:45p 37.9 7:30a 12.5 0.7 0.00 0.0 8.0 6:15p NNE 25 57.7 76.8 5:15p 43.3 4:30a 9.4 2.1 0.00 0.1 7.0 11:30a NNE 26 62.6 81.4 3:45p 47.9 7:45a 7.0 4.6 0.00 0.1 11.0 1:45p NNE 27 60.8 80.1 3:30p 44.5 7:30a 8.1 3.9 0.00 0.1 10.0 3:30p NNE 28 61.3 78.8 3:45p 46.0 8:00a 7.4 3.7 0.00 0.0 11.0 3:45p S 29 62.3 74.7 1:45p 51.3 2:45a 5.2 2.4 0.00 0.1 8.0 12:15p SSW 30 64.3 73.3 2:15p 59.2 7:15a 2.6 1.9 0.00 0.2 12.0 2:30p SSW ------------------------------------------------------------------------------------- 64.9 92.9 10 37.9 24 143.8 141.1 1.98 0.4 21.0 21 SSW Max >= 90.0: 1 Max <= 32.0: 0 Min <= 32.0: 0 Min <= 0.0: 0 Max Rain: 1.22 ON 09/21/13 Days of Rain: 6 (>.01 in) 3 (>.1 in) 1 (>1 in) Heat Base: 65.0 Cool Base: 65.0 Method: Integration
 
USA Weather Finder