Weather Information | Photos of Local Events | Personal Weather Stations Links | Lancaster Links | Site Map

NOAA Report Archive
(Reports Generated by WeatherLink)
2017: Jan | Feb | Mar | Apr | May | Jun | Jul | Aug | Sep | Oct | Nov | Dec 
2016: Jan | Feb | Mar | Apr | May | Jun | Jul | Aug | Sep | Oct | Nov | Dec 
2015: Jan | Feb | Mar | Apr | May | Jun | Jul | Aug | Sep | Oct | Nov | Dec 
2014: Jan | Feb | Mar | Apr | May | Jun | Jul | Aug | Sep | Oct | Nov | Dec 
2013: Jan | Feb | Mar | Apr | May | Jun | Jul | Aug | Sep | Oct | Nov | Dec 
2012: Jan | Feb | Mar | Apr | May | Jun | Jul | Aug | Sep | Oct | Nov | Dec 
2011: Jan | Feb | Mar | Apr | May | Jun | Jul | Aug | Sep | Oct | Nov | Dec 
2010: Jan | Feb | Mar | Apr | May | Jun | Jul | Aug | Sep | Oct | Nov | Dec 
2009: Jan | Feb | Mar | Apr | May | Jun | Jul | Aug | Sep | Oct | Nov | Dec 
2008: Jan | Feb | Mar | Apr | May | Jun | Jul | Aug | Sep | Oct | Nov | Dec 
2007: Jan | Feb | Mar | Apr | May | Jun | Jul | Aug | Sep | Oct | Nov | Dec 
2006: Jan | Feb | Mar | Apr | May | Jun | Jul | Aug | Sep | Oct | Nov | Dec 
2005: Jan | Feb | Mar | Apr | May | Jun | Jul | Aug | Sep | Oct | Nov | Dec 
2004: Jan | Feb | Mar | Apr | May | Jun | Jul | Aug | Sep | Oct | Nov | Dec 
2003: Jan | Feb | Mar | Apr | May | Jun | Jul | Aug | Sep | Oct | Nov | Dec 

Report for 2013 10
MONTHLY CLIMATOLOGICAL SUMMARY for OCT. 2013 NAME: Station1 CITY: Lancaster STATE: Ohio ELEV: 958 ft LAT: 39 45' 15" N LONG: 82 34' 05" W TEMPERATURE (F), RAIN (in), WIND SPEED (mph) HEAT COOL AVG MEAN DEG DEG WIND DOM DAY TEMP HIGH TIME LOW TIME DAYS DAYS RAIN SPEED HIGH TIME DIR ------------------------------------------------------------------------------------ 1 65.4 80.9 4:15p 52.3 7:30a 4.2 4.6 0.00 0.7 14.0 3:15p SW 2 67.8 83.6 5:00p 54.7 6:45a 3.1 6.0 0.00 0.2 8.0 12:15p SW 3 70.2 81.1 3:30p 64.7 2:30a 0.0 5.2 0.02 0.4 16.0 4:00p SSW 4 70.1 84.5 3:30p 59.6 7:15a 0.9 6.0 0.00 0.4 16.0 2:00p SSW 5 72.0 82.4 2:30p 62.7 1:45a 0.3 7.3 0.00 0.8 19.0 2:45p SSW 6 70.5 82.2 4:45p 53.3 12:00m 0.9 6.4 1.00 1.6 31.0 6:30p SSW 7 53.4 62.0 5:00p 46.1 8:00a 11.6 0.0 0.59 1.5 20.0 11:30a WSW 8 53.5 69.3 5:15p 39.2 7:30a 12.0 0.5 0.00 0.1 10.0 2:30p ENE 9 55.3 72.0 3:15p 42.2 5:45a 11.0 1.3 0.00 0.0 10.0 3:15p ENE 10 57.0 77.9 5:00p 40.6 7:45a 10.7 2.7 0.00 0.1 8.0 12:30p NNE 11 60.6 78.5 4:00p 44.5 7:00a 7.6 3.2 0.00 0.3 12.0 3:15p NNE 12 60.8 72.3 4:45p 50.5 7:45a 5.5 1.3 0.00 0.1 7.0 12:15p SSW 13 61.9 71.3 5:30p 55.7 12:15a 4.2 1.1 0.02 0.3 10.0 5:45p N 14 59.1 72.5 3:45p 48.0 5:45a 7.3 1.4 0.00 0.6 14.0 10:00a NNE 15 59.7 70.1 3:30p 49.8 3:00a 6.4 1.0 0.00 0.2 11.0 1:30p S 16 62.7 65.3 5:00p 55.7 11:45p 2.3 0.0 0.15 1.0 17.0 1:30p SSW 17 49.3 55.9 12:15a 41.8 7:15a 15.7 0.0 0.19 0.6 16.0 8:15p WSW 18 51.2 65.0 3:30p 39.6 8:15a 13.8 0.0 0.00 1.3 17.0 11:00a SSW 19 45.4 52.5 11:45a 41.6 12:00m 19.6 0.0 0.10 0.5 13.0 2:00p SSW 20 48.5 62.0 3:45p 37.5 8:15a 16.5 0.0 0.00 1.9 21.0 12:15p SSW 21 52.9 67.1 4:00p 36.6 6:30a 12.2 0.1 0.00 1.7 24.0 2:15p SSW 22 44.6 57.2 12:15a 32.8 8:15a 20.4 0.0 0.12 0.8 14.0 12:15p WSW 23 39.9 45.1 4:30p 35.9 8:30a 25.1 0.0 0.39 0.8 25.0 7:15p N 24 37.9 43.1 3:45p 34.7 6:15a 27.1 0.0 0.04 0.8 17.0 3:00p WSW 25 37.7 49.6 3:00p 28.4 8:00a 27.3 0.0 0.00 0.6 19.0 4:15p WSW 26 41.4 47.9 12:30p 32.7 12:15a 23.6 0.0 0.00 3.2 24.0 10:45a SSW 27 42.4 56.9 3:15p 29.4 8:15a 22.6 0.0 0.00 0.3 12.0 3:30p WSW 28 43.6 63.4 4:45p 28.1 8:00a 21.4 0.0 0.00 0.0 7.0 1:00p N 29 46.3 60.7 4:00p 31.3 8:15a 18.7 0.0 0.00 0.0 6.0 10:45a NNE 30 55.0 63.1 1:00p 47.4 1:30a 10.0 0.0 0.00 0.0 8.0 12:45p S 31 61.1 64.7 12:00p 59.2 12:15a 3.9 0.0 0.18 1.9 25.0 2:00p S ------------------------------------------------------------------------------------- 54.7 84.5 4 28.1 28 365.9 48.1 2.80 0.7 31.0 6 SSW Max >= 90.0: 0 Max <= 32.0: 0 Min <= 32.0: 4 Min <= 0.0: 0 Max Rain: 1.00 ON 10/06/13 Days of Rain: 11 (>.01 in) 7 (>.1 in) 0 (>1 in) Heat Base: 65.0 Cool Base: 65.0 Method: Integration
 
USA Weather Finder