Weather Information | Photos of Local Events | Personal Weather Stations Links | Lancaster Links | Site Map

NOAA Report Archive
(Reports Generated by WeatherLink)
2017: Jan | Feb | Mar | Apr | May | Jun | Jul | Aug | Sep | Oct | Nov | Dec 
2016: Jan | Feb | Mar | Apr | May | Jun | Jul | Aug | Sep | Oct | Nov | Dec 
2015: Jan | Feb | Mar | Apr | May | Jun | Jul | Aug | Sep | Oct | Nov | Dec 
2014: Jan | Feb | Mar | Apr | May | Jun | Jul | Aug | Sep | Oct | Nov | Dec 
2013: Jan | Feb | Mar | Apr | May | Jun | Jul | Aug | Sep | Oct | Nov | Dec 
2012: Jan | Feb | Mar | Apr | May | Jun | Jul | Aug | Sep | Oct | Nov | Dec 
2011: Jan | Feb | Mar | Apr | May | Jun | Jul | Aug | Sep | Oct | Nov | Dec 
2010: Jan | Feb | Mar | Apr | May | Jun | Jul | Aug | Sep | Oct | Nov | Dec 
2009: Jan | Feb | Mar | Apr | May | Jun | Jul | Aug | Sep | Oct | Nov | Dec 
2008: Jan | Feb | Mar | Apr | May | Jun | Jul | Aug | Sep | Oct | Nov | Dec 
2007: Jan | Feb | Mar | Apr | May | Jun | Jul | Aug | Sep | Oct | Nov | Dec 
2006: Jan | Feb | Mar | Apr | May | Jun | Jul | Aug | Sep | Oct | Nov | Dec 
2005: Jan | Feb | Mar | Apr | May | Jun | Jul | Aug | Sep | Oct | Nov | Dec 
2004: Jan | Feb | Mar | Apr | May | Jun | Jul | Aug | Sep | Oct | Nov | Dec 
2003: Jan | Feb | Mar | Apr | May | Jun | Jul | Aug | Sep | Oct | Nov | Dec 

Report for 2013 11
MONTHLY CLIMATOLOGICAL SUMMARY for NOV. 2013 NAME: Station1 CITY: Lancaster STATE: Ohio ELEV: 958 ft LAT: 39 45' 15" N LONG: 82 34' 05" W TEMPERATURE (F), RAIN (in), WIND SPEED (mph) HEAT COOL AVG MEAN DEG DEG WIND DOM DAY TEMP HIGH TIME LOW TIME DAYS DAYS RAIN SPEED HIGH TIME DIR ------------------------------------------------------------------------------------ 1 56.5 63.7 12:15a 50.7 8:30a 8.5 0.0 0.70 3.7 37.0 1:15a SW 2 49.1 53.5 12:15a 44.1 12:00m 15.9 0.0 0.00 1.3 16.0 11:45a WSW 3 43.4 53.3 1:15p 37.6 12:00m 21.6 0.0 0.00 0.1 7.0 11:30a NNW 4 43.7 55.3 3:45p 31.6 5:45a 21.3 0.0 0.00 0.0 8.0 12:00p E 5 51.8 62.0 3:30p 44.2 12:00m 13.2 0.0 0.00 0.0 7.0 6:00a S 6 56.9 70.3 2:30p 43.5 1:45a 8.6 0.6 0.47 2.5 26.0 1:30p SSW 7 43.1 56.5 12:15a 33.7 8:30p 21.9 0.0 0.16 2.0 19.0 12:15a NNW 8 37.1 46.7 4:00p 29.1 10:15p 27.9 0.0 0.04 0.8 19.0 1:30a W 9 46.8 60.7 4:00p 30.6 12:15a 18.2 0.0 0.00 4.7 38.0 3:15p SSW 10 42.2 51.6 12:15a 28.7 12:00m 22.8 0.0 0.00 2.6 24.0 9:30a WNW 11 39.4 50.7 12:30p 25.6 3:45a 25.6 0.0 0.14 2.1 21.0 11:00p SSW 12 28.8 34.7 12:15a 24.4 7:30a 36.2 0.0 0.13 2.9 18.0 12:15a NNW 13 29.8 38.3 3:30p 21.9 7:15a 35.2 0.0 0.00 1.5 19.0 2:45p SSW 14 38.3 53.3 4:00p 25.7 7:15a 26.7 0.0 0.00 1.9 19.0 1:45p SSW 15 42.6 52.9 2:15p 28.4 4:30a 22.4 0.0 0.00 0.8 17.0 11:00a SSW 16 52.6 59.3 3:15p 45.2 7:45a 12.4 0.0 0.00 0.5 14.0 11:45p S 17 57.4 61.0 8:00p 52.0 12:00m 7.6 0.0 0.83 4.6 37.0 8:00p S 18 45.7 52.3 2:15p 36.3 12:00m 19.3 0.0 0.00 4.6 27.0 2:45p WSW 19 34.9 41.6 2:15p 26.9 10:45p 30.1 0.0 0.00 0.9 12.0 6:00a N 20 36.5 48.6 3:15p 26.6 6:45a 28.5 0.0 0.00 0.8 11.0 11:15a E 21 47.6 57.0 2:15p 37.6 12:15a 17.4 0.0 0.01 0.2 12.0 3:45p S 22 48.0 53.3 11:15a 36.6 12:00m 17.0 0.0 0.31 2.7 20.0 5:00p NNW 23 30.7 38.3 2:00p 21.0 12:00m 34.3 0.0 0.00 3.3 25.0 4:00p NNW 24 20.2 27.8 3:30p 14.9 7:45a 44.8 0.0 0.00 1.5 20.0 12:30a NNW 25 28.0 37.9 9:15p 15.9 4:00a 37.0 0.0 0.00 1.0 16.0 2:00p SSW 26 32.6 35.8 12:15a 29.8 10:45p 32.4 0.0 0.34 0.0 8.0 12:30a N 27 26.9 30.4 4:00a 23.6 11:15p 38.1 0.0 0.00 2.0 18.0 3:45p WNW 28 26.8 31.9 7:00p 19.1 7:00a 38.2 0.0 0.00 1.2 16.0 1:30p SSW 29 29.6 37.3 2:30p 20.6 8:00a 35.4 0.0 0.00 0.1 8.0 2:00a NNE 30 33.8 47.4 3:15p 24.5 3:00a 31.2 0.0 0.00 0.5 14.0 2:00p SSW ------------------------------------------------------------------------------------- 40.0 70.3 6 14.9 24 749.7 0.6 3.13 1.7 38.0 9 SSW Max >= 90.0: 0 Max <= 32.0: 3 Min <= 32.0: 19 Min <= 0.0: 0 Max Rain: 0.83 ON 11/17/13 Days of Rain: 9 (>.01 in) 8 (>.1 in) 0 (>1 in) Heat Base: 65.0 Cool Base: 65.0 Method: Integration
 
USA Weather Finder