Weather Information | Photos of Local Events | Personal Weather Stations Links | Lancaster Links | Site Map

NOAA Report Archive
(Reports Generated by WeatherLink)
2017: Jan | Feb | Mar | Apr | May | Jun | Jul | Aug | Sep | Oct | Nov | Dec 
2016: Jan | Feb | Mar | Apr | May | Jun | Jul | Aug | Sep | Oct | Nov | Dec 
2015: Jan | Feb | Mar | Apr | May | Jun | Jul | Aug | Sep | Oct | Nov | Dec 
2014: Jan | Feb | Mar | Apr | May | Jun | Jul | Aug | Sep | Oct | Nov | Dec 
2013: Jan | Feb | Mar | Apr | May | Jun | Jul | Aug | Sep | Oct | Nov | Dec 
2012: Jan | Feb | Mar | Apr | May | Jun | Jul | Aug | Sep | Oct | Nov | Dec 
2011: Jan | Feb | Mar | Apr | May | Jun | Jul | Aug | Sep | Oct | Nov | Dec 
2010: Jan | Feb | Mar | Apr | May | Jun | Jul | Aug | Sep | Oct | Nov | Dec 
2009: Jan | Feb | Mar | Apr | May | Jun | Jul | Aug | Sep | Oct | Nov | Dec 
2008: Jan | Feb | Mar | Apr | May | Jun | Jul | Aug | Sep | Oct | Nov | Dec 
2007: Jan | Feb | Mar | Apr | May | Jun | Jul | Aug | Sep | Oct | Nov | Dec 
2006: Jan | Feb | Mar | Apr | May | Jun | Jul | Aug | Sep | Oct | Nov | Dec 
2005: Jan | Feb | Mar | Apr | May | Jun | Jul | Aug | Sep | Oct | Nov | Dec 
2004: Jan | Feb | Mar | Apr | May | Jun | Jul | Aug | Sep | Oct | Nov | Dec 
2003: Jan | Feb | Mar | Apr | May | Jun | Jul | Aug | Sep | Oct | Nov | Dec 

Report for 2013 12
MONTHLY CLIMATOLOGICAL SUMMARY for DEC. 2013 NAME: Station1 CITY: Lancaster STATE: Ohio ELEV: 958 ft LAT: 39 45' 15" N LONG: 82 34' 05" W TEMPERATURE (F), RAIN (in), WIND SPEED (mph) HEAT COOL AVG MEAN DEG DEG WIND DOM DAY TEMP HIGH TIME LOW TIME DAYS DAYS RAIN SPEED HIGH TIME DIR ------------------------------------------------------------------------------------ 1 38.0 46.5 4:00p 30.0 2:00a 27.0 0.0 0.00 0.4 12.0 3:00p SSW 2 41.2 49.4 1:00p 33.2 6:00a 23.8 0.0 0.01 0.0 5.0 1:15p NNE 3 44.1 56.2 2:30p 34.1 6:45a 20.9 0.0 0.01 0.1 7.0 12:00p S 4 53.8 63.7 3:15p 42.9 4:30a 11.2 0.0 0.00 0.8 13.0 2:30p SE 5 50.9 60.7 11:15a 34.4 12:00m 14.1 0.0 0.89 1.1 19.0 6:15p NNW 6 30.9 34.4 12:15a 26.6 10:30p 34.1 0.0 0.47 2.1 14.0 1:00p NW 7 23.4 27.6 1:45p 16.1 12:00m 41.6 0.0 0.02 1.2 12.0 6:15a NW 8 24.3 31.8 12:00m 15.9 12:15a 40.7 0.0 0.05 0.9 12.0 10:45a NW 9 31.8 35.6 3:15a 26.4 12:00m 33.2 0.0 0.00 3.2 21.0 9:30a WSW 10 23.7 28.7 3:45p 19.7 7:45a 41.3 0.0 0.07 3.1 22.0 3:15p SW 11 23.8 35.5 3:00p 14.8 7:45a 41.2 0.0 0.00 1.9 18.0 3:45p SSW 12 17.6 21.6 3:30p 12.8 8:15a 47.4 0.0 0.00 2.3 19.0 4:00p SSW 13 28.9 38.0 4:00p 19.9 12:15a 36.1 0.0 0.00 1.6 18.0 3:15a SW 14 34.6 39.5 8:30p 31.2 5:15a 30.4 0.0 0.39 1.2 20.0 10:15p E 15 27.3 34.9 12:15a 24.8 7:15a 37.7 0.0 0.00 3.8 26.0 2:30p W 16 25.8 29.7 12:00m 23.5 9:45a 39.2 0.0 0.08 0.3 13.0 12:30a W 17 29.8 35.0 3:30a 27.3 7:00p 35.2 0.0 0.01 1.8 20.0 9:45p W 18 27.2 31.0 3:45p 23.0 9:15p 37.8 0.0 0.00 2.4 19.0 9:00a SW 19 46.5 55.1 3:00p 29.5 12:15a 18.5 0.0 0.00 4.6 27.0 6:45a SSW 20 51.7 58.3 12:00m 47.4 9:00a 13.3 0.0 0.09 1.6 21.0 2:30p S 21 59.4 66.0 12:00m 55.9 6:45a 5.7 0.0 0.79 3.1 26.0 11:15p S 22 56.8 66.3 12:15a 47.3 12:00m 8.2 0.0 0.64 5.1 31.0 7:00a SSW 23 34.3 47.3 12:15a 28.7 12:00m 30.7 0.0 0.02 1.7 18.0 12:30p WNW 24 19.3 28.7 12:15a 13.5 10:45a 45.7 0.0 0.00 1.4 17.0 5:30a WNW 25 24.3 32.2 3:15p 14.3 12:45a 40.7 0.0 0.00 0.6 16.0 7:15p SSW 26 32.6 38.5 3:30p 26.6 12:00m 32.4 0.0 0.00 3.0 24.0 10:00a SW 27 37.1 46.8 3:45p 26.6 12:15a 27.9 0.0 0.00 2.3 19.0 11:45p SW 28 43.9 52.9 2:45p 37.3 8:30a 21.1 0.0 0.00 2.4 19.0 5:15a SSW 29 40.1 42.9 2:30a 34.9 12:00m 24.9 0.0 0.36 1.1 19.0 8:30p W 30 28.7 34.9 12:15a 25.3 11:30p 36.3 0.0 0.00 1.4 20.0 1:00a NNW 31 25.5 28.8 2:30p 22.7 9:45a 39.5 0.0 0.00 2.7 25.0 12:30p SW ------------------------------------------------------------------------------------- 34.8 66.3 22 12.8 12 937.8 0.0 3.90 1.9 31.0 22 SSW Max >= 90.0: 0 Max <= 32.0: 8 Min <= 32.0: 22 Min <= 0.0: 0 Max Rain: 0.89 ON 12/05/13 Days of Rain: 12 (>.01 in) 6 (>.1 in) 0 (>1 in) Heat Base: 65.0 Cool Base: 65.0 Method: Integration
 
USA Weather Finder