2024: Jan | Feb | Mar | Apr | May | Jun | Jul | Aug | Sep | Oct | Nov | Dec
2023: Jan | Feb | Mar | Apr | May | Jun | Jul | Aug | Sep | Oct | Nov | Dec
2022: Jan | Feb | Mar | Apr | May | Jun | Jul | Aug | Sep | Oct | Nov | Dec
2021: Jan | Feb | Mar | Apr | May | Jun | Jul | Aug | Sep | Oct | Nov | Dec
2020: Jan | Feb | Mar | Apr | May | Jun | Jul | Aug | Sep | Oct | Nov | Dec
2019: Jan | Feb | Mar | Apr | May | Jun | Jul | Aug | Sep | Oct | Nov | Dec
2018: Jan | Feb | Mar | Apr | May | Jun | Jul | Aug | Sep | Oct | Nov | Dec
2017: Jan | Feb | Mar | Apr | May | Jun | Jul | Aug | Sep | Oct | Nov | Dec
2016: Jan | Feb | Mar | Apr | May | Jun | Jul | Aug | Sep | Oct | Nov | Dec
2015: Jan | Feb | Mar | Apr | May | Jun | Jul | Aug | Sep | Oct | Nov | Dec
2014: Jan | Feb | Mar | Apr | May | Jun | Jul | Aug | Sep | Oct | Nov | Dec
2013: Jan | Feb | Mar | Apr | May | Jun | Jul | Aug | Sep | Oct | Nov | Dec
2012: Jan | Feb | Mar | Apr | May | Jun | Jul | Aug | Sep | Oct | Nov | Dec
2011: Jan | Feb | Mar | Apr | May | Jun | Jul | Aug | Sep | Oct | Nov | Dec
2010: Jan | Feb | Mar | Apr | May | Jun | Jul | Aug | Sep | Oct | Nov | Dec
2009: Jan | Feb | Mar | Apr | May | Jun | Jul | Aug | Sep | Oct | Nov | Dec
2008: Jan | Feb | Mar | Apr | May | Jun | Jul | Aug | Sep | Oct | Nov | Dec
2007: Jan | Feb | Mar | Apr | May | Jun | Jul | Aug | Sep | Oct | Nov | Dec
2006: Jan | Feb | Mar | Apr | May | Jun | Jul | Aug | Sep | Oct | Nov | Dec
2005: Jan | Feb | Mar | Apr | May | Jun | Jul | Aug | Sep | Oct | Nov | Dec
2004: Jan | Feb | Mar | Apr | May | Jun | Jul | Aug | Sep | Oct | Nov | Dec
2003: Jan | Feb | Mar | Apr | May | Jun | Jul | Aug | Sep | Oct | Nov | Dec
Report for 2014 01
MONTHLY CLIMATOLOGICAL SUMMARY for JAN. 2014
NAME: Station1 CITY: Lancaster STATE: Ohio
ELEV: 958 ft LAT: 39° 45' 15" N LONG: 82° 34' 05" W
TEMPERATURE (°F), RAIN (in), WIND SPEED (mph)
HEAT COOL AVG
MEAN DEG DEG WIND DOM
DAY TEMP HIGH TIME LOW TIME DAYS DAYS RAIN SPEED HIGH TIME DIR
------------------------------------------------------------------------------------
1 30.4 41.5 3:45p 20.3 4:30a 34.6 0.0 0.00 0.1 12.0 11:15a S
2 23.7 31.9 12:15a 11.1 12:00m 41.3 0.0 0.27 3.4 24.0 8:45p N
3 7.5 15.2 1:30p 0.1 8:00a 57.5 0.0 0.00 0.7 18.0 12:45a NW
4 22.6 36.5 2:45p 7.2 12:15a 42.4 0.0 0.00 1.4 27.0 11:15a S
5 39.2 45.8 11:00p 31.5 12:15a 25.8 0.0 0.20 0.6 22.0 11:00p S
6 4.7 36.2 12:15a -8.9 11:00p 60.3 0.0 0.03 6.5 31.0 12:45a W
7 0.5 9.9 12:00m -8.4 12:15a 64.5 0.0 0.00 4.5 29.0 11:45a SW
8 18.1 26.3 6:45p 8.3 7:45a 46.9 0.0 0.00 0.6 13.0 11:45a SSW
9 29.2 35.9 3:30p 21.1 8:30a 35.8 0.0 0.03 0.2 12.0 9:00p E
10 39.3 49.4 12:00m 30.9 12:15a 25.7 0.0 0.00 0.1 7.0 11:00p S
11 46.5 54.4 1:15p 35.6 11:45p 18.5 0.0 0.77 3.7 28.0 4:15p W
12 36.4 43.1 4:15p 32.9 9:30a 28.6 0.0 0.00 2.0 20.0 12:30a SW
13 44.7 50.5 12:15p 36.3 12:15a 20.3 0.0 0.26 1.6 17.0 11:30p S
14 41.1 46.8 4:00p 35.0 10:45a 23.9 0.0 0.04 1.8 27.0 10:45p SSW
15 28.3 35.3 12:15a 23.5 11:00p 36.7 0.0 0.01 2.2 24.0 2:45a W
16 26.7 31.5 1:30p 20.5 8:00a 38.3 0.0 0.00 2.9 26.0 9:30p SSW
17 27.3 36.0 1:30p 13.5 12:00m 37.7 0.0 0.07 2.5 27.0 2:00p SSW
18 16.9 22.2 3:00p 10.5 2:45a 48.1 0.0 0.02 1.3 16.0 12:00p SSW
19 28.3 34.4 11:00p 20.5 12:15a 36.7 0.0 0.01 4.8 30.0 9:45p SSW
20 35.0 40.8 1:30p 28.2 9:45p 30.0 0.0 0.00 4.6 29.0 12:30a W
21 17.1 28.8 12:15a 2.4 12:00m 47.9 0.0 0.00 3.9 24.0 11:30a N
22 6.7 11.6 11:45p -2.4 7:00a 58.3 0.0 0.00 1.3 16.0 1:30p SSW
23 7.2 13.5 2:15a 1.3 12:00m 57.8 0.0 0.00 3.4 22.0 3:45a W
24 8.4 21.1 11:30p -1.4 6:45a 56.6 0.0 0.00 4.9 27.0 2:15p SSW
25 20.2 29.1 2:30p 10.2 12:00m 44.8 0.0 0.05 7.7 35.0 4:00p SSW
26 19.0 38.0 6:15p 5.4 6:45a 46.0 0.0 0.08 1.4 22.0 2:15p S
27 13.4 42.3 2:30a -2.8 12:00m 51.6 0.0 0.00 4.1 29.0 3:15a WNW
28 -2.8 8.3 1:30p -14.3 7:45a 67.8 0.0 0.00 0.2 7.0 1:30p W
29 5.2 19.9 3:15p -14.3 4:30a 59.8 0.0 0.00 2.1 20.0 2:15p SW
30 18.8 33.7 10:45p 1.1 7:30a 46.2 0.0 0.00 1.4 20.0 11:45p S
31 35.2 40.2 3:15p 32.5 10:00p 29.8 0.0 0.00 2.2 27.0 1:45a SW
-------------------------------------------------------------------------------------
22.4 54.4 11 -14.3 28 1320.2 0.0 1.84 2.5 35.0 25 SSW
Max >= 90.0: 0
Max <= 32.0: 13
Min <= 32.0: 26
Min <= 0.0: 7
Max Rain: 0.77 ON 01/11/14
Days of Rain: 11 (>.01 in) 4 (>.1 in) 0 (>1 in)
Heat Base: 65.0 Cool Base: 65.0 Method: Integration
|