2024: Jan | Feb | Mar | Apr | May | Jun | Jul | Aug | Sep | Oct | Nov | Dec
2023: Jan | Feb | Mar | Apr | May | Jun | Jul | Aug | Sep | Oct | Nov | Dec
2022: Jan | Feb | Mar | Apr | May | Jun | Jul | Aug | Sep | Oct | Nov | Dec
2021: Jan | Feb | Mar | Apr | May | Jun | Jul | Aug | Sep | Oct | Nov | Dec
2020: Jan | Feb | Mar | Apr | May | Jun | Jul | Aug | Sep | Oct | Nov | Dec
2019: Jan | Feb | Mar | Apr | May | Jun | Jul | Aug | Sep | Oct | Nov | Dec
2018: Jan | Feb | Mar | Apr | May | Jun | Jul | Aug | Sep | Oct | Nov | Dec
2017: Jan | Feb | Mar | Apr | May | Jun | Jul | Aug | Sep | Oct | Nov | Dec
2016: Jan | Feb | Mar | Apr | May | Jun | Jul | Aug | Sep | Oct | Nov | Dec
2015: Jan | Feb | Mar | Apr | May | Jun | Jul | Aug | Sep | Oct | Nov | Dec
2014: Jan | Feb | Mar | Apr | May | Jun | Jul | Aug | Sep | Oct | Nov | Dec
2013: Jan | Feb | Mar | Apr | May | Jun | Jul | Aug | Sep | Oct | Nov | Dec
2012: Jan | Feb | Mar | Apr | May | Jun | Jul | Aug | Sep | Oct | Nov | Dec
2011: Jan | Feb | Mar | Apr | May | Jun | Jul | Aug | Sep | Oct | Nov | Dec
2010: Jan | Feb | Mar | Apr | May | Jun | Jul | Aug | Sep | Oct | Nov | Dec
2009: Jan | Feb | Mar | Apr | May | Jun | Jul | Aug | Sep | Oct | Nov | Dec
2008: Jan | Feb | Mar | Apr | May | Jun | Jul | Aug | Sep | Oct | Nov | Dec
2007: Jan | Feb | Mar | Apr | May | Jun | Jul | Aug | Sep | Oct | Nov | Dec
2006: Jan | Feb | Mar | Apr | May | Jun | Jul | Aug | Sep | Oct | Nov | Dec
2005: Jan | Feb | Mar | Apr | May | Jun | Jul | Aug | Sep | Oct | Nov | Dec
2004: Jan | Feb | Mar | Apr | May | Jun | Jul | Aug | Sep | Oct | Nov | Dec
2003: Jan | Feb | Mar | Apr | May | Jun | Jul | Aug | Sep | Oct | Nov | Dec
Report for 2014 02
MONTHLY CLIMATOLOGICAL SUMMARY for FEB. 2014
NAME: Station1 CITY: Lancaster STATE: Ohio
ELEV: 958 ft LAT: 39° 45' 15" N LONG: 82° 34' 05" W
TEMPERATURE (°F), RAIN (in), WIND SPEED (mph)
HEAT COOL AVG
MEAN DEG DEG WIND DOM
DAY TEMP HIGH TIME LOW TIME DAYS DAYS RAIN SPEED HIGH TIME DIR
------------------------------------------------------------------------------------
1 43.6 55.9 4:00p 33.7 12:15a 21.4 0.0 0.00 0.4 13.0 2:30p S
2 34.7 47.7 12:15a 28.2 11:00p 30.3 0.0 0.18 1.5 13.0 2:30p NNW
3 26.6 33.5 3:30p 18.4 11:45p 38.4 0.0 0.02 1.5 14.0 7:30a N
4 25.0 31.5 3:45p 17.8 1:45a 40.0 0.0 0.24 0.8 13.0 5:30p N
5 27.6 32.7 7:45a 22.2 11:45p 37.4 0.0 0.87 1.5 17.0 10:45a WNW
6 20.2 26.6 2:15p 12.1 8:15a 44.8 0.0 0.00 0.0 6.0 1:00a WNW
7 8.2 17.8 4:00p -0.4 7:30a 56.8 0.0 0.00 0.3 13.0 4:00p W
8 15.9 24.2 4:00p 6.0 12:15a 49.1 0.0 0.00 0.0 5.0 10:00a W
9 23.6 29.7 1:00p 16.9 12:00m 41.4 0.0 0.07 0.9 18.0 2:30p WSW
10 14.3 24.1 3:00p 6.1 12:00m 50.7 0.0 0.00 0.4 8.0 12:15p WSW
11 8.2 21.8 3:30p -4.1 7:30a 56.8 0.0 0.00 0.2 8.0 2:30p WSW
12 14.8 34.9 3:30p -4.8 7:00a 50.2 0.0 0.00 0.3 10.0 3:45p WSW
13 27.0 38.2 5:00p 19.2 6:30a 38.0 0.0 0.00 0.6 18.0 12:00m N
14 29.5 33.7 2:15a 23.5 12:00m 35.5 0.0 0.14 3.0 25.0 7:15a W
15 20.9 27.3 2:15p 13.6 11:00p 44.1 0.0 0.03 2.0 17.0 11:15a NNW
16 20.8 28.2 1:30p 11.4 2:15a 44.2 0.0 0.01 0.9 18.0 2:30p WNW
17 23.2 37.5 10:00p 8.4 6:45a 41.8 0.0 0.23 2.5 32.0 10:30p ESE
18 40.6 52.9 4:00p 35.9 1:00a 24.4 0.0 0.00 4.1 31.0 4:30a SW
19 41.1 48.8 10:30a 28.1 11:00p 23.9 0.0 0.06 2.5 27.0 11:00a W
20 45.6 63.1 6:15p 26.0 3:15a 19.4 0.0 0.42 1.4 26.0 10:00p S
21 42.9 58.1 1:30a 36.2 10:00p 22.1 0.0 0.21 5.5 34.0 2:30p SW
22 44.6 58.3 4:15p 32.8 2:00a 20.4 0.0 0.00 3.4 22.0 12:00p SSW
23 34.7 41.6 12:15p 25.6 12:00m 30.3 0.0 0.00 0.9 16.0 11:45a WNW
24 27.0 34.9 3:45p 20.6 7:00a 38.0 0.0 0.00 2.7 22.0 2:00p W
25 25.0 27.9 3:30p 20.2 7:15a 40.0 0.0 0.01 1.5 16.0 10:15p W
26 19.1 24.1 3:15p 13.8 8:30a 45.9 0.0 0.00 2.6 19.0 4:15a WNW
27 17.5 24.1 11:15a 7.0 12:00m 47.5 0.0 0.00 5.2 31.0 12:30p SW
28 18.1 32.4 4:15p 1.7 6:15a 46.9 0.0 0.00 0.4 11.0 10:15a E
-------------------------------------------------------------------------------------
26.4 63.1 20 -4.8 12 1079.7 0.0 2.49 1.7 34.0 21 WSW
Max >= 90.0: 0
Max <= 32.0: 12
Min <= 32.0: 24
Min <= 0.0: 3
Max Rain: 0.87 ON 02/05/14
Days of Rain: 11 (>.01 in) 7 (>.1 in) 0 (>1 in)
Heat Base: 65.0 Cool Base: 65.0 Method: Integration
|