2024: Jan | Feb | Mar | Apr | May | Jun | Jul | Aug | Sep | Oct | Nov | Dec
2023: Jan | Feb | Mar | Apr | May | Jun | Jul | Aug | Sep | Oct | Nov | Dec
2022: Jan | Feb | Mar | Apr | May | Jun | Jul | Aug | Sep | Oct | Nov | Dec
2021: Jan | Feb | Mar | Apr | May | Jun | Jul | Aug | Sep | Oct | Nov | Dec
2020: Jan | Feb | Mar | Apr | May | Jun | Jul | Aug | Sep | Oct | Nov | Dec
2019: Jan | Feb | Mar | Apr | May | Jun | Jul | Aug | Sep | Oct | Nov | Dec
2018: Jan | Feb | Mar | Apr | May | Jun | Jul | Aug | Sep | Oct | Nov | Dec
2017: Jan | Feb | Mar | Apr | May | Jun | Jul | Aug | Sep | Oct | Nov | Dec
2016: Jan | Feb | Mar | Apr | May | Jun | Jul | Aug | Sep | Oct | Nov | Dec
2015: Jan | Feb | Mar | Apr | May | Jun | Jul | Aug | Sep | Oct | Nov | Dec
2014: Jan | Feb | Mar | Apr | May | Jun | Jul | Aug | Sep | Oct | Nov | Dec
2013: Jan | Feb | Mar | Apr | May | Jun | Jul | Aug | Sep | Oct | Nov | Dec
2012: Jan | Feb | Mar | Apr | May | Jun | Jul | Aug | Sep | Oct | Nov | Dec
2011: Jan | Feb | Mar | Apr | May | Jun | Jul | Aug | Sep | Oct | Nov | Dec
2010: Jan | Feb | Mar | Apr | May | Jun | Jul | Aug | Sep | Oct | Nov | Dec
2009: Jan | Feb | Mar | Apr | May | Jun | Jul | Aug | Sep | Oct | Nov | Dec
2008: Jan | Feb | Mar | Apr | May | Jun | Jul | Aug | Sep | Oct | Nov | Dec
2007: Jan | Feb | Mar | Apr | May | Jun | Jul | Aug | Sep | Oct | Nov | Dec
2006: Jan | Feb | Mar | Apr | May | Jun | Jul | Aug | Sep | Oct | Nov | Dec
2005: Jan | Feb | Mar | Apr | May | Jun | Jul | Aug | Sep | Oct | Nov | Dec
2004: Jan | Feb | Mar | Apr | May | Jun | Jul | Aug | Sep | Oct | Nov | Dec
2003: Jan | Feb | Mar | Apr | May | Jun | Jul | Aug | Sep | Oct | Nov | Dec
Report for 2014 03
MONTHLY CLIMATOLOGICAL SUMMARY for MAR. 2014
NAME: Station1 CITY: Lancaster STATE: Ohio
ELEV: 958 ft LAT: 39° 45' 15" N LONG: 82° 34' 05" W
TEMPERATURE (°F), RAIN (in), WIND SPEED (mph)
HEAT COOL AVG
MEAN DEG DEG WIND DOM
DAY TEMP HIGH TIME LOW TIME DAYS DAYS RAIN SPEED HIGH TIME DIR
------------------------------------------------------------------------------------
1 37.3 48.0 4:45p 22.5 1:00a 27.7 0.0 0.00 1.4 21.0 3:30p SW
2 25.3 40.8 12:15a 14.4 11:45p 39.7 0.0 0.25 2.4 17.0 1:00a N
3 14.2 21.0 3:00p 6.3 12:00m 50.8 0.0 0.01 1.8 21.0 5:15a N
4 20.1 36.6 4:00p 6.0 12:15a 44.9 0.0 0.00 0.2 8.0 3:45p NNW
5 25.8 37.0 3:15p 16.9 6:00a 39.2 0.0 0.00 1.2 16.0 6:45p N
6 31.2 47.6 4:15p 18.6 3:45a 33.8 0.0 0.00 0.9 13.0 12:15a ENE
7 40.5 59.9 4:15p 25.6 7:15a 24.5 0.0 0.00 0.2 11.0 11:45a SSW
8 40.9 55.1 1:45p 29.3 2:15a 24.1 0.0 0.00 1.3 16.0 2:00p N
9 36.7 45.8 5:00p 29.0 8:30a 27.1 0.0 0.00 1.6 17.0 5:30p NNW
10 48.6 63.4 5:30p 38.5 12:15a 16.4 0.0 0.00 4.8 28.0 11:45a SW
11 57.4 69.4 3:30p 49.6 11:15p 8.2 0.5 0.00 2.2 20.0 5:15a SW
12 37.1 51.7 1:30a 19.4 12:00m 27.9 0.0 0.49 5.0 30.0 3:45p NNW
13 23.4 32.9 5:30p 11.9 8:00a 41.6 0.0 0.00 2.6 21.0 4:15p NNW
14 47.3 62.4 5:00p 30.3 6:30a 17.7 0.0 0.00 7.1 38.0 4:00p SSW
15 46.6 56.0 4:30p 36.3 12:00m 18.4 0.0 0.02 3.2 30.0 12:30a W
16 29.1 36.3 12:15a 25.7 11:45p 35.9 0.0 0.00 2.8 21.0 3:15p N
17 31.0 42.9 6:00p 22.9 7:45a 34.0 0.0 0.00 1.0 13.0 4:45a N
18 43.3 58.1 5:15p 27.9 8:00a 21.7 0.0 0.00 0.9 17.0 1:15p ESE
19 47.6 53.3 6:00p 41.2 12:00m 17.4 0.0 0.13 4.5 31.0 10:00p S
20 40.4 47.3 4:00p 34.9 8:00a 24.6 0.0 0.00 3.9 25.0 6:30a W
21 50.3 67.8 5:15p 35.0 7:00a 14.9 0.2 0.00 1.7 24.0 10:45p SSW
22 48.3 59.3 12:15a 37.8 12:00m 16.7 0.0 0.00 4.3 25.0 3:30a NNW
23 31.9 37.8 12:15a 23.2 11:45p 33.1 0.0 0.00 3.7 21.0 4:15p NNW
24 28.0 39.1 4:45p 16.7 6:30a 37.0 0.0 0.00 1.3 20.0 3:00p SW
25 30.5 40.8 4:00p 24.2 12:00m 34.5 0.0 0.00 2.3 25.0 4:45p NNW
26 26.2 37.3 5:30p 15.6 7:30a 38.8 0.0 0.00 1.7 19.0 12:45a NW
27 40.2 58.3 11:15p 22.5 2:00a 24.8 0.0 0.00 1.9 24.0 11:30p S
28 53.0 61.2 4:30p 40.1 11:45p 12.0 0.0 0.10 5.4 28.0 8:15a SSW
29 36.7 40.3 12:15a 32.1 10:15p 28.3 0.0 0.84 4.3 22.0 6:00p N
30 37.6 49.2 5:00p 29.7 8:00a 27.4 0.0 0.02 4.7 22.0 2:45a NNW
31 46.5 64.7 5:00p 28.4 6:15a 18.5 0.0 0.00 0.1 8.0 12:15p E
-------------------------------------------------------------------------------------
37.2 69.4 11 6.0 4 861.6 0.7 1.86 2.6 38.0 14 N
Max >= 90.0: 0
Max <= 32.0: 1
Min <= 32.0: 22
Min <= 0.0: 0
Max Rain: 0.84 ON 03/29/14
Days of Rain: 7 (>.01 in) 4 (>.1 in) 0 (>1 in)
Heat Base: 65.0 Cool Base: 65.0 Method: Integration
|