Weather Information | Photos of Local Events | Personal Weather Stations Links | Lancaster Links | Site Map

NOAA Report Archive
(Reports Generated by WeatherLink)
2017: Jan | Feb | Mar | Apr | May | Jun | Jul | Aug | Sep | Oct | Nov | Dec 
2016: Jan | Feb | Mar | Apr | May | Jun | Jul | Aug | Sep | Oct | Nov | Dec 
2015: Jan | Feb | Mar | Apr | May | Jun | Jul | Aug | Sep | Oct | Nov | Dec 
2014: Jan | Feb | Mar | Apr | May | Jun | Jul | Aug | Sep | Oct | Nov | Dec 
2013: Jan | Feb | Mar | Apr | May | Jun | Jul | Aug | Sep | Oct | Nov | Dec 
2012: Jan | Feb | Mar | Apr | May | Jun | Jul | Aug | Sep | Oct | Nov | Dec 
2011: Jan | Feb | Mar | Apr | May | Jun | Jul | Aug | Sep | Oct | Nov | Dec 
2010: Jan | Feb | Mar | Apr | May | Jun | Jul | Aug | Sep | Oct | Nov | Dec 
2009: Jan | Feb | Mar | Apr | May | Jun | Jul | Aug | Sep | Oct | Nov | Dec 
2008: Jan | Feb | Mar | Apr | May | Jun | Jul | Aug | Sep | Oct | Nov | Dec 
2007: Jan | Feb | Mar | Apr | May | Jun | Jul | Aug | Sep | Oct | Nov | Dec 
2006: Jan | Feb | Mar | Apr | May | Jun | Jul | Aug | Sep | Oct | Nov | Dec 
2005: Jan | Feb | Mar | Apr | May | Jun | Jul | Aug | Sep | Oct | Nov | Dec 
2004: Jan | Feb | Mar | Apr | May | Jun | Jul | Aug | Sep | Oct | Nov | Dec 
2003: Jan | Feb | Mar | Apr | May | Jun | Jul | Aug | Sep | Oct | Nov | Dec 

Report for 2014 04
MONTHLY CLIMATOLOGICAL SUMMARY for APR. 2014 NAME: Station1 CITY: Lancaster STATE: Ohio ELEV: 958 ft LAT: 39 45' 15" N LONG: 82 34' 05" W TEMPERATURE (F), RAIN (in), WIND SPEED (mph) HEAT COOL AVG MEAN DEG DEG WIND DOM DAY TEMP HIGH TIME LOW TIME DAYS DAYS RAIN SPEED HIGH TIME DIR ------------------------------------------------------------------------------------ 1 60.3 76.1 5:15p 45.2 7:15a 7.6 2.9 0.01 4.1 36.0 3:30p W 2 50.0 59.5 3:45p 43.6 7:45a 15.0 0.0 0.29 0.4 12.0 1:45a NNE 3 49.7 55.1 7:00p 45.1 7:45a 15.3 0.0 0.56 0.6 12.0 5:00a E 4 54.8 67.4 3:30p 41.3 12:00m 10.4 0.2 0.29 4.5 43.0 3:00p W 5 40.3 49.9 6:00p 31.2 12:00m 24.7 0.0 0.00 2.6 24.0 12:15a W 6 43.7 60.2 4:30p 25.1 7:15a 21.3 0.0 0.00 0.9 14.0 10:30a E 7 50.7 56.5 10:00p 45.2 4:30a 14.3 0.0 1.14 1.3 29.0 11:00p E 8 51.8 62.1 4:30p 42.3 4:45a 13.2 0.0 0.02 4.4 36.0 2:45a W 9 50.3 59.8 2:15p 38.5 12:00m 14.7 0.0 0.00 2.2 17.0 1:15p NNW 10 56.7 74.4 5:00p 34.9 7:15a 10.8 2.5 0.00 5.2 34.0 5:30p SSW 11 59.4 69.9 3:15p 45.7 12:00m 6.0 0.5 0.12 2.2 26.0 12:15a SW 12 59.3 77.9 4:15p 37.9 7:00a 9.4 3.7 0.00 1.3 20.0 2:15p SSW 13 68.8 80.5 6:15p 54.2 3:45a 2.3 6.1 0.00 4.0 32.0 11:00a SSW 14 66.8 74.7 1:45a 50.7 12:00m 1.5 3.3 0.14 5.0 27.0 6:15a SSW 15 34.5 50.7 12:15a 29.0 12:00m 30.5 0.0 0.35 3.8 20.0 3:45a NNW 16 36.6 48.9 5:00p 23.2 7:00a 28.4 0.0 0.00 1.3 13.0 12:15p E 17 51.4 68.9 4:45p 35.3 4:30a 14.0 0.4 0.00 1.1 17.0 1:15p SSW 18 55.0 70.9 4:15p 38.3 3:45a 11.3 1.3 0.00 0.4 13.0 2:00p NNW 19 54.9 67.1 3:45p 44.3 7:15a 10.3 0.2 0.00 1.7 14.0 11:45a NNE 20 57.9 77.6 4:45p 37.5 6:30a 10.3 3.1 0.00 0.2 12.0 1:45p E 21 62.8 79.6 2:30p 40.6 7:15a 7.4 5.2 0.00 0.9 21.0 5:00p SW 22 61.5 70.8 2:00p 48.5 12:00m 4.6 1.1 0.04 3.2 25.0 1:45p WNW 23 47.4 58.0 3:45p 38.3 7:00a 17.6 0.0 0.00 2.8 18.0 10:15a NNW 24 50.8 63.2 4:45p 37.0 1:45a 14.2 0.0 0.00 0.2 12.0 12:30p E 25 52.7 57.8 3:45p 43.3 12:00m 12.3 0.0 0.41 0.9 26.0 6:00p S 26 57.4 74.7 5:15p 39.6 3:15a 9.4 1.8 0.01 2.4 20.0 2:15p SW 27 54.1 69.9 5:30p 38.8 7:00a 11.4 0.5 0.00 0.9 12.0 11:30a ENE 28 54.2 59.0 12:00m 48.2 11:30a 10.8 0.0 0.49 0.4 11.0 12:30a ENE 29 65.4 78.5 5:15p 55.7 12:00m 2.7 3.2 1.28 1.3 25.0 3:15p SSW 30 56.5 60.7 4:30p 53.3 7:00a 8.5 0.0 0.75 0.4 16.0 11:30p SSW ------------------------------------------------------------------------------------- 53.9 80.5 13 23.2 16 370.2 36.0 5.90 2.0 43.0 4 SSW Max >= 90.0: 0 Max <= 32.0: 0 Min <= 32.0: 4 Min <= 0.0: 0 Max Rain: 1.28 ON 04/29/14 Days of Rain: 13 (>.01 in) 11 (>.1 in) 2 (>1 in) Heat Base: 65.0 Cool Base: 65.0 Method: Integration
 
USA Weather Finder