Weather Information | Photos of Local Events | Personal Weather Stations Links | Lancaster Links | Site Map

NOAA Report Archive
(Reports Generated by WeatherLink)
2017: Jan | Feb | Mar | Apr | May | Jun | Jul | Aug | Sep | Oct | Nov | Dec 
2016: Jan | Feb | Mar | Apr | May | Jun | Jul | Aug | Sep | Oct | Nov | Dec 
2015: Jan | Feb | Mar | Apr | May | Jun | Jul | Aug | Sep | Oct | Nov | Dec 
2014: Jan | Feb | Mar | Apr | May | Jun | Jul | Aug | Sep | Oct | Nov | Dec 
2013: Jan | Feb | Mar | Apr | May | Jun | Jul | Aug | Sep | Oct | Nov | Dec 
2012: Jan | Feb | Mar | Apr | May | Jun | Jul | Aug | Sep | Oct | Nov | Dec 
2011: Jan | Feb | Mar | Apr | May | Jun | Jul | Aug | Sep | Oct | Nov | Dec 
2010: Jan | Feb | Mar | Apr | May | Jun | Jul | Aug | Sep | Oct | Nov | Dec 
2009: Jan | Feb | Mar | Apr | May | Jun | Jul | Aug | Sep | Oct | Nov | Dec 
2008: Jan | Feb | Mar | Apr | May | Jun | Jul | Aug | Sep | Oct | Nov | Dec 
2007: Jan | Feb | Mar | Apr | May | Jun | Jul | Aug | Sep | Oct | Nov | Dec 
2006: Jan | Feb | Mar | Apr | May | Jun | Jul | Aug | Sep | Oct | Nov | Dec 
2005: Jan | Feb | Mar | Apr | May | Jun | Jul | Aug | Sep | Oct | Nov | Dec 
2004: Jan | Feb | Mar | Apr | May | Jun | Jul | Aug | Sep | Oct | Nov | Dec 
2003: Jan | Feb | Mar | Apr | May | Jun | Jul | Aug | Sep | Oct | Nov | Dec 

Report for 2014 05
MONTHLY CLIMATOLOGICAL SUMMARY for MAY. 2014 NAME: Station1 CITY: Lancaster STATE: Ohio ELEV: 958 ft LAT: 39 45' 15" N LONG: 82 34' 05" W TEMPERATURE (F), RAIN (in), WIND SPEED (mph) HEAT COOL AVG MEAN DEG DEG WIND DOM DAY TEMP HIGH TIME LOW TIME DAYS DAYS RAIN SPEED HIGH TIME DIR ------------------------------------------------------------------------------------ 1 53.5 58.3 5:15p 47.6 7:15a 11.5 0.0 0.00 2.8 25.0 3:15p SW 2 50.9 58.1 1:45p 44.2 6:00a 14.1 0.0 0.00 1.7 19.0 2:30p SW 3 56.0 67.3 5:00p 44.1 3:45a 9.1 0.1 0.00 2.9 29.0 10:00a SW 4 59.1 68.3 3:00p 49.4 12:00m 6.1 0.2 0.00 2.8 30.0 3:00p SW 5 48.8 58.4 4:45p 41.9 5:15a 16.2 0.0 0.04 0.3 13.0 2:00p ENE 6 57.5 73.5 4:45p 41.8 6:45a 9.0 1.6 0.00 0.4 12.0 9:15a NNE 7 67.9 85.7 5:00p 50.1 7:00a 4.2 7.1 0.00 0.9 22.0 5:45p SSW 8 72.2 86.3 4:30p 57.0 6:30a 2.2 9.4 0.00 2.2 24.0 3:15p SSW 9 68.2 79.8 11:45a 58.0 3:30a 1.4 4.7 0.22 2.1 31.0 4:45p SSW 10 63.7 70.3 1:45p 55.6 12:00m 1.8 0.5 0.39 1.7 21.0 1:15p SW 11 66.3 82.2 5:15p 55.7 6:30a 3.6 5.0 0.08 0.1 16.0 4:45p SSW 12 72.8 85.9 5:00p 62.6 2:00a 0.6 8.4 1.11 0.8 19.0 1:15p SSW 13 77.3 88.2 5:00p 66.6 6:30a 0.0 12.3 0.00 1.6 22.0 1:00p SSW 14 71.0 82.0 2:15p 64.0 10:15p 0.0 6.1 0.59 0.3 18.0 2:15p SW 15 58.2 65.5 12:15a 46.1 11:45p 6.8 0.0 0.73 2.0 24.0 5:15p SW 16 48.5 58.0 12:00p 36.5 6:30a 16.5 0.0 0.14 0.4 18.0 10:00p WSW 17 46.3 56.9 1:15p 40.5 3:00a 18.7 0.0 0.30 0.9 20.0 12:15p SW 18 50.6 66.6 5:15p 33.8 6:30a 14.4 0.0 0.00 0.1 10.0 1:30p N 19 55.7 71.5 5:00p 37.2 6:30a 10.5 1.2 0.00 0.0 8.0 11:15a NE 20 63.8 76.8 5:30p 52.5 12:45a 4.6 3.4 0.00 0.3 14.0 7:15p SSW 21 67.4 76.8 2:30p 59.5 3:15a 1.3 3.6 0.06 0.8 16.0 12:45p SW 22 68.9 78.8 3:45p 61.8 4:45a 0.7 4.6 0.02 1.4 18.0 1:30p NNW 23 61.6 71.5 2:45p 51.3 5:00a 4.9 1.5 0.00 1.4 16.0 12:15p NNW 24 62.3 78.1 5:15p 44.9 6:30a 6.5 3.8 0.00 0.0 10.0 11:15a NNE 25 66.0 81.8 5:30p 49.8 6:15a 4.8 5.7 0.00 0.0 10.0 3:30p ENE 26 70.6 85.9 3:45p 50.8 6:45a 3.7 9.4 0.00 0.4 17.0 4:00p SSW 27 76.3 88.4 4:15p 68.9 12:00m 0.0 11.3 0.00 1.1 20.0 4:15p SW 28 74.5 88.8 3:45p 66.1 1:45a 0.0 9.5 0.04 0.6 22.0 5:00p WSW 29 71.8 84.9 4:30p 63.2 5:45a 0.3 7.0 0.01 0.1 10.0 2:30p NNE 30 68.6 83.2 5:30p 55.1 5:45a 2.2 5.7 0.00 0.4 12.0 3:30p NNE 31 69.8 84.0 3:30p 53.3 6:15a 2.9 7.7 0.00 0.2 12.0 2:15p ENE ------------------------------------------------------------------------------------- 63.4 88.8 28 33.8 18 178.6 129.8 3.73 1.0 31.0 9 SSW Max >= 90.0: 0 Max <= 32.0: 0 Min <= 32.0: 0 Min <= 0.0: 0 Max Rain: 1.11 ON 05/12/14 Days of Rain: 12 (>.01 in) 7 (>.1 in) 1 (>1 in) Heat Base: 65.0 Cool Base: 65.0 Method: Integration
 
USA Weather Finder