Weather Information | Photos of Local Events | Personal Weather Stations Links | Lancaster Links | Site Map

NOAA Report Archive
(Reports Generated by WeatherLink)
2017: Jan | Feb | Mar | Apr | May | Jun | Jul | Aug | Sep | Oct | Nov | Dec 
2016: Jan | Feb | Mar | Apr | May | Jun | Jul | Aug | Sep | Oct | Nov | Dec 
2015: Jan | Feb | Mar | Apr | May | Jun | Jul | Aug | Sep | Oct | Nov | Dec 
2014: Jan | Feb | Mar | Apr | May | Jun | Jul | Aug | Sep | Oct | Nov | Dec 
2013: Jan | Feb | Mar | Apr | May | Jun | Jul | Aug | Sep | Oct | Nov | Dec 
2012: Jan | Feb | Mar | Apr | May | Jun | Jul | Aug | Sep | Oct | Nov | Dec 
2011: Jan | Feb | Mar | Apr | May | Jun | Jul | Aug | Sep | Oct | Nov | Dec 
2010: Jan | Feb | Mar | Apr | May | Jun | Jul | Aug | Sep | Oct | Nov | Dec 
2009: Jan | Feb | Mar | Apr | May | Jun | Jul | Aug | Sep | Oct | Nov | Dec 
2008: Jan | Feb | Mar | Apr | May | Jun | Jul | Aug | Sep | Oct | Nov | Dec 
2007: Jan | Feb | Mar | Apr | May | Jun | Jul | Aug | Sep | Oct | Nov | Dec 
2006: Jan | Feb | Mar | Apr | May | Jun | Jul | Aug | Sep | Oct | Nov | Dec 
2005: Jan | Feb | Mar | Apr | May | Jun | Jul | Aug | Sep | Oct | Nov | Dec 
2004: Jan | Feb | Mar | Apr | May | Jun | Jul | Aug | Sep | Oct | Nov | Dec 
2003: Jan | Feb | Mar | Apr | May | Jun | Jul | Aug | Sep | Oct | Nov | Dec 

Report for 2014 06
MONTHLY CLIMATOLOGICAL SUMMARY for JUN. 2014 NAME: Station1 CITY: Lancaster STATE: Ohio ELEV: 958 ft LAT: 39 45' 15" N LONG: 82 34' 05" W TEMPERATURE (F), RAIN (in), WIND SPEED (mph) HEAT COOL AVG MEAN DEG DEG WIND DOM DAY TEMP HIGH TIME LOW TIME DAYS DAYS RAIN SPEED HIGH TIME DIR ------------------------------------------------------------------------------------ 1 71.4 85.1 4:30p 52.5 6:15a 2.8 9.1 0.00 0.1 16.0 3:15p SSW 2 73.8 81.1 5:15p 69.3 12:00p 0.0 8.8 0.06 1.1 19.0 5:15p SSW 3 74.7 85.7 4:45p 67.6 12:00m 0.0 9.7 0.22 2.2 20.0 3:45a SW 4 67.2 74.7 2:45p 58.7 6:30a 1.0 3.2 1.11 0.3 14.0 11:45p NNW 5 65.7 76.1 3:30p 56.0 6:45a 2.9 3.6 0.00 1.0 14.0 12:15a N 6 65.4 80.7 5:00p 47.7 6:15a 5.0 5.4 0.00 0.0 10.0 3:15p NNE 7 68.0 82.8 4:15p 51.0 6:00a 3.8 6.9 0.00 0.0 8.0 1:15p NNE 8 64.5 77.4 2:15p 56.5 3:30a 3.0 2.5 0.10 1.2 21.0 2:30p SSW 9 64.7 75.3 4:15p 54.2 6:30a 3.1 2.8 0.01 0.1 7.0 11:15a NNE 10 65.2 75.3 6:00p 57.2 5:15a 2.2 2.5 0.43 0.1 18.0 9:45p ENE 11 70.0 79.9 4:15p 63.1 6:00a 0.3 5.4 0.01 0.3 17.0 10:30a S 12 70.6 78.8 1:00p 62.7 12:00m 0.1 5.7 0.00 1.0 22.0 2:15p SW 13 68.1 76.5 5:45p 58.0 11:45p 1.3 4.4 0.00 0.9 22.0 3:30p NNW 14 64.2 78.6 5:45p 46.5 6:45a 4.7 3.9 0.00 0.3 10.0 1:15a NNE 15 68.1 84.9 4:00p 48.8 6:15a 4.5 7.6 0.00 0.1 12.0 6:00p SSW 16 74.7 86.3 12:45p 62.1 6:15a 0.4 10.1 0.04 0.4 17.0 10:15a SSW 17 79.0 89.7 3:30p 66.0 6:15a 0.0 14.0 0.00 2.3 25.0 5:30p SSW 18 80.3 90.7 5:00p 66.9 11:45p 0.0 15.3 0.47 1.2 26.0 9:30p SW 19 73.6 82.6 3:30p 66.4 6:00a 0.0 8.6 0.28 0.2 19.0 3:30a NNE 20 74.0 86.5 2:45p 68.6 6:45a 0.0 9.0 0.62 0.1 11.0 3:30p SSW 21 71.9 79.6 2:45p 63.7 12:00m 0.0 6.9 0.00 0.8 13.0 12:30p NNW 22 72.2 87.6 4:30p 59.5 5:45a 1.3 8.4 0.00 0.1 10.0 7:15p ENE 23 78.6 90.1 4:45p 68.1 5:45a 0.0 13.6 0.01 0.4 16.0 1:45p SSW 24 76.5 86.5 4:00p 68.3 6:30a 0.0 11.5 0.06 0.7 17.0 9:45a SSW 25 74.8 85.7 4:30p 69.4 12:00m 0.0 9.8 0.48 0.5 13.0 12:45p N 26 76.3 86.5 5:15p 66.6 6:15a 0.0 11.3 0.00 0.0 8.0 2:45p NNE 27 76.1 88.2 4:00p 63.5 6:15a 0.1 11.2 0.00 0.0 6.0 12:00p NE 28 74.2 87.8 2:30p 63.9 6:15a 0.1 9.3 0.06 0.1 13.0 3:00p SSW 29 77.1 87.0 3:00p 69.8 4:15a 0.0 12.1 0.00 0.5 20.0 3:45p SW 30 76.7 84.7 3:30p 68.1 6:30a 0.0 11.7 0.00 0.4 17.0 3:45p SSW ------------------------------------------------------------------------------------- 71.9 90.7 18 46.5 14 36.6 244.3 3.96 0.5 26.0 18 SSW Max >= 90.0: 2 Max <= 32.0: 0 Min <= 32.0: 0 Min <= 0.0: 0 Max Rain: 1.11 ON 06/04/14 Days of Rain: 12 (>.01 in) 7 (>.1 in) 1 (>1 in) Heat Base: 65.0 Cool Base: 65.0 Method: Integration
 
USA Weather Finder