2024: Jan | Feb | Mar | Apr | May | Jun | Jul | Aug | Sep | Oct | Nov | Dec
2023: Jan | Feb | Mar | Apr | May | Jun | Jul | Aug | Sep | Oct | Nov | Dec
2022: Jan | Feb | Mar | Apr | May | Jun | Jul | Aug | Sep | Oct | Nov | Dec
2021: Jan | Feb | Mar | Apr | May | Jun | Jul | Aug | Sep | Oct | Nov | Dec
2020: Jan | Feb | Mar | Apr | May | Jun | Jul | Aug | Sep | Oct | Nov | Dec
2019: Jan | Feb | Mar | Apr | May | Jun | Jul | Aug | Sep | Oct | Nov | Dec
2018: Jan | Feb | Mar | Apr | May | Jun | Jul | Aug | Sep | Oct | Nov | Dec
2017: Jan | Feb | Mar | Apr | May | Jun | Jul | Aug | Sep | Oct | Nov | Dec
2016: Jan | Feb | Mar | Apr | May | Jun | Jul | Aug | Sep | Oct | Nov | Dec
2015: Jan | Feb | Mar | Apr | May | Jun | Jul | Aug | Sep | Oct | Nov | Dec
2014: Jan | Feb | Mar | Apr | May | Jun | Jul | Aug | Sep | Oct | Nov | Dec
2013: Jan | Feb | Mar | Apr | May | Jun | Jul | Aug | Sep | Oct | Nov | Dec
2012: Jan | Feb | Mar | Apr | May | Jun | Jul | Aug | Sep | Oct | Nov | Dec
2011: Jan | Feb | Mar | Apr | May | Jun | Jul | Aug | Sep | Oct | Nov | Dec
2010: Jan | Feb | Mar | Apr | May | Jun | Jul | Aug | Sep | Oct | Nov | Dec
2009: Jan | Feb | Mar | Apr | May | Jun | Jul | Aug | Sep | Oct | Nov | Dec
2008: Jan | Feb | Mar | Apr | May | Jun | Jul | Aug | Sep | Oct | Nov | Dec
2007: Jan | Feb | Mar | Apr | May | Jun | Jul | Aug | Sep | Oct | Nov | Dec
2006: Jan | Feb | Mar | Apr | May | Jun | Jul | Aug | Sep | Oct | Nov | Dec
2005: Jan | Feb | Mar | Apr | May | Jun | Jul | Aug | Sep | Oct | Nov | Dec
2004: Jan | Feb | Mar | Apr | May | Jun | Jul | Aug | Sep | Oct | Nov | Dec
2003: Jan | Feb | Mar | Apr | May | Jun | Jul | Aug | Sep | Oct | Nov | Dec
Report for 2014 07
MONTHLY CLIMATOLOGICAL SUMMARY for JUL. 2014
NAME: Station1 CITY: Lancaster STATE: Ohio
ELEV: 958 ft LAT: 39° 45' 15" N LONG: 82° 34' 05" W
TEMPERATURE (°F), RAIN (in), WIND SPEED (mph)
HEAT COOL AVG
MEAN DEG DEG WIND DOM
DAY TEMP HIGH TIME LOW TIME DAYS DAYS RAIN SPEED HIGH TIME DIR
------------------------------------------------------------------------------------
1 80.2 91.4 5:45p 67.4 11:15p 0.0 15.2 0.71 1.4 22.0 11:00a SSW
2 75.6 85.9 5:15p 66.8 4:30a 0.0 10.6 0.17 0.7 18.0 2:45p SSW
3 69.4 76.8 4:00p 60.9 12:00m 0.2 4.6 0.05 1.0 17.0 1:00p WSW
4 66.0 79.2 3:45p 52.9 6:30a 3.8 4.8 0.00 0.7 14.0 12:45p NNW
5 65.2 79.9 5:15p 48.5 6:15a 4.7 5.0 0.00 0.0 10.0 11:45a ENE
6 68.0 81.8 6:15p 54.2 2:30a 3.0 6.0 0.14 0.3 17.0 2:45p SW
7 75.4 84.9 2:30p 65.8 12:15a 0.0 10.4 0.07 2.9 28.0 11:15a SW
8 76.0 83.6 4:30p 70.4 1:00a 0.0 11.0 0.11 2.7 30.0 2:30p SSW
9 74.8 84.7 4:00p 65.5 6:15a 0.0 9.8 0.00 0.6 16.0 2:15p WSW
10 72.7 85.5 5:00p 60.1 6:15a 1.0 8.7 0.00 0.2 10.0 2:30p NNE
11 72.9 87.6 5:15p 58.1 6:45a 1.2 9.2 0.00 0.0 7.0 1:15p NNE
12 74.8 87.6 4:15p 61.5 4:45a 0.8 10.7 0.00 0.4 17.0 2:00p SW
13 77.0 87.8 2:00p 70.3 12:00m 0.0 12.0 1.03 1.5 19.0 10:45a SSW
14 73.9 82.6 6:15p 67.4 11:45p 0.0 8.9 0.36 0.7 18.0 10:15p SW
15 69.2 77.2 4:00p 58.3 12:00m 0.5 4.7 0.13 1.2 17.0 11:30a WSW
16 62.9 73.7 4:30p 51.3 6:15a 4.5 2.4 0.00 0.3 11.0 3:45p NNW
17 64.7 79.0 4:30p 49.6 6:15a 4.9 4.7 0.00 0.1 7.0 9:45a NW
18 65.3 77.6 12:00p 52.0 5:45a 3.8 4.1 0.03 0.0 8.0 2:45p ENE
19 66.0 69.1 4:30p 63.4 7:00a 0.4 1.4 0.14 0.0 6.0 12:45p SSW
20 71.7 81.1 4:15p 65.5 7:15a 0.0 6.7 0.09 0.0 7.0 4:15p NNE
21 75.2 88.4 6:00p 63.7 6:45a 0.0 10.3 0.00 0.0 3.0 3:45p NNE
22 78.4 91.2 5:00p 65.3 6:45a 0.0 13.4 0.00 0.1 11.0 4:00p SSW
23 75.1 84.9 3:30p 63.5 12:00m 0.0 10.1 0.09 1.0 16.0 11:30a NNW
24 68.2 80.1 4:00p 59.2 6:45a 1.5 4.7 0.01 0.7 14.0 10:30a NNE
25 67.2 80.7 4:00p 51.0 6:30a 3.7 5.9 0.00 0.1 13.0 4:15p SW
26 72.9 84.5 2:15p 61.3 7:00a 0.3 8.2 0.27 0.8 18.0 12:30p SSW
27 72.7 83.4 2:00p 67.1 11:15p 0.0 7.7 0.17 1.0 20.0 2:15p SW
28 66.5 74.9 5:15p 59.6 11:45p 0.9 2.5 0.00 1.2 16.0 3:15p WSW
29 64.0 73.2 4:15p 55.7 12:00m 3.0 2.0 0.00 0.1 10.0 4:00p NNE
30 64.9 78.1 2:00p 54.4 1:30a 3.2 3.1 0.08 0.6 19.0 3:45p SW
31 70.4 82.8 6:00p 58.9 6:30a 1.4 6.8 0.00 0.3 16.0 2:00p WSW
-------------------------------------------------------------------------------------
70.9 91.4 1 48.5 5 42.8 225.6 3.65 0.7 30.0 8 SW
Max >= 90.0: 2
Max <= 32.0: 0
Min <= 32.0: 0
Min <= 0.0: 0
Max Rain: 1.03 ON 07/13/14
Days of Rain: 16 (>.01 in) 10 (>.1 in) 1 (>1 in)
Heat Base: 65.0 Cool Base: 65.0 Method: Integration
|