2024: Jan | Feb | Mar | Apr | May | Jun | Jul | Aug | Sep | Oct | Nov | Dec
2023: Jan | Feb | Mar | Apr | May | Jun | Jul | Aug | Sep | Oct | Nov | Dec
2022: Jan | Feb | Mar | Apr | May | Jun | Jul | Aug | Sep | Oct | Nov | Dec
2021: Jan | Feb | Mar | Apr | May | Jun | Jul | Aug | Sep | Oct | Nov | Dec
2020: Jan | Feb | Mar | Apr | May | Jun | Jul | Aug | Sep | Oct | Nov | Dec
2019: Jan | Feb | Mar | Apr | May | Jun | Jul | Aug | Sep | Oct | Nov | Dec
2018: Jan | Feb | Mar | Apr | May | Jun | Jul | Aug | Sep | Oct | Nov | Dec
2017: Jan | Feb | Mar | Apr | May | Jun | Jul | Aug | Sep | Oct | Nov | Dec
2016: Jan | Feb | Mar | Apr | May | Jun | Jul | Aug | Sep | Oct | Nov | Dec
2015: Jan | Feb | Mar | Apr | May | Jun | Jul | Aug | Sep | Oct | Nov | Dec
2014: Jan | Feb | Mar | Apr | May | Jun | Jul | Aug | Sep | Oct | Nov | Dec
2013: Jan | Feb | Mar | Apr | May | Jun | Jul | Aug | Sep | Oct | Nov | Dec
2012: Jan | Feb | Mar | Apr | May | Jun | Jul | Aug | Sep | Oct | Nov | Dec
2011: Jan | Feb | Mar | Apr | May | Jun | Jul | Aug | Sep | Oct | Nov | Dec
2010: Jan | Feb | Mar | Apr | May | Jun | Jul | Aug | Sep | Oct | Nov | Dec
2009: Jan | Feb | Mar | Apr | May | Jun | Jul | Aug | Sep | Oct | Nov | Dec
2008: Jan | Feb | Mar | Apr | May | Jun | Jul | Aug | Sep | Oct | Nov | Dec
2007: Jan | Feb | Mar | Apr | May | Jun | Jul | Aug | Sep | Oct | Nov | Dec
2006: Jan | Feb | Mar | Apr | May | Jun | Jul | Aug | Sep | Oct | Nov | Dec
2005: Jan | Feb | Mar | Apr | May | Jun | Jul | Aug | Sep | Oct | Nov | Dec
2004: Jan | Feb | Mar | Apr | May | Jun | Jul | Aug | Sep | Oct | Nov | Dec
2003: Jan | Feb | Mar | Apr | May | Jun | Jul | Aug | Sep | Oct | Nov | Dec
Report for 2014 08
MONTHLY CLIMATOLOGICAL SUMMARY for AUG. 2014
NAME: Station1 CITY: Lancaster STATE: Ohio
ELEV: 958 ft LAT: 39° 45' 15" N LONG: 82° 34' 05" W
TEMPERATURE (°F), RAIN (in), WIND SPEED (mph)
HEAT COOL AVG
MEAN DEG DEG WIND DOM
DAY TEMP HIGH TIME LOW TIME DAYS DAYS RAIN SPEED HIGH TIME DIR
------------------------------------------------------------------------------------
1 72.2 84.5 12:45p 59.5 6:30a 1.3 8.5 0.00 0.0 7.0 2:30p ENE
2 67.5 74.7 2:00p 61.8 12:00m 0.3 2.8 0.22 0.2 12.0 2:30p N
3 69.9 84.3 6:00p 57.3 4:45a 2.2 7.1 0.00 0.1 10.0 12:45p NNE
4 72.4 87.8 5:30p 57.5 6:45a 1.7 9.1 0.00 0.0 8.0 2:45p N
5 73.0 87.4 4:00p 58.9 6:30a 1.4 9.4 0.00 0.1 10.0 3:30p WSW
6 71.9 83.4 4:00p 63.7 7:00a 0.1 7.0 0.00 0.1 12.0 6:00p NNE
7 68.7 82.6 4:00p 54.7 6:45a 2.6 6.2 0.00 0.0 8.0 2:30p NNE
8 69.8 84.0 4:15p 57.3 5:30a 2.2 7.0 0.00 0.2 13.0 1:30p NE
9 72.4 87.0 5:45p 58.7 7:00a 1.3 8.6 0.00 0.0 10.0 6:30p NNE
10 74.7 86.7 5:15p 62.3 7:00a 0.3 10.0 0.00 0.0 10.0 12:15p ENE
11 73.7 83.8 4:15p 68.1 7:30a 0.0 8.7 0.35 0.4 17.0 2:45p S
12 72.1 81.4 3:00p 63.7 11:30p 0.1 7.2 0.38 1.8 25.0 2:15p WSW
13 67.2 79.4 5:15p 59.3 12:00m 1.9 4.1 0.01 0.8 17.0 2:00p N
14 66.6 78.1 5:45p 54.4 12:00m 2.8 4.4 0.00 0.9 17.0 3:15p NNW
15 62.5 79.2 4:00p 46.2 6:45a 6.8 4.2 0.00 0.2 13.0 12:30p NNW
16 63.7 82.2 2:30p 45.7 6:30a 6.1 4.7 0.02 0.5 16.0 2:15p SSW
17 74.2 84.1 12:00p 66.4 7:30a 0.0 9.2 0.00 0.2 11.0 12:00p SW
18 74.1 86.3 5:45p 64.3 4:30a 0.0 9.1 0.00 0.2 11.0 12:00p NNE
19 75.3 88.6 2:45p 62.0 7:15a 0.3 10.6 0.00 0.1 14.0 3:30p SSW
20 76.8 87.8 3:45p 67.6 7:30a 0.0 11.8 0.08 0.9 20.0 4:45a SW
21 70.8 74.0 11:30a 66.9 5:15a 0.0 5.8 0.59 0.3 13.0 4:15p SW
22 74.8 84.7 4:00p 66.8 6:45a 0.0 9.8 0.24 0.1 17.0 2:15a SW
23 75.0 88.4 3:45p 66.8 6:15a 0.0 10.0 0.00 0.0 6.0 10:30a NE
24 75.1 87.4 5:30p 65.8 6:15a 0.0 10.1 0.00 0.0 8.0 9:15a NNE
25 74.7 85.7 4:15p 66.9 6:30a 0.0 9.7 0.00 0.0 7.0 9:30a ENE
26 75.0 88.0 4:00p 62.4 6:15a 0.3 10.3 0.00 0.0 8.0 2:30p SSW
27 76.0 91.4 4:00p 64.8 7:00a 0.0 11.0 0.19 0.2 14.0 5:45p WSW
28 69.7 81.1 4:30p 60.5 7:15a 0.9 5.6 0.01 0.2 10.0 10:00a NNE
29 70.0 84.7 4:45p 55.7 6:30a 2.5 7.5 0.00 0.0 8.0 4:15p ENE
30 78.0 91.2 4:15p 66.0 5:45a 0.0 13.0 0.00 0.8 18.0 2:00p SSW
31 72.6 77.4 7:00p 69.4 12:00m 0.0 7.6 0.46 0.3 13.0 4:45p SSW
-------------------------------------------------------------------------------------
71.9 91.4 27 45.7 16 35.1 250.1 2.55 0.3 25.0 12 SW
Max >= 90.0: 2
Max <= 32.0: 0
Min <= 32.0: 0
Min <= 0.0: 0
Max Rain: 0.59 ON 08/21/14
Days of Rain: 9 (>.01 in) 7 (>.1 in) 0 (>1 in)
Heat Base: 65.0 Cool Base: 65.0 Method: Integration
|