Weather Information | Photos of Local Events | Personal Weather Stations Links | Lancaster Links | Site Map

NOAA Report Archive
(Reports Generated by WeatherLink)
2017: Jan | Feb | Mar | Apr | May | Jun | Jul | Aug | Sep | Oct | Nov | Dec 
2016: Jan | Feb | Mar | Apr | May | Jun | Jul | Aug | Sep | Oct | Nov | Dec 
2015: Jan | Feb | Mar | Apr | May | Jun | Jul | Aug | Sep | Oct | Nov | Dec 
2014: Jan | Feb | Mar | Apr | May | Jun | Jul | Aug | Sep | Oct | Nov | Dec 
2013: Jan | Feb | Mar | Apr | May | Jun | Jul | Aug | Sep | Oct | Nov | Dec 
2012: Jan | Feb | Mar | Apr | May | Jun | Jul | Aug | Sep | Oct | Nov | Dec 
2011: Jan | Feb | Mar | Apr | May | Jun | Jul | Aug | Sep | Oct | Nov | Dec 
2010: Jan | Feb | Mar | Apr | May | Jun | Jul | Aug | Sep | Oct | Nov | Dec 
2009: Jan | Feb | Mar | Apr | May | Jun | Jul | Aug | Sep | Oct | Nov | Dec 
2008: Jan | Feb | Mar | Apr | May | Jun | Jul | Aug | Sep | Oct | Nov | Dec 
2007: Jan | Feb | Mar | Apr | May | Jun | Jul | Aug | Sep | Oct | Nov | Dec 
2006: Jan | Feb | Mar | Apr | May | Jun | Jul | Aug | Sep | Oct | Nov | Dec 
2005: Jan | Feb | Mar | Apr | May | Jun | Jul | Aug | Sep | Oct | Nov | Dec 
2004: Jan | Feb | Mar | Apr | May | Jun | Jul | Aug | Sep | Oct | Nov | Dec 
2003: Jan | Feb | Mar | Apr | May | Jun | Jul | Aug | Sep | Oct | Nov | Dec 

Report for 2014 09
MONTHLY CLIMATOLOGICAL SUMMARY for SEP. 2014 NAME: Station1 CITY: Lancaster STATE: Ohio ELEV: 958 ft LAT: 39 45' 15" N LONG: 82 34' 05" W TEMPERATURE (F), RAIN (in), WIND SPEED (mph) HEAT COOL AVG MEAN DEG DEG WIND DOM DAY TEMP HIGH TIME LOW TIME DAYS DAYS RAIN SPEED HIGH TIME DIR ------------------------------------------------------------------------------------ 1 75.2 84.7 4:00p 68.6 3:00a 0.0 10.2 0.16 0.7 18.0 11:15a SSW 2 74.1 82.4 3:00p 65.6 12:00m 0.0 9.1 0.67 0.7 19.0 2:15p SW 3 72.4 86.5 3:15p 62.1 5:30a 0.6 8.0 0.00 0.0 5.0 12:00p N 4 74.4 90.5 4:15p 59.3 7:30a 1.1 10.4 0.00 0.1 11.0 2:45p SSW 5 78.2 90.3 4:00p 67.4 7:00a 0.0 13.2 0.00 0.4 14.0 1:00p SSW 6 71.6 80.9 12:45p 59.8 12:00m 0.4 7.0 0.01 0.8 16.0 3:30p NNW 7 63.9 77.9 4:00p 53.1 6:30a 4.6 3.5 0.01 0.4 12.0 11:30a NNE 8 64.2 77.4 4:30p 52.8 6:30a 4.1 3.3 0.01 0.0 7.0 11:45a ENE 9 71.3 85.7 5:15p 62.1 7:30a 0.5 6.8 0.00 0.1 10.0 2:30p SW 10 73.4 83.6 3:30p 61.3 4:00a 0.6 9.1 0.00 1.6 27.0 4:15p SSW 11 67.3 77.0 12:15a 55.6 12:00m 1.1 3.4 0.41 2.2 26.0 12:30a NNW 12 59.0 64.3 2:30p 53.6 1:15a 6.0 0.0 0.00 0.2 8.0 3:00p NNE 13 58.1 66.9 4:30p 48.2 10:45p 7.0 0.1 0.00 0.9 17.0 10:15a NNW 14 54.1 70.6 5:30p 41.5 7:15a 11.4 0.5 0.00 0.0 6.0 10:15a NNE 15 57.9 72.1 3:15p 42.2 7:30a 8.8 1.7 0.00 0.2 12.0 2:45p SSW 16 58.1 68.1 3:30p 48.6 12:00m 7.0 0.1 0.02 0.3 10.0 9:00a NNW 17 57.4 71.8 4:00p 45.5 3:30a 8.9 1.3 0.00 0.1 10.0 2:15p WSW 18 58.7 73.7 4:15p 45.7 7:45a 8.4 2.1 0.00 0.3 14.0 1:45p NNE 19 60.7 77.2 5:15p 44.9 7:45a 7.5 3.1 0.00 0.2 12.0 12:30p NNE 20 69.6 82.6 5:30p 57.0 12:15a 1.9 6.5 0.00 1.2 21.0 11:00a SSW 21 70.8 80.9 2:45p 58.1 12:00m 0.8 6.6 0.00 2.8 26.0 3:00p SSW 22 55.0 66.3 4:30p 43.1 12:00m 10.0 0.0 0.00 1.4 19.0 1:00a NNW 23 54.3 75.3 4:45p 37.3 7:45a 12.3 1.5 0.00 0.1 8.0 4:15p NNE 24 58.5 77.7 4:00p 42.9 7:00a 9.4 2.9 0.00 0.0 8.0 2:45p ENE 25 61.3 81.8 5:15p 44.5 6:30a 8.4 4.6 0.00 0.1 7.0 1:30p ENE 26 63.8 83.2 3:30p 47.4 6:15a 6.4 5.2 0.00 0.2 10.0 1:00p NNE 27 64.0 81.8 5:15p 49.1 7:30a 5.8 4.8 0.00 0.1 8.0 12:45p ENE 28 65.3 84.1 4:00p 49.4 7:30a 5.4 5.7 0.00 0.1 10.0 1:30p WSW 29 66.6 84.7 4:00p 53.8 7:15a 4.1 5.7 0.00 0.2 11.0 3:45p NNW 30 57.0 69.9 11:30a 47.6 7:00a 8.4 0.5 0.34 0.5 13.0 5:00p NNW ------------------------------------------------------------------------------------- 64.5 90.5 4 37.3 23 150.9 136.9 1.63 0.5 27.0 10 SSW Max >= 90.0: 2 Max <= 32.0: 0 Min <= 32.0: 0 Min <= 0.0: 0 Max Rain: 0.67 ON 09/02/14 Days of Rain: 5 (>.01 in) 4 (>.1 in) 0 (>1 in) Heat Base: 65.0 Cool Base: 65.0 Method: Integration
 
USA Weather Finder