2024: Jan | Feb | Mar | Apr | May | Jun | Jul | Aug | Sep | Oct | Nov | Dec
2023: Jan | Feb | Mar | Apr | May | Jun | Jul | Aug | Sep | Oct | Nov | Dec
2022: Jan | Feb | Mar | Apr | May | Jun | Jul | Aug | Sep | Oct | Nov | Dec
2021: Jan | Feb | Mar | Apr | May | Jun | Jul | Aug | Sep | Oct | Nov | Dec
2020: Jan | Feb | Mar | Apr | May | Jun | Jul | Aug | Sep | Oct | Nov | Dec
2019: Jan | Feb | Mar | Apr | May | Jun | Jul | Aug | Sep | Oct | Nov | Dec
2018: Jan | Feb | Mar | Apr | May | Jun | Jul | Aug | Sep | Oct | Nov | Dec
2017: Jan | Feb | Mar | Apr | May | Jun | Jul | Aug | Sep | Oct | Nov | Dec
2016: Jan | Feb | Mar | Apr | May | Jun | Jul | Aug | Sep | Oct | Nov | Dec
2015: Jan | Feb | Mar | Apr | May | Jun | Jul | Aug | Sep | Oct | Nov | Dec
2014: Jan | Feb | Mar | Apr | May | Jun | Jul | Aug | Sep | Oct | Nov | Dec
2013: Jan | Feb | Mar | Apr | May | Jun | Jul | Aug | Sep | Oct | Nov | Dec
2012: Jan | Feb | Mar | Apr | May | Jun | Jul | Aug | Sep | Oct | Nov | Dec
2011: Jan | Feb | Mar | Apr | May | Jun | Jul | Aug | Sep | Oct | Nov | Dec
2010: Jan | Feb | Mar | Apr | May | Jun | Jul | Aug | Sep | Oct | Nov | Dec
2009: Jan | Feb | Mar | Apr | May | Jun | Jul | Aug | Sep | Oct | Nov | Dec
2008: Jan | Feb | Mar | Apr | May | Jun | Jul | Aug | Sep | Oct | Nov | Dec
2007: Jan | Feb | Mar | Apr | May | Jun | Jul | Aug | Sep | Oct | Nov | Dec
2006: Jan | Feb | Mar | Apr | May | Jun | Jul | Aug | Sep | Oct | Nov | Dec
2005: Jan | Feb | Mar | Apr | May | Jun | Jul | Aug | Sep | Oct | Nov | Dec
2004: Jan | Feb | Mar | Apr | May | Jun | Jul | Aug | Sep | Oct | Nov | Dec
2003: Jan | Feb | Mar | Apr | May | Jun | Jul | Aug | Sep | Oct | Nov | Dec
Report for 2014 10
MONTHLY CLIMATOLOGICAL SUMMARY for OCT. 2014
NAME: Station1 CITY: Lancaster STATE: Ohio
ELEV: 958 ft LAT: 39° 45' 15" N LONG: 82° 34' 05" W
TEMPERATURE (°F), RAIN (in), WIND SPEED (mph)
HEAT COOL AVG
MEAN DEG DEG WIND DOM
DAY TEMP HIGH TIME LOW TIME DAYS DAYS RAIN SPEED HIGH TIME DIR
------------------------------------------------------------------------------------
1 57.9 73.0 4:00p 47.9 3:30a 8.2 1.2 0.01 0.1 7.0 3:30p NNE
2 64.4 85.3 4:15p 45.7 5:45a 7.1 6.6 0.00 0.3 14.0 3:30p SSW
3 64.4 73.3 5:00p 54.5 11:15p 2.1 1.5 0.20 1.8 26.0 3:45p SSW
4 45.7 54.8 12:15a 41.2 11:15a 19.3 0.0 0.08 3.2 31.0 12:30a WSW
5 50.3 58.3 5:30p 42.8 5:30a 14.7 0.0 0.00 3.0 25.0 2:15p SSW
6 53.5 58.0 10:45a 47.3 5:45a 11.5 0.0 0.30 0.8 25.0 12:00m SSW
7 53.4 58.9 6:15p 47.0 6:30a 11.6 0.0 0.14 1.0 19.0 12:15a SSW
8 56.3 68.4 3:30p 42.8 12:00m 9.1 0.4 0.00 1.3 21.0 3:45p WSW
9 49.0 55.0 10:30a 38.6 5:30a 14.4 0.0 0.09 0.1 8.0 12:15p WSW
10 53.1 60.2 2:15p 48.9 11:15p 11.9 0.0 0.18 0.1 7.0 3:15p NE
11 52.4 62.0 4:00p 44.9 12:00m 12.6 0.0 0.02 1.2 16.0 11:15a NNE
12 51.4 62.7 1:30p 37.0 8:00a 13.6 0.0 0.00 0.1 11.0 12:00p ENE
13 65.1 76.5 5:00p 55.0 12:15a 3.0 3.1 0.00 0.4 17.0 12:45p S
14 66.9 77.2 2:45p 58.4 9:45p 1.5 3.3 0.84 0.5 25.0 1:30p S
15 57.9 66.4 5:15p 52.8 6:45a 7.1 0.0 0.01 0.4 14.0 3:45p SSW
16 56.2 62.7 1:45p 53.2 6:30a 8.8 0.0 0.17 0.3 11.0 9:45p SW
17 61.0 72.0 3:30p 51.6 7:45a 5.3 1.3 0.00 4.1 26.0 4:00p SSW
18 50.9 57.8 12:15a 45.4 10:30p 14.1 0.0 0.06 2.3 18.0 12:15a NNW
19 45.9 56.7 4:00p 34.3 8:15a 19.1 0.0 0.00 0.6 13.0 1:00p SW
20 48.8 62.3 2:45p 36.2 12:15a 16.2 0.0 0.33 1.0 19.0 1:00p SSW
21 48.3 50.7 2:15p 44.9 11:30p 16.7 0.0 0.05 1.7 18.0 5:00p NNW
22 47.0 50.1 3:00p 44.3 12:30a 18.0 0.0 0.00 1.9 16.0 2:15p NNW
23 47.5 61.3 4:15p 38.2 12:00m 17.5 0.0 0.00 0.3 10.0 2:45p NNW
24 49.2 66.1 4:45p 34.9 7:45a 14.0 0.0 0.00 0.4 14.0 3:15p SSW
25 55.3 71.6 4:45p 39.9 3:00a 10.6 1.0 0.00 2.3 22.0 1:45p SW
26 52.9 67.3 4:15p 38.8 12:00m 11.8 0.2 0.00 0.7 16.0 4:30p W
27 58.3 78.6 3:45p 36.6 3:45a 11.3 4.6 0.00 1.3 24.0 3:15p SSW
28 66.9 74.0 1:30p 53.6 11:30p 2.3 4.2 0.02 4.7 30.0 1:45p SSW
29 51.2 60.4 3:15p 40.1 12:00m 13.8 0.0 0.00 1.8 22.0 1:15p WSW
30 43.6 51.0 11:30a 31.5 8:00a 21.4 0.0 0.00 0.1 7.0 11:45a NNW
31 42.0 46.5 12:15p 39.2 2:00a 22.5 0.0 0.17 0.6 14.0 11:45p SSW
-------------------------------------------------------------------------------------
53.8 85.3 2 31.5 30 371.1 27.4 2.67 1.2 31.0 4 SSW
Max >= 90.0: 0
Max <= 32.0: 0
Min <= 32.0: 1
Min <= 0.0: 0
Max Rain: 0.84 ON 10/14/14
Days of Rain: 14 (>.01 in) 8 (>.1 in) 0 (>1 in)
Heat Base: 65.0 Cool Base: 65.0 Method: Integration
|