2024: Jan | Feb | Mar | Apr | May | Jun | Jul | Aug | Sep | Oct | Nov | Dec
2023: Jan | Feb | Mar | Apr | May | Jun | Jul | Aug | Sep | Oct | Nov | Dec
2022: Jan | Feb | Mar | Apr | May | Jun | Jul | Aug | Sep | Oct | Nov | Dec
2021: Jan | Feb | Mar | Apr | May | Jun | Jul | Aug | Sep | Oct | Nov | Dec
2020: Jan | Feb | Mar | Apr | May | Jun | Jul | Aug | Sep | Oct | Nov | Dec
2019: Jan | Feb | Mar | Apr | May | Jun | Jul | Aug | Sep | Oct | Nov | Dec
2018: Jan | Feb | Mar | Apr | May | Jun | Jul | Aug | Sep | Oct | Nov | Dec
2017: Jan | Feb | Mar | Apr | May | Jun | Jul | Aug | Sep | Oct | Nov | Dec
2016: Jan | Feb | Mar | Apr | May | Jun | Jul | Aug | Sep | Oct | Nov | Dec
2015: Jan | Feb | Mar | Apr | May | Jun | Jul | Aug | Sep | Oct | Nov | Dec
2014: Jan | Feb | Mar | Apr | May | Jun | Jul | Aug | Sep | Oct | Nov | Dec
2013: Jan | Feb | Mar | Apr | May | Jun | Jul | Aug | Sep | Oct | Nov | Dec
2012: Jan | Feb | Mar | Apr | May | Jun | Jul | Aug | Sep | Oct | Nov | Dec
2011: Jan | Feb | Mar | Apr | May | Jun | Jul | Aug | Sep | Oct | Nov | Dec
2010: Jan | Feb | Mar | Apr | May | Jun | Jul | Aug | Sep | Oct | Nov | Dec
2009: Jan | Feb | Mar | Apr | May | Jun | Jul | Aug | Sep | Oct | Nov | Dec
2008: Jan | Feb | Mar | Apr | May | Jun | Jul | Aug | Sep | Oct | Nov | Dec
2007: Jan | Feb | Mar | Apr | May | Jun | Jul | Aug | Sep | Oct | Nov | Dec
2006: Jan | Feb | Mar | Apr | May | Jun | Jul | Aug | Sep | Oct | Nov | Dec
2005: Jan | Feb | Mar | Apr | May | Jun | Jul | Aug | Sep | Oct | Nov | Dec
2004: Jan | Feb | Mar | Apr | May | Jun | Jul | Aug | Sep | Oct | Nov | Dec
2003: Jan | Feb | Mar | Apr | May | Jun | Jul | Aug | Sep | Oct | Nov | Dec
Report for 2014 11
MONTHLY CLIMATOLOGICAL SUMMARY for NOV. 2014
NAME: Station1 CITY: Lancaster STATE: Ohio
ELEV: 958 ft LAT: 39° 45' 15" N LONG: 82° 34' 05" W
TEMPERATURE (°F), RAIN (in), WIND SPEED (mph)
HEAT COOL AVG
MEAN DEG DEG WIND DOM
DAY TEMP HIGH TIME LOW TIME DAYS DAYS RAIN SPEED HIGH TIME DIR
------------------------------------------------------------------------------------
1 39.6 42.8 2:45p 36.6 12:00m 25.4 0.0 0.04 6.0 25.0 9:15a N
2 35.9 48.8 3:30p 25.8 12:00m 29.1 0.0 0.00 1.4 14.0 1:45a NNW
3 45.8 63.2 4:30p 24.2 3:30a 19.2 0.0 0.00 2.5 22.0 1:45p SSW
4 57.7 69.4 2:30p 43.5 6:15a 7.7 0.4 0.06 5.1 30.0 2:45p SSW
5 51.1 56.5 2:15p 44.3 8:00a 13.9 0.0 0.06 0.3 13.0 12:45a WSW
6 48.8 52.3 1:00p 41.6 11:00p 16.2 0.0 0.15 3.3 28.0 1:15p SW
7 37.3 43.9 4:30p 26.4 12:00m 27.7 0.0 0.01 2.6 20.0 2:00a NNW
8 41.2 55.6 3:00p 26.3 12:15a 23.8 0.0 0.00 2.2 27.0 11:30a SSW
9 46.0 54.1 3:45p 35.8 7:30a 19.0 0.0 0.00 1.6 18.0 1:00p SW
10 50.5 65.6 3:15p 34.4 6:00a 14.5 0.0 0.00 0.6 18.0 2:00p S
11 57.0 71.6 3:45p 41.5 12:00m 8.9 1.0 0.06 3.4 26.0 12:30p SSW
12 37.7 41.5 12:15a 35.6 12:00m 27.0 0.0 0.01 1.4 18.0 12:45a WNW
13 30.4 35.6 12:15a 26.6 11:45p 34.6 0.0 0.00 1.6 17.0 12:45p W
14 28.2 32.9 2:30p 22.9 7:30a 36.8 0.0 0.00 1.2 14.0 9:00a W
15 29.9 37.9 1:45p 19.5 7:30a 35.1 0.0 0.00 0.6 14.0 11:30a SW
16 34.5 38.6 2:45p 29.8 4:30a 30.5 0.0 0.06 0.3 10.0 3:15a S
17 27.9 35.3 3:15a 15.6 12:00m 37.1 0.0 0.44 0.3 19.0 10:45p WSW
18 15.7 20.2 3:00p 11.2 7:30a 49.3 0.0 0.00 4.3 27.0 11:45a SW
19 26.7 38.9 4:45p 11.7 5:45a 38.3 0.0 0.00 3.9 25.0 10:45p SSW
20 26.0 30.9 12:15a 22.9 11:00p 39.0 0.0 0.00 4.2 26.0 12:30a WSW
21 22.7 31.3 4:15p 16.1 6:30a 39.3 0.0 0.00 0.4 12.0 2:15p W
22 39.2 52.3 11:15p 17.2 12:15a 23.9 0.0 0.03 1.3 19.0 1:30p SSW
23 53.7 62.6 1:15p 45.4 7:30a 11.3 0.0 0.22 2.0 20.0 12:00m SE
24 54.5 64.8 11:45a 40.8 12:00m 10.5 0.0 0.03 8.6 44.0 10:30a SSW
25 36.9 44.2 3:00p 29.1 8:00p 27.5 0.0 0.00 2.6 24.0 11:30a SW
26 34.3 41.5 1:45p 28.7 1:15a 24.3 0.0 0.00 0.5 10.0 9:45a N
27 30.7 32.7 4:15p 28.1 12:00m 32.1 0.0 0.01 1.6 16.0 9:30p NW
28 28.2 31.9 4:45p 20.8 7:30a 36.8 0.0 0.00 0.9 13.0 1:45a W
29 40.9 54.2 12:00m 29.0 6:00a 24.1 0.0 0.00 1.1 19.0 12:00p S
30 60.2 64.5 3:15p 53.2 2:15a 4.8 0.0 0.00 7.9 30.0 11:45a SSW
-------------------------------------------------------------------------------------
39.0 71.6 11 11.2 18 767.7 1.4 1.18 2.5 44.0 24 SSW
Max >= 90.0: 0
Max <= 32.0: 4
Min <= 32.0: 19
Min <= 0.0: 0
Max Rain: 0.44 ON 11/17/14
Days of Rain: 10 (>.01 in) 3 (>.1 in) 0 (>1 in)
Heat Base: 65.0 Cool Base: 65.0 Method: Integration
|