Weather Information | Photos of Local Events | Personal Weather Stations Links | Lancaster Links | Site Map

NOAA Report Archive
(Reports Generated by WeatherLink)
2017: Jan | Feb | Mar | Apr | May | Jun | Jul | Aug | Sep | Oct | Nov | Dec 
2016: Jan | Feb | Mar | Apr | May | Jun | Jul | Aug | Sep | Oct | Nov | Dec 
2015: Jan | Feb | Mar | Apr | May | Jun | Jul | Aug | Sep | Oct | Nov | Dec 
2014: Jan | Feb | Mar | Apr | May | Jun | Jul | Aug | Sep | Oct | Nov | Dec 
2013: Jan | Feb | Mar | Apr | May | Jun | Jul | Aug | Sep | Oct | Nov | Dec 
2012: Jan | Feb | Mar | Apr | May | Jun | Jul | Aug | Sep | Oct | Nov | Dec 
2011: Jan | Feb | Mar | Apr | May | Jun | Jul | Aug | Sep | Oct | Nov | Dec 
2010: Jan | Feb | Mar | Apr | May | Jun | Jul | Aug | Sep | Oct | Nov | Dec 
2009: Jan | Feb | Mar | Apr | May | Jun | Jul | Aug | Sep | Oct | Nov | Dec 
2008: Jan | Feb | Mar | Apr | May | Jun | Jul | Aug | Sep | Oct | Nov | Dec 
2007: Jan | Feb | Mar | Apr | May | Jun | Jul | Aug | Sep | Oct | Nov | Dec 
2006: Jan | Feb | Mar | Apr | May | Jun | Jul | Aug | Sep | Oct | Nov | Dec 
2005: Jan | Feb | Mar | Apr | May | Jun | Jul | Aug | Sep | Oct | Nov | Dec 
2004: Jan | Feb | Mar | Apr | May | Jun | Jul | Aug | Sep | Oct | Nov | Dec 
2003: Jan | Feb | Mar | Apr | May | Jun | Jul | Aug | Sep | Oct | Nov | Dec 

Report for 2014 12
MONTHLY CLIMATOLOGICAL SUMMARY for DEC. 2014 NAME: Station1 CITY: Lancaster STATE: Ohio ELEV: 958 ft LAT: 39 45' 15" N LONG: 82 34' 05" W TEMPERATURE (F), RAIN (in), WIND SPEED (mph) HEAT COOL AVG MEAN DEG DEG WIND DOM DAY TEMP HIGH TIME LOW TIME DAYS DAYS RAIN SPEED HIGH TIME DIR ------------------------------------------------------------------------------------ 1 40.6 62.0 12:15a 29.0 11:30p 24.4 0.0 0.26 3.0 20.0 12:15a N 2 32.1 37.5 11:30p 27.9 7:30a 32.9 0.0 0.01 0.6 13.0 5:15a ENE 3 36.0 40.5 3:30p 31.2 11:15p 29.0 0.0 0.00 2.2 20.0 1:15p W 4 32.4 36.2 6:30p 27.0 4:30a 32.6 0.0 0.00 0.0 6.0 12:15a NE 5 39.9 46.0 8:30p 35.0 12:15a 25.1 0.0 0.44 0.0 5.0 2:00a ENE 6 40.6 45.1 3:30a 34.4 12:00m 24.4 0.0 1.01 4.4 21.0 1:30p N 7 34.5 42.2 2:15p 27.9 7:30a 30.5 0.0 0.00 0.8 12.0 10:30a ENE 8 38.7 44.5 1:30p 33.1 2:00a 26.3 0.0 0.00 1.2 17.0 11:45a S 9 39.3 42.5 2:30p 36.6 11:00p 23.8 0.0 0.01 2.1 18.0 7:00p NNW 10 32.2 36.8 12:15a 29.0 9:00p 32.5 0.0 0.00 5.1 21.0 5:15a NNW 11 30.2 38.6 2:30p 23.5 7:45a 34.8 0.0 0.00 2.7 18.0 1:30p W 12 31.3 41.9 2:45p 23.9 7:30a 33.7 0.0 0.00 1.7 16.0 3:00p W 13 36.0 42.5 10:45p 30.1 4:45a 26.0 0.0 0.00 1.3 13.0 10:15a SW 14 43.8 45.8 2:15p 42.1 2:30a 18.1 0.0 0.00 1.9 16.0 5:30a SW 15 46.6 53.9 2:45p 42.2 8:15a 18.4 0.0 0.02 0.3 10.0 2:00p E 16 44.6 49.5 12:00p 37.9 12:00m 20.4 0.0 0.25 3.3 25.0 4:00p WSW 17 31.7 37.9 12:15a 27.0 10:45p 33.3 0.0 0.01 3.5 20.0 12:15a W 18 28.1 29.0 5:45p 26.9 12:45a 36.9 0.0 0.00 0.2 11.0 12:45a W 19 29.6 31.2 2:15p 27.9 5:15a 35.4 0.0 0.00 0.1 7.0 5:15a W 20 31.2 33.4 7:45p 29.0 12:45a 33.8 0.0 0.00 0.0 5.0 12:15a W 21 31.5 37.3 1:30p 26.1 11:45p 33.5 0.0 0.00 0.2 7.0 3:00p E 22 37.8 48.3 3:15p 24.2 5:30a 27.2 0.0 0.00 0.6 8.0 11:00p E 23 50.3 56.0 11:30p 43.5 4:15a 14.7 0.0 0.44 0.6 13.0 10:00p SE 24 52.2 59.2 5:00p 39.1 12:00m 12.8 0.0 0.22 2.7 43.0 5:30p WSW 25 38.6 41.1 2:00p 34.7 12:00m 26.4 0.0 0.00 3.7 25.0 3:00a SW 26 39.2 50.8 2:00p 28.4 7:30a 25.8 0.0 0.00 0.9 16.0 1:45p S 27 45.8 54.8 2:30p 36.2 2:45a 19.2 0.0 0.22 1.2 17.0 2:30p SSW 28 38.8 47.7 12:15a 33.5 12:00m 26.2 0.0 0.11 1.3 19.0 4:45a NNW 29 30.9 36.9 1:45p 25.1 11:45p 34.1 0.0 0.00 1.0 10.0 2:15p N 30 27.2 33.8 1:45p 23.3 12:00m 37.8 0.0 0.00 1.4 13.0 1:15p N 31 21.9 27.6 4:00p 14.8 8:00a 43.1 0.0 0.00 3.1 24.0 3:00p SW ------------------------------------------------------------------------------------- 36.6 62.0 1 14.8 31 873.1 0.0 3.00 1.6 43.0 24 W Max >= 90.0: 0 Max <= 32.0: 3 Min <= 32.0: 19 Min <= 0.0: 0 Max Rain: 1.01 ON 12/06/14 Days of Rain: 9 (>.01 in) 8 (>.1 in) 1 (>1 in) Heat Base: 65.0 Cool Base: 65.0 Method: Integration
 
USA Weather Finder