Weather Information | Photos of Local Events | Personal Weather Stations Links | Lancaster Links | Site Map

NOAA Report Archive
(Reports Generated by WeatherLink)
2017: Jan | Feb | Mar | Apr | May | Jun | Jul | Aug | Sep | Oct | Nov | Dec 
2016: Jan | Feb | Mar | Apr | May | Jun | Jul | Aug | Sep | Oct | Nov | Dec 
2015: Jan | Feb | Mar | Apr | May | Jun | Jul | Aug | Sep | Oct | Nov | Dec 
2014: Jan | Feb | Mar | Apr | May | Jun | Jul | Aug | Sep | Oct | Nov | Dec 
2013: Jan | Feb | Mar | Apr | May | Jun | Jul | Aug | Sep | Oct | Nov | Dec 
2012: Jan | Feb | Mar | Apr | May | Jun | Jul | Aug | Sep | Oct | Nov | Dec 
2011: Jan | Feb | Mar | Apr | May | Jun | Jul | Aug | Sep | Oct | Nov | Dec 
2010: Jan | Feb | Mar | Apr | May | Jun | Jul | Aug | Sep | Oct | Nov | Dec 
2009: Jan | Feb | Mar | Apr | May | Jun | Jul | Aug | Sep | Oct | Nov | Dec 
2008: Jan | Feb | Mar | Apr | May | Jun | Jul | Aug | Sep | Oct | Nov | Dec 
2007: Jan | Feb | Mar | Apr | May | Jun | Jul | Aug | Sep | Oct | Nov | Dec 
2006: Jan | Feb | Mar | Apr | May | Jun | Jul | Aug | Sep | Oct | Nov | Dec 
2005: Jan | Feb | Mar | Apr | May | Jun | Jul | Aug | Sep | Oct | Nov | Dec 
2004: Jan | Feb | Mar | Apr | May | Jun | Jul | Aug | Sep | Oct | Nov | Dec 
2003: Jan | Feb | Mar | Apr | May | Jun | Jul | Aug | Sep | Oct | Nov | Dec 

Report for 2015 02
MONTHLY CLIMATOLOGICAL SUMMARY for FEB. 2015 NAME: Station1 CITY: Lancaster STATE: Ohio ELEV: 958 ft LAT: 39 45' 15" N LONG: 82 34' 05" W TEMPERATURE (F), RAIN (in), WIND SPEED (mph) HEAT COOL AVG MEAN DEG DEG WIND DOM DAY TEMP HIGH TIME LOW TIME DAYS DAYS RAIN SPEED HIGH TIME DIR ------------------------------------------------------------------------------------ 1 35.2 43.6 12:00m 31.3 9:30a 29.8 0.0 0.40 0.8 12.0 7:15p SE 2 23.2 44.1 12:30a 14.9 11:15p 41.8 0.0 0.06 3.8 22.0 2:30a NNW 3 23.7 31.2 5:00p 14.3 1:15a 41.3 0.0 0.00 1.4 19.0 3:45p NNW 4 36.6 46.7 1:45p 25.6 12:00m 28.4 0.0 0.08 4.2 22.0 6:00a SSW 5 14.2 25.6 12:15a 4.5 12:00m 50.8 0.0 0.00 3.0 22.0 12:15a NNW 6 20.0 31.6 4:45p 3.7 1:30a 45.0 0.0 0.00 1.4 18.0 10:00a SW 7 39.5 53.3 5:00p 27.3 2:30a 25.5 0.0 0.00 1.9 24.0 11:00a SSW 8 51.5 58.0 1:15p 38.9 1:00a 13.5 0.0 0.04 6.8 29.0 11:45a SSW 9 31.7 49.9 1:00a 22.2 12:00m 33.3 0.0 0.00 3.6 17.0 3:00p N 10 23.6 29.7 5:00p 19.9 12:00m 41.4 0.0 0.00 1.2 13.0 1:00a N 11 29.6 38.5 3:45p 18.1 4:30a 35.4 0.0 0.00 1.7 16.0 6:45p WSW 12 20.9 33.5 12:15a 7.6 12:00m 44.1 0.0 0.05 4.2 25.0 1:45p NNW 13 15.3 26.0 12:00m 2.8 4:30a 49.7 0.0 0.00 1.4 20.0 2:15p SSW 14 21.1 31.3 11:00a 6.5 12:00m 43.9 0.0 0.03 7.4 32.0 1:15p SW 15 4.5 12.3 3:15p -0.2 7:30a 60.5 0.0 0.00 2.8 20.0 12:15a NNW 16 5.3 9.3 5:15p 0.7 12:45a 59.7 0.0 0.11 1.0 10.0 8:00a E 17 11.0 20.3 5:15p -5.0 8:00a 54.0 0.0 0.00 1.6 18.0 9:15p SSW 18 13.9 19.1 12:15a 5.0 12:00m 51.1 0.0 0.11 3.1 28.0 3:15p WNW 19 2.2 9.3 3:15p -4.3 7:00a 62.8 0.0 0.00 2.7 20.0 2:00p W 20 4.9 17.3 3:00p -11.0 7:30a 60.1 0.0 0.00 0.4 12.0 3:45p SE 21 26.2 34.4 7:15p 13.3 12:15a 38.8 0.0 0.45 0.4 16.0 2:00p S 22 26.2 35.5 1:30p 14.0 8:15a 38.8 0.0 0.00 0.8 17.0 11:15p NNW 23 9.6 21.9 12:15a -5.6 12:00m 55.4 0.0 0.00 2.6 20.0 3:15a N 24 10.0 27.5 5:00p -14.6 7:00a 55.0 0.0 0.00 3.0 24.0 4:00p SSW 25 27.4 35.8 2:45p 20.8 7:00a 37.6 0.0 0.00 1.6 20.0 1:30a SW 26 18.5 24.1 12:15a 9.9 12:00m 46.5 0.0 0.00 2.3 13.0 1:45p N 27 11.6 20.5 2:15p 3.4 5:00a 53.4 0.0 0.00 0.6 12.0 1:00p W 28 17.3 30.0 4:45p 0.3 6:45a 47.7 0.0 0.00 0.4 10.0 4:15p NNE ------------------------------------------------------------------------------------- 20.5 58.0 8 -14.6 24 1245.3 0.0 1.33 2.4 32.0 14 NNW Max >= 90.0: 0 Max <= 32.0: 17 Min <= 32.0: 27 Min <= 0.0: 6 Max Rain: 0.45 ON 02/21/15 Days of Rain: 9 (>.01 in) 4 (>.1 in) 0 (>1 in) Heat Base: 65.0 Cool Base: 65.0 Method: Integration
 
USA Weather Finder