2024: Jan | Feb | Mar | Apr | May | Jun | Jul | Aug | Sep | Oct | Nov | Dec
2023: Jan | Feb | Mar | Apr | May | Jun | Jul | Aug | Sep | Oct | Nov | Dec
2022: Jan | Feb | Mar | Apr | May | Jun | Jul | Aug | Sep | Oct | Nov | Dec
2021: Jan | Feb | Mar | Apr | May | Jun | Jul | Aug | Sep | Oct | Nov | Dec
2020: Jan | Feb | Mar | Apr | May | Jun | Jul | Aug | Sep | Oct | Nov | Dec
2019: Jan | Feb | Mar | Apr | May | Jun | Jul | Aug | Sep | Oct | Nov | Dec
2018: Jan | Feb | Mar | Apr | May | Jun | Jul | Aug | Sep | Oct | Nov | Dec
2017: Jan | Feb | Mar | Apr | May | Jun | Jul | Aug | Sep | Oct | Nov | Dec
2016: Jan | Feb | Mar | Apr | May | Jun | Jul | Aug | Sep | Oct | Nov | Dec
2015: Jan | Feb | Mar | Apr | May | Jun | Jul | Aug | Sep | Oct | Nov | Dec
2014: Jan | Feb | Mar | Apr | May | Jun | Jul | Aug | Sep | Oct | Nov | Dec
2013: Jan | Feb | Mar | Apr | May | Jun | Jul | Aug | Sep | Oct | Nov | Dec
2012: Jan | Feb | Mar | Apr | May | Jun | Jul | Aug | Sep | Oct | Nov | Dec
2011: Jan | Feb | Mar | Apr | May | Jun | Jul | Aug | Sep | Oct | Nov | Dec
2010: Jan | Feb | Mar | Apr | May | Jun | Jul | Aug | Sep | Oct | Nov | Dec
2009: Jan | Feb | Mar | Apr | May | Jun | Jul | Aug | Sep | Oct | Nov | Dec
2008: Jan | Feb | Mar | Apr | May | Jun | Jul | Aug | Sep | Oct | Nov | Dec
2007: Jan | Feb | Mar | Apr | May | Jun | Jul | Aug | Sep | Oct | Nov | Dec
2006: Jan | Feb | Mar | Apr | May | Jun | Jul | Aug | Sep | Oct | Nov | Dec
2005: Jan | Feb | Mar | Apr | May | Jun | Jul | Aug | Sep | Oct | Nov | Dec
2004: Jan | Feb | Mar | Apr | May | Jun | Jul | Aug | Sep | Oct | Nov | Dec
2003: Jan | Feb | Mar | Apr | May | Jun | Jul | Aug | Sep | Oct | Nov | Dec
Report for 2015 03
MONTHLY CLIMATOLOGICAL SUMMARY for MAR. 2015
NAME: Station1 CITY: Lancaster STATE: Ohio
ELEV: 958 ft LAT: 39° 45' 15" N LONG: 82° 34' 05" W
TEMPERATURE (°F), RAIN (in), WIND SPEED (mph)
HEAT COOL AVG
MEAN DEG DEG WIND DOM
DAY TEMP HIGH TIME LOW TIME DAYS DAYS RAIN SPEED HIGH TIME DIR
------------------------------------------------------------------------------------
1 30.9 36.0 4:15p 22.7 2:15a 34.1 0.0 0.31 0.5 11.0 11:30p S
2 26.3 32.7 5:00p 18.1 10:45p 38.7 0.0 0.00 1.3 18.0 3:15a NW
3 33.9 48.5 7:45p 18.4 1:15a 31.1 0.0 0.76 2.1 22.0 4:45p SSW
4 34.2 39.9 12:15a 23.0 12:00m 30.8 0.0 0.64 1.1 17.0 12:00m NNW
5 17.0 23.0 12:15a 4.1 12:00m 48.0 0.0 0.07 2.3 17.0 1:00a N
6 13.8 27.6 3:45p -2.8 5:45a 51.2 0.0 0.00 0.8 16.0 2:15p SSW
7 33.0 47.6 5:15p 16.4 7:15a 32.0 0.0 0.00 4.4 24.0 12:15p SSW
8 40.1 48.6 5:30p 30.7 7:45a 23.8 0.0 0.00 1.8 16.0 4:00a SW
9 41.6 57.0 5:30p 29.4 7:45a 23.4 0.0 0.00 0.7 13.0 2:45p SW
10 41.9 48.0 4:45p 33.5 12:45a 23.1 0.0 0.54 0.0 3.0 4:00p NNE
11 44.7 58.4 5:15p 31.3 12:00m 20.3 0.0 0.01 0.6 10.0 6:15p NW
12 40.7 56.6 4:00p 27.0 5:30a 24.3 0.0 0.00 1.2 12.0 10:00a ENE
13 47.4 59.6 2:15p 37.0 1:30a 17.6 0.0 0.27 0.8 14.0 2:30p S
14 50.5 60.1 5:30p 42.9 12:00m 14.5 0.0 0.51 1.9 20.0 11:00p WNW
15 43.7 57.6 6:00p 34.4 8:15a 21.3 0.0 0.00 1.4 16.0 3:30p W
16 56.7 68.6 3:30p 36.8 12:15a 8.7 0.4 0.00 3.5 21.0 10:15a SW
17 48.1 63.5 12:15a 30.1 11:30p 16.9 0.0 0.00 4.7 22.0 3:00p N
18 36.9 48.9 5:15p 22.9 8:00a 28.1 0.0 0.00 0.8 12.0 4:30p NNW
19 42.2 51.0 5:15p 32.4 7:45a 22.8 0.0 0.00 0.6 11.0 1:15p E
20 43.0 48.2 4:30p 37.2 6:30a 22.0 0.0 0.09 0.5 8.0 2:15a NNE
21 48.0 61.6 5:45p 38.9 11:45p 17.0 0.0 0.00 3.4 25.0 3:30p SW
22 38.8 49.1 4:00p 30.9 7:45a 26.2 0.0 0.00 1.6 14.0 2:00p N
23 31.5 38.0 2:45p 26.0 7:45a 33.5 0.0 0.05 1.5 14.0 9:00a ENE
24 37.6 49.5 4:45p 27.9 8:00a 27.4 0.0 0.00 1.0 12.0 7:15a E
25 53.3 70.1 2:30p 41.6 7:15a 12.4 0.7 0.23 2.9 32.0 1:30p E
26 43.5 47.0 6:00a 39.1 10:30p 21.5 0.0 0.56 1.7 19.0 7:00p N
27 31.5 39.2 12:15a 24.7 11:15p 33.5 0.0 0.00 3.5 20.0 4:45p NNW
28 24.5 32.8 4:30p 16.7 7:45a 40.5 0.0 0.00 3.0 17.0 12:15p N
29 33.6 48.6 4:15p 16.4 7:45a 31.4 0.0 0.05 2.6 31.0 9:15p S
30 48.5 57.8 4:30p 39.9 7:45a 16.5 0.0 0.00 4.2 26.0 4:45p W
31 50.6 66.0 2:15p 35.3 12:00m 14.4 0.0 0.00 6.2 34.0 9:00a SSW
-------------------------------------------------------------------------------------
39.0 70.1 25 -2.8 6 807.0 1.1 4.09 2.0 34.0 31 N
Max >= 90.0: 0
Max <= 32.0: 2
Min <= 32.0: 19
Min <= 0.0: 1
Max Rain: 0.76 ON 03/03/15
Days of Rain: 12 (>.01 in) 8 (>.1 in) 0 (>1 in)
Heat Base: 65.0 Cool Base: 65.0 Method: Integration
|