2024: Jan | Feb | Mar | Apr | May | Jun | Jul | Aug | Sep | Oct | Nov | Dec
2023: Jan | Feb | Mar | Apr | May | Jun | Jul | Aug | Sep | Oct | Nov | Dec
2022: Jan | Feb | Mar | Apr | May | Jun | Jul | Aug | Sep | Oct | Nov | Dec
2021: Jan | Feb | Mar | Apr | May | Jun | Jul | Aug | Sep | Oct | Nov | Dec
2020: Jan | Feb | Mar | Apr | May | Jun | Jul | Aug | Sep | Oct | Nov | Dec
2019: Jan | Feb | Mar | Apr | May | Jun | Jul | Aug | Sep | Oct | Nov | Dec
2018: Jan | Feb | Mar | Apr | May | Jun | Jul | Aug | Sep | Oct | Nov | Dec
2017: Jan | Feb | Mar | Apr | May | Jun | Jul | Aug | Sep | Oct | Nov | Dec
2016: Jan | Feb | Mar | Apr | May | Jun | Jul | Aug | Sep | Oct | Nov | Dec
2015: Jan | Feb | Mar | Apr | May | Jun | Jul | Aug | Sep | Oct | Nov | Dec
2014: Jan | Feb | Mar | Apr | May | Jun | Jul | Aug | Sep | Oct | Nov | Dec
2013: Jan | Feb | Mar | Apr | May | Jun | Jul | Aug | Sep | Oct | Nov | Dec
2012: Jan | Feb | Mar | Apr | May | Jun | Jul | Aug | Sep | Oct | Nov | Dec
2011: Jan | Feb | Mar | Apr | May | Jun | Jul | Aug | Sep | Oct | Nov | Dec
2010: Jan | Feb | Mar | Apr | May | Jun | Jul | Aug | Sep | Oct | Nov | Dec
2009: Jan | Feb | Mar | Apr | May | Jun | Jul | Aug | Sep | Oct | Nov | Dec
2008: Jan | Feb | Mar | Apr | May | Jun | Jul | Aug | Sep | Oct | Nov | Dec
2007: Jan | Feb | Mar | Apr | May | Jun | Jul | Aug | Sep | Oct | Nov | Dec
2006: Jan | Feb | Mar | Apr | May | Jun | Jul | Aug | Sep | Oct | Nov | Dec
2005: Jan | Feb | Mar | Apr | May | Jun | Jul | Aug | Sep | Oct | Nov | Dec
2004: Jan | Feb | Mar | Apr | May | Jun | Jul | Aug | Sep | Oct | Nov | Dec
2003: Jan | Feb | Mar | Apr | May | Jun | Jul | Aug | Sep | Oct | Nov | Dec
Report for 2015 05
MONTHLY CLIMATOLOGICAL SUMMARY for MAY. 2015
NAME: Station1 CITY: Lancaster STATE: Ohio
ELEV: 958 ft LAT: 39° 45' 15" N LONG: 82° 34' 05" W
TEMPERATURE (°F), RAIN (in), WIND SPEED (mph)
HEAT COOL AVG
MEAN DEG DEG WIND DOM
DAY TEMP HIGH TIME LOW TIME DAYS DAYS RAIN SPEED HIGH TIME DIR
------------------------------------------------------------------------------------
1 57.4 72.8 4:45p 44.8 6:45a 8.9 1.3 0.03 1.2 17.0 5:30p NNW
2 59.7 76.5 5:15p 41.3 6:30a 8.7 3.4 0.00 0.2 14.0 1:30p WSW
3 63.3 80.3 4:45p 44.8 6:15a 6.8 5.1 0.00 0.5 16.0 2:15p SSW
4 65.1 82.4 3:00p 47.4 6:45a 5.2 5.3 0.02 1.5 21.0 11:45a SSW
5 70.2 84.0 5:45p 59.2 2:30a 1.7 6.8 0.10 0.3 14.0 3:15p WSW
6 71.7 88.4 4:15p 53.9 6:30a 2.8 9.5 0.00 0.1 10.0 1:30p N
7 73.5 89.9 3:15p 57.2 6:30a 1.6 10.1 0.00 0.0 7.0 2:15p NE
8 73.6 90.7 3:00p 57.2 6:30a 1.7 10.3 0.02 0.1 15.0 6:00p SSW
9 75.2 90.1 4:45p 60.4 5:45a 0.9 11.1 0.00 0.3 18.0 2:15p SSW
10 74.4 88.6 3:00p 62.9 4:30a 0.2 9.6 0.00 0.3 16.0 4:00p S
11 71.7 86.3 1:30p 62.1 6:30a 0.2 6.8 0.52 0.7 28.0 5:45p SSW
12 62.9 69.9 5:00p 50.2 12:00m 2.9 0.8 0.01 3.1 30.0 12:45p SW
13 52.9 65.3 5:00p 42.9 5:45a 12.1 0.0 0.00 0.7 12.0 9:00a NNW
14 54.5 68.1 5:15p 39.6 5:30a 10.9 0.4 0.00 0.1 10.0 12:00p ENE
15 67.2 82.4 3:15p 52.0 5:30a 3.9 6.1 0.02 1.0 20.0 2:30p SSW
16 71.1 79.0 3:30p 65.2 7:00a 0.0 6.1 0.01 1.1 20.0 3:15p SSW
17 73.4 84.1 4:45p 66.9 5:15a 0.0 8.4 0.50 0.5 17.0 6:30p SSW
18 71.7 79.9 4:45p 66.4 11:30p 0.0 6.7 1.39 0.7 16.0 3:45a SSW
19 64.7 71.1 3:00p 51.9 12:00m 2.2 1.9 0.01 1.1 18.0 2:00p NNW
20 54.4 64.0 4:15p 45.7 7:15a 10.6 0.0 0.03 1.0 11.0 9:15a NNE
21 50.9 57.6 2:30p 42.6 12:00m 14.1 0.0 0.01 0.5 12.0 7:15p NNE
22 57.7 76.0 4:00p 40.8 1:45a 9.0 1.7 0.03 0.9 19.0 10:15a SW
23 61.5 79.9 6:00p 42.1 5:00a 7.6 4.1 0.00 0.1 10.0 4:00p S
24 67.2 83.8 2:45p 47.1 6:30a 5.1 7.2 0.00 0.3 14.0 1:00p SSW
25 71.6 83.8 1:45p 57.6 3:45a 1.5 8.1 0.00 2.1 28.0 3:30p SSW
26 70.7 85.1 4:00p 63.9 5:30a 0.1 5.7 1.62 0.8 30.0 9:00p SSW
27 73.0 82.4 4:15p 65.6 2:15a 0.0 8.0 0.00 1.8 19.0 6:00p SSW
28 72.0 82.4 4:00p 61.0 6:30a 0.5 7.5 0.00 0.2 11.0 12:30a ENE
29 73.2 84.1 5:00p 63.2 5:15a 0.2 8.3 0.00 0.6 14.0 4:15p SSW
30 75.7 84.5 2:00p 68.6 5:45a 0.0 10.7 0.00 1.0 19.0 4:15p SSW
31 68.1 77.6 2:30p 51.6 12:00m 1.9 4.9 0.13 1.8 25.0 4:45p SSW
-------------------------------------------------------------------------------------
66.8 90.7 8 39.6 14 121.3 175.9 4.45 0.8 30.0 12 SSW
Max >= 90.0: 2
Max <= 32.0: 0
Min <= 32.0: 0
Min <= 0.0: 0
Max Rain: 1.62 ON 05/26/15
Days of Rain: 12 (>.01 in) 5 (>.1 in) 2 (>1 in)
Heat Base: 65.0 Cool Base: 65.0 Method: Integration
|