2024: Jan | Feb | Mar | Apr | May | Jun | Jul | Aug | Sep | Oct | Nov | Dec
2023: Jan | Feb | Mar | Apr | May | Jun | Jul | Aug | Sep | Oct | Nov | Dec
2022: Jan | Feb | Mar | Apr | May | Jun | Jul | Aug | Sep | Oct | Nov | Dec
2021: Jan | Feb | Mar | Apr | May | Jun | Jul | Aug | Sep | Oct | Nov | Dec
2020: Jan | Feb | Mar | Apr | May | Jun | Jul | Aug | Sep | Oct | Nov | Dec
2019: Jan | Feb | Mar | Apr | May | Jun | Jul | Aug | Sep | Oct | Nov | Dec
2018: Jan | Feb | Mar | Apr | May | Jun | Jul | Aug | Sep | Oct | Nov | Dec
2017: Jan | Feb | Mar | Apr | May | Jun | Jul | Aug | Sep | Oct | Nov | Dec
2016: Jan | Feb | Mar | Apr | May | Jun | Jul | Aug | Sep | Oct | Nov | Dec
2015: Jan | Feb | Mar | Apr | May | Jun | Jul | Aug | Sep | Oct | Nov | Dec
2014: Jan | Feb | Mar | Apr | May | Jun | Jul | Aug | Sep | Oct | Nov | Dec
2013: Jan | Feb | Mar | Apr | May | Jun | Jul | Aug | Sep | Oct | Nov | Dec
2012: Jan | Feb | Mar | Apr | May | Jun | Jul | Aug | Sep | Oct | Nov | Dec
2011: Jan | Feb | Mar | Apr | May | Jun | Jul | Aug | Sep | Oct | Nov | Dec
2010: Jan | Feb | Mar | Apr | May | Jun | Jul | Aug | Sep | Oct | Nov | Dec
2009: Jan | Feb | Mar | Apr | May | Jun | Jul | Aug | Sep | Oct | Nov | Dec
2008: Jan | Feb | Mar | Apr | May | Jun | Jul | Aug | Sep | Oct | Nov | Dec
2007: Jan | Feb | Mar | Apr | May | Jun | Jul | Aug | Sep | Oct | Nov | Dec
2006: Jan | Feb | Mar | Apr | May | Jun | Jul | Aug | Sep | Oct | Nov | Dec
2005: Jan | Feb | Mar | Apr | May | Jun | Jul | Aug | Sep | Oct | Nov | Dec
2004: Jan | Feb | Mar | Apr | May | Jun | Jul | Aug | Sep | Oct | Nov | Dec
2003: Jan | Feb | Mar | Apr | May | Jun | Jul | Aug | Sep | Oct | Nov | Dec
Report for 2015 06
MONTHLY CLIMATOLOGICAL SUMMARY for JUN. 2015
NAME: Station1 CITY: Lancaster STATE: Ohio
ELEV: 958 ft LAT: 39° 45' 15" N LONG: 82° 34' 05" W
TEMPERATURE (°F), RAIN (in), WIND SPEED (mph)
HEAT COOL AVG
MEAN DEG DEG WIND DOM
DAY TEMP HIGH TIME LOW TIME DAYS DAYS RAIN SPEED HIGH TIME DIR
------------------------------------------------------------------------------------
1 52.1 55.7 12:45p 49.1 3:30a 12.9 0.0 0.08 0.9 11.0 3:00a NNE
2 56.7 63.7 4:00p 51.4 2:15a 8.3 0.0 0.01 0.3 11.0 8:45a NNE
3 66.0 74.4 5:30p 58.4 12:15a 2.1 3.1 0.00 0.0 8.0 8:15a NNE
4 69.7 81.1 4:15p 58.4 5:30a 1.7 6.4 0.00 0.0 7.0 2:15p NE
5 74.5 87.4 4:45p 62.9 4:30a 0.3 9.9 0.02 0.2 17.0 10:15p NNW
6 68.0 79.6 4:45p 60.5 12:00m 1.0 4.0 0.00 0.6 12.0 6:00a NNE
7 71.7 84.3 4:00p 55.0 5:15a 2.7 9.4 0.00 0.9 17.0 2:15p SSW
8 73.0 80.5 4:45p 63.9 12:00m 0.0 8.0 0.38 2.1 20.0 2:45p SSW
9 67.0 77.2 5:30p 57.8 5:30a 2.2 4.2 0.03 0.7 15.0 2:45a WSW
10 74.0 90.7 4:15p 55.3 6:00a 2.6 11.6 0.00 0.8 17.0 1:30p SSW
11 80.1 91.4 3:45p 67.1 6:30a 0.0 15.1 0.00 0.4 13.0 3:45p SSW
12 76.0 90.7 4:00p 66.4 6:00a 0.0 11.0 0.38 1.2 25.0 2:00p SSW
13 74.2 86.3 12:30p 68.1 4:45a 0.0 9.2 0.56 0.4 14.0 10:15a WSW
14 78.6 89.0 5:30p 68.1 5:30a 0.0 13.6 0.01 0.9 18.0 6:00p SSW
15 77.0 86.1 3:00p 71.3 6:30a 0.0 12.0 0.43 0.7 16.0 4:45p SW
16 75.9 83.6 3:45p 69.6 7:15a 0.0 10.9 0.41 1.0 18.0 4:15a SSW
17 65.9 70.1 12:15a 61.6 1:45p 0.8 1.7 1.08 0.1 8.0 11:00a ENE
18 75.5 88.6 4:30p 67.8 2:30a 0.0 10.5 0.05 1.4 28.0 7:30p SW
19 71.9 78.5 10:30a 67.1 11:45p 0.0 6.9 0.01 0.3 11.0 3:00a WSW
20 70.2 74.9 3:45p 66.4 1:15a 0.0 5.2 0.51 0.2 11.0 4:00p NNE
21 76.8 87.4 4:00p 68.8 1:30a 0.0 11.8 0.01 0.7 17.0 3:15p WSW
22 76.8 86.3 3:45p 64.8 6:15a 0.0 11.8 0.00 0.7 14.0 4:15p SSW
23 79.7 87.4 4:45p 66.1 12:00m 0.0 14.7 0.02 2.5 21.0 10:00a SSW
24 72.4 84.5 3:15p 59.5 5:15a 1.1 8.5 0.00 0.0 7.0 12:00p WSW
25 68.8 77.6 6:15p 63.1 2:45a 0.3 4.1 0.14 0.1 11.0 1:15p SSW
26 70.5 79.0 2:15p 66.6 3:00a 0.0 5.5 0.76 0.1 8.0 6:45p ENE
27 66.6 73.9 12:00p 58.7 12:00m 1.2 2.8 0.33 3.1 31.0 2:15p SW
28 64.8 76.7 4:45p 57.8 2:45a 3.0 2.9 0.02 1.7 18.0 3:00a WSW
29 62.1 66.0 11:00a 55.4 6:00a 3.0 0.1 0.21 0.0 7.0 2:15p S
30 67.8 77.6 1:45p 62.1 11:45p 0.2 3.1 0.00 1.5 22.0 2:30p SSW
-------------------------------------------------------------------------------------
70.8 91.4 11 49.1 1 43.4 218.0 5.45 0.8 31.0 27 SSW
Max >= 90.0: 3
Max <= 32.0: 0
Min <= 32.0: 0
Min <= 0.0: 0
Max Rain: 1.08 ON 06/17/15
Days of Rain: 17 (>.01 in) 11 (>.1 in) 1 (>1 in)
Heat Base: 65.0 Cool Base: 65.0 Method: Integration
|