2024: Jan | Feb | Mar | Apr | May | Jun | Jul | Aug | Sep | Oct | Nov | Dec
2023: Jan | Feb | Mar | Apr | May | Jun | Jul | Aug | Sep | Oct | Nov | Dec
2022: Jan | Feb | Mar | Apr | May | Jun | Jul | Aug | Sep | Oct | Nov | Dec
2021: Jan | Feb | Mar | Apr | May | Jun | Jul | Aug | Sep | Oct | Nov | Dec
2020: Jan | Feb | Mar | Apr | May | Jun | Jul | Aug | Sep | Oct | Nov | Dec
2019: Jan | Feb | Mar | Apr | May | Jun | Jul | Aug | Sep | Oct | Nov | Dec
2018: Jan | Feb | Mar | Apr | May | Jun | Jul | Aug | Sep | Oct | Nov | Dec
2017: Jan | Feb | Mar | Apr | May | Jun | Jul | Aug | Sep | Oct | Nov | Dec
2016: Jan | Feb | Mar | Apr | May | Jun | Jul | Aug | Sep | Oct | Nov | Dec
2015: Jan | Feb | Mar | Apr | May | Jun | Jul | Aug | Sep | Oct | Nov | Dec
2014: Jan | Feb | Mar | Apr | May | Jun | Jul | Aug | Sep | Oct | Nov | Dec
2013: Jan | Feb | Mar | Apr | May | Jun | Jul | Aug | Sep | Oct | Nov | Dec
2012: Jan | Feb | Mar | Apr | May | Jun | Jul | Aug | Sep | Oct | Nov | Dec
2011: Jan | Feb | Mar | Apr | May | Jun | Jul | Aug | Sep | Oct | Nov | Dec
2010: Jan | Feb | Mar | Apr | May | Jun | Jul | Aug | Sep | Oct | Nov | Dec
2009: Jan | Feb | Mar | Apr | May | Jun | Jul | Aug | Sep | Oct | Nov | Dec
2008: Jan | Feb | Mar | Apr | May | Jun | Jul | Aug | Sep | Oct | Nov | Dec
2007: Jan | Feb | Mar | Apr | May | Jun | Jul | Aug | Sep | Oct | Nov | Dec
2006: Jan | Feb | Mar | Apr | May | Jun | Jul | Aug | Sep | Oct | Nov | Dec
2005: Jan | Feb | Mar | Apr | May | Jun | Jul | Aug | Sep | Oct | Nov | Dec
2004: Jan | Feb | Mar | Apr | May | Jun | Jul | Aug | Sep | Oct | Nov | Dec
2003: Jan | Feb | Mar | Apr | May | Jun | Jul | Aug | Sep | Oct | Nov | Dec
Report for 2015 07
MONTHLY CLIMATOLOGICAL SUMMARY for JUL. 2015
NAME: Station1 CITY: Lancaster STATE: Ohio
ELEV: 958 ft LAT: 39° 45' 15" N LONG: 82° 34' 05" W
TEMPERATURE (°F), RAIN (in), WIND SPEED (mph)
HEAT COOL AVG
MEAN DEG DEG WIND DOM
DAY TEMP HIGH TIME LOW TIME DAYS DAYS RAIN SPEED HIGH TIME DIR
------------------------------------------------------------------------------------
1 69.7 80.5 3:30p 61.2 5:00a 1.2 5.9 0.00 0.3 12.0 12:00p WSW
2 66.2 73.3 4:45p 58.3 6:30a 1.7 2.9 0.02 0.0 6.0 2:15p NNE
3 66.3 78.1 11:45a 58.7 6:30a 1.5 2.9 0.26 0.1 11.0 11:45a NNE
4 70.0 82.2 4:00p 59.8 7:00a 1.2 6.2 0.00 0.1 10.0 1:00p NNW
5 69.9 81.8 12:45p 57.3 6:15a 2.0 6.9 0.00 0.0 7.0 1:00p NE
6 73.8 85.7 2:45p 63.9 5:30a 0.1 8.9 0.00 0.2 12.0 4:30p WSW
7 73.7 85.3 2:00p 64.0 2:45a 0.1 8.8 0.09 1.6 22.0 4:30p SSW
8 67.3 71.6 12:15a 62.6 8:30a 0.3 2.6 0.19 0.3 12.0 1:00a NNE
9 73.8 81.1 4:15p 67.6 12:15a 0.0 8.8 0.01 2.1 25.0 4:15p SSW
10 71.4 78.5 11:00a 66.8 12:00m 0.0 6.4 0.01 0.1 8.0 1:45p N
11 72.6 83.6 3:15p 63.2 6:45a 0.2 7.8 0.01 0.0 10.0 3:45p N
12 71.4 81.1 5:00p 64.0 1:30a 0.1 6.5 0.65 0.1 11.0 1:15p SSW
13 69.8 78.1 2:00p 65.5 6:45a 0.0 4.8 0.11 0.3 11.0 1:00p SSW
14 71.0 84.0 1:45p 66.3 5:00a 0.0 6.0 0.94 1.2 24.0 3:00p SSW
15 69.0 77.2 4:00p 60.7 12:00m 0.2 4.2 0.00 1.1 13.0 7:00a NNW
16 67.5 83.4 4:15p 51.0 7:00a 3.6 6.1 0.00 0.0 6.0 1:30p NNE
17 75.6 88.0 4:45p 61.5 2:30a 0.7 11.3 0.00 0.8 19.0 4:45p SSW
18 78.2 90.5 4:00p 70.6 6:45a 0.0 13.0 0.37 0.6 24.0 4:30p SW
19 75.7 89.5 2:00p 68.1 7:00a 0.0 10.7 0.41 0.5 22.0 4:15p SW
20 76.8 86.7 5:00p 67.3 4:45a 0.0 11.8 0.01 0.2 14.0 10:15p SW
21 76.8 87.8 2:00p 66.4 12:00m 0.0 11.8 0.04 0.8 16.0 3:30p NNW
22 70.2 82.8 5:15p 57.2 6:30a 1.8 7.0 0.00 0.1 10.0 3:15p N
23 70.9 85.7 5:00p 57.6 3:45a 2.1 8.0 0.00 0.0 8.0 12:30p NNE
24 72.7 87.2 5:00p 55.6 6:30a 1.9 9.6 0.00 0.0 7.0 5:30p N
25 75.4 88.4 5:00p 61.3 6:30a 0.5 10.9 0.00 0.2 11.0 2:00p WSW
26 73.6 86.5 1:45p 66.0 6:15a 0.0 8.6 0.15 0.3 12.0 12:15p SSW
27 76.8 87.4 6:00p 68.6 5:15a 0.0 11.8 0.01 0.0 7.0 2:00p NNE
28 79.2 91.6 3:15p 67.3 7:00a 0.0 14.2 0.00 0.0 6.0 3:15p NNE
29 79.5 91.6 5:00p 68.9 6:45a 0.0 14.5 0.17 0.1 16.0 7:45p SSW
30 77.1 86.5 4:30p 65.6 12:00m 0.0 12.1 0.00 0.5 18.0 5:00p WSW
31 74.8 88.2 4:15p 58.9 6:30a 1.3 11.1 0.00 0.4 18.0 1:30p SW
-------------------------------------------------------------------------------------
72.8 91.6 28 51.0 16 20.5 262.1 3.45 0.4 25.0 9 SSW
Max >= 90.0: 3
Max <= 32.0: 0
Min <= 32.0: 0
Min <= 0.0: 0
Max Rain: 0.94 ON 07/14/15
Days of Rain: 12 (>.01 in) 9 (>.1 in) 0 (>1 in)
Heat Base: 65.0 Cool Base: 65.0 Method: Integration
|