Weather Information | Photos of Local Events | Personal Weather Stations Links | Lancaster Links | Site Map

NOAA Report Archive
(Reports Generated by WeatherLink)
2017: Jan | Feb | Mar | Apr | May | Jun | Jul | Aug | Sep | Oct | Nov | Dec 
2016: Jan | Feb | Mar | Apr | May | Jun | Jul | Aug | Sep | Oct | Nov | Dec 
2015: Jan | Feb | Mar | Apr | May | Jun | Jul | Aug | Sep | Oct | Nov | Dec 
2014: Jan | Feb | Mar | Apr | May | Jun | Jul | Aug | Sep | Oct | Nov | Dec 
2013: Jan | Feb | Mar | Apr | May | Jun | Jul | Aug | Sep | Oct | Nov | Dec 
2012: Jan | Feb | Mar | Apr | May | Jun | Jul | Aug | Sep | Oct | Nov | Dec 
2011: Jan | Feb | Mar | Apr | May | Jun | Jul | Aug | Sep | Oct | Nov | Dec 
2010: Jan | Feb | Mar | Apr | May | Jun | Jul | Aug | Sep | Oct | Nov | Dec 
2009: Jan | Feb | Mar | Apr | May | Jun | Jul | Aug | Sep | Oct | Nov | Dec 
2008: Jan | Feb | Mar | Apr | May | Jun | Jul | Aug | Sep | Oct | Nov | Dec 
2007: Jan | Feb | Mar | Apr | May | Jun | Jul | Aug | Sep | Oct | Nov | Dec 
2006: Jan | Feb | Mar | Apr | May | Jun | Jul | Aug | Sep | Oct | Nov | Dec 
2005: Jan | Feb | Mar | Apr | May | Jun | Jul | Aug | Sep | Oct | Nov | Dec 
2004: Jan | Feb | Mar | Apr | May | Jun | Jul | Aug | Sep | Oct | Nov | Dec 
2003: Jan | Feb | Mar | Apr | May | Jun | Jul | Aug | Sep | Oct | Nov | Dec 

Report for 2015 08
MONTHLY CLIMATOLOGICAL SUMMARY for AUG. 2015 NAME: Station1 CITY: Lancaster STATE: Ohio ELEV: 958 ft LAT: 39 45' 15" N LONG: 82 34' 05" W TEMPERATURE (F), RAIN (in), WIND SPEED (mph) HEAT COOL AVG MEAN DEG DEG WIND DOM DAY TEMP HIGH TIME LOW TIME DAYS DAYS RAIN SPEED HIGH TIME DIR ------------------------------------------------------------------------------------ 1 74.1 85.3 4:00p 60.9 7:00a 0.3 9.4 0.00 0.2 17.0 3:30p WSW 2 74.4 87.6 4:30p 58.9 7:00a 1.4 10.8 0.00 0.6 19.0 6:15p SSW 3 75.9 85.7 2:30p 63.9 8:30a 0.0 10.9 0.06 1.9 24.0 1:45p SW 4 73.6 86.3 5:00p 59.9 6:30a 0.6 9.1 0.00 0.2 12.0 2:00p WSW 5 72.1 85.1 5:30p 58.4 6:45a 1.2 8.3 0.00 0.1 7.0 10:45a NNE 6 63.9 66.1 7:30p 61.2 9:00a 1.2 0.1 0.18 0.0 10.0 6:00p NE 7 71.9 86.1 5:45p 58.6 7:15a 1.0 7.9 0.00 0.2 10.0 12:45p NNE 8 73.8 88.6 5:15p 59.5 6:30a 0.9 9.7 0.00 0.1 10.0 2:45p NNW 9 75.4 87.8 2:00p 63.4 5:30a 0.2 10.6 0.00 0.0 7.0 11:45a NW 10 74.6 84.5 1:30p 69.4 7:00a 0.0 9.6 0.67 0.2 18.0 5:45p SSW 11 73.4 83.6 3:45p 63.9 12:00m 0.0 8.4 0.00 1.2 16.0 3:00p NNW 12 69.2 81.1 3:45p 58.9 6:00a 1.6 5.8 0.00 0.8 12.0 1:45p NNW 13 67.4 82.2 5:00p 53.1 7:00a 3.5 5.9 0.00 0.0 8.0 4:45p WSW 14 71.8 86.5 5:15p 57.0 7:00a 2.0 8.8 0.00 0.0 8.0 12:30p SW 15 73.4 87.2 4:45p 62.3 6:15a 0.5 8.9 0.00 0.2 11.0 6:00p SSW 16 75.2 89.5 4:15p 61.6 7:00a 0.5 10.7 0.00 0.1 12.0 3:30p SSW 17 75.7 88.0 4:30p 64.2 6:30a 0.1 10.8 0.02 0.1 12.0 6:30p SSW 18 73.6 81.6 4:00p 69.1 12:00m 0.0 8.6 0.00 0.0 7.0 9:30a SSW 19 75.0 88.2 2:30p 65.0 5:30a 0.0 10.0 0.33 0.5 19.0 4:00p SSW 20 71.1 78.8 5:30p 59.5 12:00m 0.3 6.4 0.35 1.6 21.0 2:30p SW 21 66.6 81.2 5:45p 52.3 7:15a 4.0 5.6 0.00 0.0 7.0 12:00p NNE 22 67.2 84.5 5:00p 52.0 6:45a 4.1 6.3 0.00 0.0 11.0 12:15p NE 23 70.9 86.3 4:30p 55.1 5:15a 3.0 8.9 0.00 0.2 12.0 1:00p SW 24 68.5 77.6 2:45p 58.0 7:30a 1.2 4.7 0.10 0.8 18.0 12:45a WSW 25 62.2 69.8 12:45p 52.2 6:00a 3.9 1.1 0.00 0.4 13.0 11:45a WSW 26 63.2 68.4 3:30p 58.3 11:45p 2.5 0.7 0.00 0.4 8.0 10:30a NNW 27 66.0 78.5 4:45p 56.5 12:00m 2.8 3.8 0.00 0.1 7.0 11:00a NNE 28 65.4 81.4 3:00p 50.7 6:30a 4.9 5.3 0.00 0.0 7.0 4:15p NW 29 71.2 88.4 4:00p 54.7 5:00a 3.2 9.4 0.01 0.5 16.0 2:00p SSW 30 76.0 87.8 2:30p 65.6 7:15a 0.0 11.0 0.00 0.3 12.0 3:00p SSW 31 75.3 90.3 3:15p 63.2 7:15a 0.1 10.4 0.00 0.1 11.0 2:45p WSW ------------------------------------------------------------------------------------- 71.2 90.3 31 50.7 28 45.0 237.9 1.72 0.3 24.0 3 SSW Max >= 90.0: 1 Max <= 32.0: 0 Min <= 32.0: 0 Min <= 0.0: 0 Max Rain: 0.67 ON 08/10/15 Days of Rain: 7 (>.01 in) 4 (>.1 in) 0 (>1 in) Heat Base: 65.0 Cool Base: 65.0 Method: Integration
 
USA Weather Finder