Weather Information | Photos of Local Events | Personal Weather Stations Links | Lancaster Links | Site Map

NOAA Report Archive
(Reports Generated by WeatherLink)
2017: Jan | Feb | Mar | Apr | May | Jun | Jul | Aug | Sep | Oct | Nov | Dec 
2016: Jan | Feb | Mar | Apr | May | Jun | Jul | Aug | Sep | Oct | Nov | Dec 
2015: Jan | Feb | Mar | Apr | May | Jun | Jul | Aug | Sep | Oct | Nov | Dec 
2014: Jan | Feb | Mar | Apr | May | Jun | Jul | Aug | Sep | Oct | Nov | Dec 
2013: Jan | Feb | Mar | Apr | May | Jun | Jul | Aug | Sep | Oct | Nov | Dec 
2012: Jan | Feb | Mar | Apr | May | Jun | Jul | Aug | Sep | Oct | Nov | Dec 
2011: Jan | Feb | Mar | Apr | May | Jun | Jul | Aug | Sep | Oct | Nov | Dec 
2010: Jan | Feb | Mar | Apr | May | Jun | Jul | Aug | Sep | Oct | Nov | Dec 
2009: Jan | Feb | Mar | Apr | May | Jun | Jul | Aug | Sep | Oct | Nov | Dec 
2008: Jan | Feb | Mar | Apr | May | Jun | Jul | Aug | Sep | Oct | Nov | Dec 
2007: Jan | Feb | Mar | Apr | May | Jun | Jul | Aug | Sep | Oct | Nov | Dec 
2006: Jan | Feb | Mar | Apr | May | Jun | Jul | Aug | Sep | Oct | Nov | Dec 
2005: Jan | Feb | Mar | Apr | May | Jun | Jul | Aug | Sep | Oct | Nov | Dec 
2004: Jan | Feb | Mar | Apr | May | Jun | Jul | Aug | Sep | Oct | Nov | Dec 
2003: Jan | Feb | Mar | Apr | May | Jun | Jul | Aug | Sep | Oct | Nov | Dec 

Report for 2015 09
MONTHLY CLIMATOLOGICAL SUMMARY for SEP. 2015 NAME: Station1 CITY: Lancaster STATE: Ohio ELEV: 958 ft LAT: 39 45' 15" N LONG: 82 34' 05" W TEMPERATURE (F), RAIN (in), WIND SPEED (mph) HEAT COOL AVG MEAN DEG DEG WIND DOM DAY TEMP HIGH TIME LOW TIME DAYS DAYS RAIN SPEED HIGH TIME DIR ------------------------------------------------------------------------------------ 1 76.4 91.0 3:15p 63.7 7:00a 0.1 11.5 0.00 0.0 8.0 3:30p WSW 2 74.9 89.7 3:30p 65.2 7:15a 0.0 9.9 0.00 0.4 14.0 2:00p WSW 3 77.4 92.1 2:15p 67.1 7:00a 0.0 12.4 0.01 0.2 14.0 7:15p WSW 4 71.6 88.8 4:45p 66.1 12:00m 0.0 6.6 1.31 0.2 26.0 5:45p NNE 5 75.0 92.3 5:00p 62.9 5:00a 0.3 10.3 0.01 0.0 6.0 1:30p W 6 76.6 91.2 5:00p 65.0 7:15a 0.0 11.6 0.00 0.0 8.0 3:45p SSW 7 77.1 91.8 3:45p 65.3 6:45a 0.0 12.1 0.00 0.1 10.0 2:45p SSW 8 77.1 91.2 4:00p 64.8 6:45a 0.0 12.1 0.00 0.4 13.0 12:15p SSW 9 75.0 85.3 11:45a 67.3 4:15a 0.0 10.0 0.00 0.3 11.0 2:15p N 10 71.6 83.8 4:45p 58.0 12:00m 0.6 7.2 0.00 0.3 11.0 2:30p NNE 11 65.6 83.6 2:30p 51.6 7:30a 4.3 5.0 0.02 0.5 17.0 5:15p N 12 59.5 67.8 5:00p 53.5 10:30p 5.6 0.1 0.64 2.4 17.0 3:15p NNW 13 57.7 69.6 4:00p 46.8 12:00m 7.8 0.5 0.00 0.8 14.0 2:00p NNW 14 59.0 76.1 4:30p 44.1 7:30a 9.0 3.0 0.00 0.4 14.0 3:30p SSW 15 62.2 80.1 4:30p 46.1 7:45a 7.3 4.5 0.00 0.0 8.0 3:45p S 16 65.9 84.5 3:45p 49.5 6:45a 5.6 6.5 0.00 0.1 13.0 2:00p SSW 17 67.3 84.3 4:45p 52.5 7:15a 4.2 6.5 0.00 0.1 13.0 3:30p SW 18 68.1 84.3 3:45p 51.6 7:15a 4.1 7.2 0.00 0.5 14.0 11:45a SSW 19 70.9 83.0 2:15p 56.5 12:00m 0.6 6.5 0.10 1.4 25.0 2:30p SSW 20 60.8 73.5 4:15p 51.3 6:45a 5.9 1.8 0.00 0.5 13.0 11:45a NNE 21 63.2 79.2 4:30p 50.1 7:30a 5.3 3.5 0.00 0.2 10.0 10:00a NNE 22 63.5 81.1 4:45p 51.3 6:15a 5.5 4.0 0.00 0.1 10.0 12:15p NNE 23 65.2 82.4 4:30p 50.2 7:30a 5.1 5.3 0.00 0.2 14.0 1:45p NNE 24 66.0 83.4 4:30p 51.3 7:15a 4.1 5.1 0.00 0.1 8.0 10:30a ENE 25 65.8 79.8 1:00p 52.8 7:30a 3.0 3.8 0.00 0.1 8.0 12:00p NE 26 66.0 72.1 2:30p 58.7 7:30a 1.4 2.4 0.00 0.1 10.0 4:00p ENE 27 66.9 74.2 1:45p 61.6 5:30a 1.0 2.9 0.00 0.0 13.0 1:45p ENE 28 71.9 83.8 4:15p 64.3 4:45a 0.0 6.9 0.00 0.1 11.0 12:00p SSW 29 68.7 72.1 2:30p 65.2 9:45p 0.0 3.7 0.72 0.4 14.0 11:45p NNE 30 60.7 65.6 12:45a 57.3 12:00m 4.3 0.0 0.04 2.6 17.0 2:30p NNE ------------------------------------------------------------------------------------- 68.3 92.3 5 44.1 14 85.1 182.9 2.85 0.4 26.0 4 NNE Max >= 90.0: 6 Max <= 32.0: 0 Min <= 32.0: 0 Min <= 0.0: 0 Max Rain: 1.31 ON 09/04/15 Days of Rain: 6 (>.01 in) 3 (>.1 in) 1 (>1 in) Heat Base: 65.0 Cool Base: 65.0 Method: Integration
 
USA Weather Finder