Weather Information | Photos of Local Events | Personal Weather Stations Links | Lancaster Links | Site Map

NOAA Report Archive
(Reports Generated by WeatherLink)
2017: Jan | Feb | Mar | Apr | May | Jun | Jul | Aug | Sep | Oct | Nov | Dec 
2016: Jan | Feb | Mar | Apr | May | Jun | Jul | Aug | Sep | Oct | Nov | Dec 
2015: Jan | Feb | Mar | Apr | May | Jun | Jul | Aug | Sep | Oct | Nov | Dec 
2014: Jan | Feb | Mar | Apr | May | Jun | Jul | Aug | Sep | Oct | Nov | Dec 
2013: Jan | Feb | Mar | Apr | May | Jun | Jul | Aug | Sep | Oct | Nov | Dec 
2012: Jan | Feb | Mar | Apr | May | Jun | Jul | Aug | Sep | Oct | Nov | Dec 
2011: Jan | Feb | Mar | Apr | May | Jun | Jul | Aug | Sep | Oct | Nov | Dec 
2010: Jan | Feb | Mar | Apr | May | Jun | Jul | Aug | Sep | Oct | Nov | Dec 
2009: Jan | Feb | Mar | Apr | May | Jun | Jul | Aug | Sep | Oct | Nov | Dec 
2008: Jan | Feb | Mar | Apr | May | Jun | Jul | Aug | Sep | Oct | Nov | Dec 
2007: Jan | Feb | Mar | Apr | May | Jun | Jul | Aug | Sep | Oct | Nov | Dec 
2006: Jan | Feb | Mar | Apr | May | Jun | Jul | Aug | Sep | Oct | Nov | Dec 
2005: Jan | Feb | Mar | Apr | May | Jun | Jul | Aug | Sep | Oct | Nov | Dec 
2004: Jan | Feb | Mar | Apr | May | Jun | Jul | Aug | Sep | Oct | Nov | Dec 
2003: Jan | Feb | Mar | Apr | May | Jun | Jul | Aug | Sep | Oct | Nov | Dec 

Report for 2015 10
MONTHLY CLIMATOLOGICAL SUMMARY for OCT. 2015 NAME: Station1 CITY: Lancaster STATE: Ohio ELEV: 958 ft LAT: 39 45' 15" N LONG: 82 34' 05" W TEMPERATURE (F), RAIN (in), WIND SPEED (mph) HEAT COOL AVG MEAN DEG DEG WIND DOM DAY TEMP HIGH TIME LOW TIME DAYS DAYS RAIN SPEED HIGH TIME DIR ------------------------------------------------------------------------------------ 1 55.6 59.0 7:45p 52.9 8:00a 9.4 0.0 0.00 2.3 19.0 9:15p NNE 2 50.7 56.5 1:00p 46.5 8:45p 14.3 0.0 0.24 2.7 18.0 10:00a NNE 3 48.3 51.6 11:30p 44.9 4:45a 16.7 0.0 0.17 1.6 19.0 6:00a NE 4 59.7 74.6 3:45p 49.9 7:30a 6.8 1.6 0.01 0.7 13.0 11:45a ENE 5 63.1 79.6 3:45p 50.2 7:30a 5.6 3.7 0.00 0.2 11.0 1:00p NNE 6 63.9 82.6 4:30p 50.5 6:45a 5.4 4.3 0.00 0.1 11.0 5:15p N 7 65.1 77.2 2:15p 54.8 12:00m 3.3 3.4 0.00 0.1 8.0 1:45p N 8 63.6 79.9 3:30p 49.4 7:45a 5.6 4.2 0.00 0.4 18.0 4:45p SSW 9 65.6 75.3 2:45p 55.6 12:00m 1.8 2.4 0.00 1.8 19.0 7:00p N 10 54.6 68.6 5:15p 43.6 7:00a 10.8 0.3 0.00 0.3 13.0 12:30p NNE 11 54.2 73.5 4:30p 37.6 7:45a 12.4 1.6 0.00 0.6 13.0 1:45p SSW 12 59.4 75.6 3:30p 41.9 6:45a 8.6 3.0 0.02 1.4 25.0 4:30p SSW 13 59.6 64.2 11:30a 53.9 11:45p 5.4 0.0 0.00 1.9 22.0 2:15a WSW 14 53.3 67.4 5:00p 40.3 7:15a 11.8 0.1 0.00 0.5 13.0 4:15p WSW 15 52.2 69.1 3:30p 34.0 7:30a 13.4 0.5 0.00 1.5 18.0 1:45p SSW 16 50.9 63.7 4:00p 37.6 8:00a 14.1 0.0 0.00 1.3 19.0 1:00a WSW 17 40.5 49.1 4:00p 30.4 12:00m 24.5 0.0 0.00 0.8 13.0 1:30p NNW 18 39.3 55.4 4:00p 26.3 7:00a 25.7 0.0 0.00 0.9 17.0 3:30p N 19 45.7 65.2 4:00p 27.6 7:15a 19.3 0.0 0.00 1.1 18.0 2:00p SSW 20 55.4 73.0 4:45p 43.9 7:15a 11.1 1.5 0.00 1.4 19.0 9:45a SSW 21 55.6 74.7 3:00p 37.5 8:00a 11.6 2.2 0.00 0.8 17.0 3:45p SSW 22 65.8 80.1 4:45p 52.9 1:30a 3.5 4.3 0.00 0.9 16.0 10:30a WSW 23 60.3 73.5 4:30p 50.7 8:00a 5.9 1.2 0.00 0.1 12.0 12:00p NNE 24 61.1 64.8 5:00p 56.5 6:00a 3.9 0.0 0.32 2.2 22.0 10:15p SSW 25 54.0 61.3 4:45p 41.2 12:00m 11.0 0.0 0.01 1.4 14.0 12:45p N 26 48.6 63.4 3:45p 37.6 7:30a 16.4 0.0 0.00 0.5 19.0 12:00p ENE 27 47.4 51.6 12:00m 42.6 4:45a 17.6 0.0 0.35 0.0 11.0 11:00p ENE 28 58.2 65.3 4:45p 51.6 12:15a 6.8 0.0 0.66 2.3 20.0 5:15p SSW 29 49.8 57.2 3:15p 41.6 12:00m 15.2 0.0 0.07 3.5 27.0 4:45p W 30 44.6 49.1 2:15p 36.8 2:30a 20.4 0.0 0.00 0.1 7.0 11:30a WSW 31 49.4 55.4 4:45p 43.5 8:30a 15.6 0.0 0.02 0.4 16.0 6:45a S ------------------------------------------------------------------------------------- 54.7 82.6 6 26.3 18 353.9 34.3 1.87 1.1 27.0 29 SSW Max >= 90.0: 0 Max <= 32.0: 0 Min <= 32.0: 3 Min <= 0.0: 0 Max Rain: 0.66 ON 10/28/15 Days of Rain: 8 (>.01 in) 5 (>.1 in) 0 (>1 in) Heat Base: 65.0 Cool Base: 65.0 Method: Integration
 
USA Weather Finder