2024: Jan | Feb | Mar | Apr | May | Jun | Jul | Aug | Sep | Oct | Nov | Dec
2023: Jan | Feb | Mar | Apr | May | Jun | Jul | Aug | Sep | Oct | Nov | Dec
2022: Jan | Feb | Mar | Apr | May | Jun | Jul | Aug | Sep | Oct | Nov | Dec
2021: Jan | Feb | Mar | Apr | May | Jun | Jul | Aug | Sep | Oct | Nov | Dec
2020: Jan | Feb | Mar | Apr | May | Jun | Jul | Aug | Sep | Oct | Nov | Dec
2019: Jan | Feb | Mar | Apr | May | Jun | Jul | Aug | Sep | Oct | Nov | Dec
2018: Jan | Feb | Mar | Apr | May | Jun | Jul | Aug | Sep | Oct | Nov | Dec
2017: Jan | Feb | Mar | Apr | May | Jun | Jul | Aug | Sep | Oct | Nov | Dec
2016: Jan | Feb | Mar | Apr | May | Jun | Jul | Aug | Sep | Oct | Nov | Dec
2015: Jan | Feb | Mar | Apr | May | Jun | Jul | Aug | Sep | Oct | Nov | Dec
2014: Jan | Feb | Mar | Apr | May | Jun | Jul | Aug | Sep | Oct | Nov | Dec
2013: Jan | Feb | Mar | Apr | May | Jun | Jul | Aug | Sep | Oct | Nov | Dec
2012: Jan | Feb | Mar | Apr | May | Jun | Jul | Aug | Sep | Oct | Nov | Dec
2011: Jan | Feb | Mar | Apr | May | Jun | Jul | Aug | Sep | Oct | Nov | Dec
2010: Jan | Feb | Mar | Apr | May | Jun | Jul | Aug | Sep | Oct | Nov | Dec
2009: Jan | Feb | Mar | Apr | May | Jun | Jul | Aug | Sep | Oct | Nov | Dec
2008: Jan | Feb | Mar | Apr | May | Jun | Jul | Aug | Sep | Oct | Nov | Dec
2007: Jan | Feb | Mar | Apr | May | Jun | Jul | Aug | Sep | Oct | Nov | Dec
2006: Jan | Feb | Mar | Apr | May | Jun | Jul | Aug | Sep | Oct | Nov | Dec
2005: Jan | Feb | Mar | Apr | May | Jun | Jul | Aug | Sep | Oct | Nov | Dec
2004: Jan | Feb | Mar | Apr | May | Jun | Jul | Aug | Sep | Oct | Nov | Dec
2003: Jan | Feb | Mar | Apr | May | Jun | Jul | Aug | Sep | Oct | Nov | Dec
Report for 2015 12
MONTHLY CLIMATOLOGICAL SUMMARY for DEC. 2015
NAME: Station1 CITY: Lancaster STATE: Ohio
ELEV: 958 ft LAT: 39° 45' 15" N LONG: 82° 34' 05" W
TEMPERATURE (°F), RAIN (in), WIND SPEED (mph)
HEAT COOL AVG
MEAN DEG DEG WIND DOM
DAY TEMP HIGH TIME LOW TIME DAYS DAYS RAIN SPEED HIGH TIME DIR
------------------------------------------------------------------------------------
1 51.1 59.3 1:58p 44.5 12:01a 13.9 0.0 0.16 0.7 14.0 8:01a S
2 42.0 48.9 2:22p 34.6 11:30p 22.9 0.0 0.01 1.4 22.0 3:24p W
3 36.1 39.1 3:30p 32.4 5:46a 28.9 0.0 0.02 1.1 14.0 12:25a W
4 35.4 47.7 3:08p 27.2 7:36a 29.6 0.0 0.00 0.7 15.0 11:35a SSW
5 31.0 42.1 3:42p 25.8 7:46a 33.9 0.0 0.00 0.0 6.0 3:46p NNE
6 35.2 53.6 2:32p 23.5 7:44a 29.8 0.0 0.00 0.1 11.0 2:43p WSW
7 37.3 50.2 3:49p 29.1 1:06a 27.7 0.0 0.00 0.0 4.0 12:41p N
8 41.8 53.8 3:08p 29.8 1:15a 23.2 0.0 0.00 0.8 16.0 12:17p SSW
9 45.1 53.2 1:53p 33.4 7:20a 19.9 0.0 0.01 2.1 18.0 10:14a SSW
10 48.4 57.5 1:33p 36.6 6:51a 16.6 0.0 0.00 1.4 20.0 2:42p SSW
11 55.9 63.7 2:30p 49.8 12:06a 9.1 0.0 0.00 2.4 21.0 2:34p SSW
12 63.3 69.1 11:28a 54.8 1:40a 2.7 1.0 0.00 1.9 20.0 12:07p SSW
13 59.3 65.2 1:42p 54.8 8:40a 5.7 0.0 0.00 0.1 10.0 11:20a S
14 56.7 63.2 9:56a 47.9 11:57p 8.3 0.0 0.18 3.8 36.0 1:16p SSW
15 44.1 48.0 12:13a 42.5 8:41a 20.9 0.0 0.02 2.0 24.0 1:13a WSW
16 49.5 62.3 2:48p 36.0 7:46a 15.4 0.0 0.00 0.6 13.0 2:32p SE
17 42.4 59.6 12:30a 32.5 11:22p 22.6 0.0 0.21 1.7 18.0 12:38a WNW
18 30.8 34.9 2:30p 26.9 11:50p 34.1 0.0 0.00 2.2 27.0 7:07p W
19 29.7 34.9 2:54p 24.4 11:49p 35.2 0.0 0.00 3.0 22.0 11:54a SW
20 33.1 44.5 3:16p 20.8 5:12a 31.8 0.0 0.00 0.7 16.0 2:19p S
21 47.3 53.2 11:36p 41.1 12:01a 17.6 0.0 0.19 2.2 18.0 3:05a S
22 53.6 60.7 1:51p 44.3 9:43p 11.4 0.0 0.55 1.8 20.0 4:51a SSW
23 57.4 64.8 3:56p 48.9 12:30a 7.6 0.0 0.82 1.2 28.0 9:30p S
24 52.8 61.6 2:39p 40.5 10:26p 12.2 0.0 0.09 1.8 27.0 12:39a SSW
25 50.6 54.5 5:31a 42.5 12:01a 14.3 0.0 0.01 0.7 20.0 5:28a N
26 50.5 59.0 10:16p 44.1 6:40a 14.5 0.0 0.56 0.3 10.0 3:40a ENE
27 52.1 66.8 9:44a 38.5 9:10p 13.0 0.0 0.97 3.9 21.0 4:05p N
28 40.9 53.9 11:50p 35.9 7:44a 24.0 0.0 0.09 4.5 19.0 7:38a E
29 46.8 53.8 12:01a 40.2 9:10p 18.1 0.0 0.02 3.2 22.0 7:23a W
30 41.0 44.2 12:05p 37.2 11:34p 23.9 0.0 0.00 0.4 12.0 6:42p W
31 33.4 37.2 12:01a 30.0 10:02p 31.6 0.0 0.00 1.2 17.0 3:11p W
-------------------------------------------------------------------------------------
45.0 69.1 12 20.8 20 620.4 1.0 3.91 1.5 36.0 14 SSW
Max >= 90.0: 0
Max <= 32.0: 0
Min <= 32.0: 9
Min <= 0.0: 0
Max Rain: 0.97 ON 12/27/15
Days of Rain: 13 (>.01 in) 8 (>.1 in) 0 (>1 in)
Heat Base: 65.0 Cool Base: 65.0 Method: Integration
|