2024: Jan | Feb | Mar | Apr | May | Jun | Jul | Aug | Sep | Oct | Nov | Dec
2023: Jan | Feb | Mar | Apr | May | Jun | Jul | Aug | Sep | Oct | Nov | Dec
2022: Jan | Feb | Mar | Apr | May | Jun | Jul | Aug | Sep | Oct | Nov | Dec
2021: Jan | Feb | Mar | Apr | May | Jun | Jul | Aug | Sep | Oct | Nov | Dec
2020: Jan | Feb | Mar | Apr | May | Jun | Jul | Aug | Sep | Oct | Nov | Dec
2019: Jan | Feb | Mar | Apr | May | Jun | Jul | Aug | Sep | Oct | Nov | Dec
2018: Jan | Feb | Mar | Apr | May | Jun | Jul | Aug | Sep | Oct | Nov | Dec
2017: Jan | Feb | Mar | Apr | May | Jun | Jul | Aug | Sep | Oct | Nov | Dec
2016: Jan | Feb | Mar | Apr | May | Jun | Jul | Aug | Sep | Oct | Nov | Dec
2015: Jan | Feb | Mar | Apr | May | Jun | Jul | Aug | Sep | Oct | Nov | Dec
2014: Jan | Feb | Mar | Apr | May | Jun | Jul | Aug | Sep | Oct | Nov | Dec
2013: Jan | Feb | Mar | Apr | May | Jun | Jul | Aug | Sep | Oct | Nov | Dec
2012: Jan | Feb | Mar | Apr | May | Jun | Jul | Aug | Sep | Oct | Nov | Dec
2011: Jan | Feb | Mar | Apr | May | Jun | Jul | Aug | Sep | Oct | Nov | Dec
2010: Jan | Feb | Mar | Apr | May | Jun | Jul | Aug | Sep | Oct | Nov | Dec
2009: Jan | Feb | Mar | Apr | May | Jun | Jul | Aug | Sep | Oct | Nov | Dec
2008: Jan | Feb | Mar | Apr | May | Jun | Jul | Aug | Sep | Oct | Nov | Dec
2007: Jan | Feb | Mar | Apr | May | Jun | Jul | Aug | Sep | Oct | Nov | Dec
2006: Jan | Feb | Mar | Apr | May | Jun | Jul | Aug | Sep | Oct | Nov | Dec
2005: Jan | Feb | Mar | Apr | May | Jun | Jul | Aug | Sep | Oct | Nov | Dec
2004: Jan | Feb | Mar | Apr | May | Jun | Jul | Aug | Sep | Oct | Nov | Dec
2003: Jan | Feb | Mar | Apr | May | Jun | Jul | Aug | Sep | Oct | Nov | Dec
Report for 2016 01
MONTHLY CLIMATOLOGICAL SUMMARY for JAN. 2016
NAME: Station1 CITY: Lancaster STATE: Ohio
ELEV: 958 ft LAT: 39° 45' 15" N LONG: 82° 34' 05" W
TEMPERATURE (°F), RAIN (in), WIND SPEED (mph)
HEAT COOL AVG
MEAN DEG DEG WIND DOM
DAY TEMP HIGH TIME LOW TIME DAYS DAYS RAIN SPEED HIGH TIME DIR
------------------------------------------------------------------------------------
1 30.9 36.0 1:29p 25.6 11:06p 34.1 0.0 0.00 3.3 24.0 12:15p WSW
2 32.3 39.9 3:17p 25.4 12:42a 32.7 0.0 0.00 2.8 24.0 2:22p SW
3 32.2 35.2 12:01a 30.6 8:01a 32.8 0.0 0.00 2.0 19.0 2:20a SW
4 26.8 32.7 3:05p 18.3 11:59p 38.2 0.0 0.00 3.5 19.0 12:13p N
5 21.4 33.7 3:47p 11.9 6:31a 43.6 0.0 0.00 0.1 7.0 1:41p E
6 28.3 45.1 2:16p 15.6 6:39a 36.6 0.0 0.00 0.2 10.0 2:39p SSW
7 32.1 50.4 3:39p 19.5 8:19a 32.8 0.0 0.00 0.1 8.0 2:07p SSW
8 37.7 47.1 10:32p 27.0 12:54a 27.3 0.0 0.21 0.7 12.0 10:28p S
9 47.5 51.9 2:33p 45.2 12:24a 17.5 0.0 0.03 1.0 12.0 6:49a SSW
10 33.4 48.2 2:06a 14.1 11:58p 31.6 0.0 0.37 5.5 34.0 11:05a NW
11 17.1 27.2 11:59p 10.5 8:46a 47.9 0.0 0.00 3.5 25.0 2:14a SSW
12 22.1 30.6 9:34a 6.0 11:47p 42.8 0.0 0.21 4.9 31.0 1:41a SSW
13 13.3 26.1 12:00m 2.0 7:18a 51.7 0.0 0.00 1.7 16.0 2:11p SSW
14 37.1 52.0 4:17p 26.1 12:01a 27.9 0.0 0.00 2.6 20.0 1:54p SSW
15 42.7 50.7 3:05p 36.5 12:49a 22.3 0.0 0.13 1.3 16.0 9:01a S
16 33.5 41.5 1:10a 31.0 8:24p 31.5 0.0 0.04 2.2 22.0 2:33a W
17 23.7 31.0 12:01a 6.5 11:56p 41.3 0.0 0.03 2.7 20.0 5:36p WNW
18 7.8 12.1 4:22p 3.4 7:18a 57.2 0.0 0.00 2.3 20.0 2:15p W
19 11.1 20.3 3:44p 5.4 6:57a 53.8 0.0 0.00 1.0 14.0 9:45a W
20 14.5 19.7 4:58p 6.3 1:26a 50.4 0.0 0.02 0.3 9.0 10:06a E
21 20.2 28.4 3:38p 15.6 5:52a 44.8 0.0 0.00 0.2 6.0 12:40p NNE
22 22.3 27.3 3:07p 19.1 2:11a 42.7 0.0 0.02 2.4 20.0 1:58p N
23 22.1 29.1 3:38p 11.6 11:59p 42.8 0.0 0.07 3.9 19.0 11:51a N
24 20.8 34.7 3:54p 6.9 7:26a 44.2 0.0 0.00 1.2 20.0 1:50p SSW
25 34.0 48.2 11:47p 18.6 6:23a 31.0 0.0 0.00 1.1 20.0 11:07p S
26 39.7 48.3 7:11a 31.8 11:00p 25.3 0.0 0.00 4.6 30.0 1:18a W
27 29.5 37.5 2:48p 21.6 11:48p 35.5 0.0 0.00 1.5 19.0 2:16a W
28 33.3 45.7 3:49p 18.8 2:45a 31.6 0.0 0.00 3.3 25.0 2:22p SSW
29 31.0 37.8 12:17a 23.6 11:38p 34.0 0.0 0.00 2.7 25.0 1:39a NNW
30 43.9 60.9 2:49p 23.5 12:21a 21.1 0.0 0.00 3.2 27.0 2:49p SSW
31 58.2 64.7 3:52p 50.8 7:28a 6.8 0.0 0.01 4.9 25.0 12:37p SSW
-------------------------------------------------------------------------------------
29.0 64.7 31 2.0 13 1113.8 0.0 1.14 2.3 34.0 10 SSW
Max >= 90.0: 0
Max <= 32.0: 10
Min <= 32.0: 28
Min <= 0.0: 0
Max Rain: 0.37 ON 01/10/16
Days of Rain: 10 (>.01 in) 4 (>.1 in) 0 (>1 in)
Heat Base: 65.0 Cool Base: 65.0 Method: Integration
|