2024: Jan | Feb | Mar | Apr | May | Jun | Jul | Aug | Sep | Oct | Nov | Dec
2023: Jan | Feb | Mar | Apr | May | Jun | Jul | Aug | Sep | Oct | Nov | Dec
2022: Jan | Feb | Mar | Apr | May | Jun | Jul | Aug | Sep | Oct | Nov | Dec
2021: Jan | Feb | Mar | Apr | May | Jun | Jul | Aug | Sep | Oct | Nov | Dec
2020: Jan | Feb | Mar | Apr | May | Jun | Jul | Aug | Sep | Oct | Nov | Dec
2019: Jan | Feb | Mar | Apr | May | Jun | Jul | Aug | Sep | Oct | Nov | Dec
2018: Jan | Feb | Mar | Apr | May | Jun | Jul | Aug | Sep | Oct | Nov | Dec
2017: Jan | Feb | Mar | Apr | May | Jun | Jul | Aug | Sep | Oct | Nov | Dec
2016: Jan | Feb | Mar | Apr | May | Jun | Jul | Aug | Sep | Oct | Nov | Dec
2015: Jan | Feb | Mar | Apr | May | Jun | Jul | Aug | Sep | Oct | Nov | Dec
2014: Jan | Feb | Mar | Apr | May | Jun | Jul | Aug | Sep | Oct | Nov | Dec
2013: Jan | Feb | Mar | Apr | May | Jun | Jul | Aug | Sep | Oct | Nov | Dec
2012: Jan | Feb | Mar | Apr | May | Jun | Jul | Aug | Sep | Oct | Nov | Dec
2011: Jan | Feb | Mar | Apr | May | Jun | Jul | Aug | Sep | Oct | Nov | Dec
2010: Jan | Feb | Mar | Apr | May | Jun | Jul | Aug | Sep | Oct | Nov | Dec
2009: Jan | Feb | Mar | Apr | May | Jun | Jul | Aug | Sep | Oct | Nov | Dec
2008: Jan | Feb | Mar | Apr | May | Jun | Jul | Aug | Sep | Oct | Nov | Dec
2007: Jan | Feb | Mar | Apr | May | Jun | Jul | Aug | Sep | Oct | Nov | Dec
2006: Jan | Feb | Mar | Apr | May | Jun | Jul | Aug | Sep | Oct | Nov | Dec
2005: Jan | Feb | Mar | Apr | May | Jun | Jul | Aug | Sep | Oct | Nov | Dec
2004: Jan | Feb | Mar | Apr | May | Jun | Jul | Aug | Sep | Oct | Nov | Dec
2003: Jan | Feb | Mar | Apr | May | Jun | Jul | Aug | Sep | Oct | Nov | Dec
Report for 2016 02
MONTHLY CLIMATOLOGICAL SUMMARY for FEB. 2016
NAME: Station1 CITY: Lancaster STATE: Ohio
ELEV: 958 ft LAT: 39° 45' 15" N LONG: 82° 34' 05" W
TEMPERATURE (°F), RAIN (in), WIND SPEED (mph)
HEAT COOL AVG
MEAN DEG DEG WIND DOM
DAY TEMP HIGH TIME LOW TIME DAYS DAYS RAIN SPEED HIGH TIME DIR
------------------------------------------------------------------------------------
1 43.1 60.7 12:46a 30.7 11:38p 21.9 0.0 0.10 1.9 24.0 1:13a N
2 44.3 58.9 9:59p 27.9 3:31a 20.7 0.0 0.07 2.9 22.0 9:41p ESE
3 53.2 62.9 1:27p 38.3 10:34p 11.8 0.0 0.82 5.6 32.0 11:34a SSW
4 33.0 38.8 12:01a 27.9 11:59p 32.0 0.0 0.00 1.6 17.0 3:18a W
5 30.3 41.1 2:59p 19.9 7:03a 34.7 0.0 0.00 0.5 12.0 12:31a SW
6 34.3 44.3 4:04p 26.3 7:11a 30.6 0.0 0.00 1.1 17.0 1:08p SW
7 39.0 53.5 1:58p 23.8 7:05a 26.0 0.0 0.00 1.5 19.0 2:18p SSW
8 37.0 43.8 1:51a 33.1 11:35p 28.0 0.0 0.36 0.4 13.0 2:15a SW
9 23.8 33.4 12:15a 21.0 7:35a 41.2 0.0 0.35 3.2 20.0 11:16a SW
10 16.0 21.3 12:01a 10.0 11:58p 48.9 0.0 0.01 4.3 24.0 10:38a SW
11 13.0 21.4 3:24p 5.6 7:17a 52.0 0.0 0.00 1.0 13.0 1:43p W
12 15.6 25.6 12:39p 2.8 3:30a 49.4 0.0 0.00 2.1 22.0 7:57p W
13 11.3 17.3 3:33p 4.3 7:34a 53.7 0.0 0.00 1.9 17.0 1:55a NNW
14 11.1 20.3 3:13p -0.4 6:23a 53.9 0.0 0.03 1.3 12.0 1:09p E
15 28.8 35.2 11:13p 17.2 12:01a 36.2 0.0 0.46 0.4 11.0 2:43p S
16 33.0 34.6 10:10a 30.9 11:10p 32.0 0.0 0.39 0.4 12.0 1:04p W
17 33.3 39.3 3:24p 30.0 4:42a 31.7 0.0 0.00 0.7 14.0 4:39p WSW
18 34.6 40.1 2:37p 27.6 8:04a 30.3 0.0 0.00 0.3 7.0 2:27p E
19 48.0 59.9 5:32p 34.4 2:19a 17.0 0.0 0.00 5.8 30.0 10:22a SSW
20 58.2 69.3 3:14p 50.5 7:16a 7.4 0.6 0.00 4.8 30.0 2:25p SW
21 49.5 59.9 2:49p 35.5 12:00m 15.5 0.0 0.07 1.6 14.0 7:43p N
22 38.9 50.4 3:31p 30.7 4:43a 26.1 0.0 0.00 0.8 10.0 1:27p NNE
23 42.9 55.6 2:12p 30.3 7:35a 22.1 0.0 0.00 0.9 12.0 1:02p NNE
24 47.6 61.5 2:56p 36.6 11:56p 17.4 0.0 1.04 4.2 28.0 6:33p ENE
25 32.7 36.6 12:01a 29.1 11:59p 32.3 0.0 0.24 4.8 26.0 12:47a WNW
26 29.9 35.5 1:58p 24.4 6:41a 35.1 0.0 0.00 2.5 20.0 1:26a NNW
27 38.4 48.8 3:40p 30.6 7:09a 26.6 0.0 0.00 3.0 24.0 4:16p SSW
28 53.5 66.3 3:34p 37.5 3:56a 11.6 0.1 0.00 7.4 39.0 1:55p SSW
29 45.5 59.0 12:01a 36.2 11:35p 19.5 0.0 0.10 4.8 37.0 12:43a SW
-------------------------------------------------------------------------------------
35.2 69.3 20 -0.4 14 865.6 0.7 4.04 2.5 39.0 28 SSW
Max >= 90.0: 0
Max <= 32.0: 5
Min <= 32.0: 21
Min <= 0.0: 1
Max Rain: 1.04 ON 02/24/16
Days of Rain: 12 (>.01 in) 7 (>.1 in) 1 (>1 in)
Heat Base: 65.0 Cool Base: 65.0 Method: Integration
|