Weather Information | Photos of Local Events | Personal Weather Stations Links | Lancaster Links | Site Map

NOAA Report Archive
(Reports Generated by WeatherLink)
2017: Jan | Feb | Mar | Apr | May | Jun | Jul | Aug | Sep | Oct | Nov | Dec 
2016: Jan | Feb | Mar | Apr | May | Jun | Jul | Aug | Sep | Oct | Nov | Dec 
2015: Jan | Feb | Mar | Apr | May | Jun | Jul | Aug | Sep | Oct | Nov | Dec 
2014: Jan | Feb | Mar | Apr | May | Jun | Jul | Aug | Sep | Oct | Nov | Dec 
2013: Jan | Feb | Mar | Apr | May | Jun | Jul | Aug | Sep | Oct | Nov | Dec 
2012: Jan | Feb | Mar | Apr | May | Jun | Jul | Aug | Sep | Oct | Nov | Dec 
2011: Jan | Feb | Mar | Apr | May | Jun | Jul | Aug | Sep | Oct | Nov | Dec 
2010: Jan | Feb | Mar | Apr | May | Jun | Jul | Aug | Sep | Oct | Nov | Dec 
2009: Jan | Feb | Mar | Apr | May | Jun | Jul | Aug | Sep | Oct | Nov | Dec 
2008: Jan | Feb | Mar | Apr | May | Jun | Jul | Aug | Sep | Oct | Nov | Dec 
2007: Jan | Feb | Mar | Apr | May | Jun | Jul | Aug | Sep | Oct | Nov | Dec 
2006: Jan | Feb | Mar | Apr | May | Jun | Jul | Aug | Sep | Oct | Nov | Dec 
2005: Jan | Feb | Mar | Apr | May | Jun | Jul | Aug | Sep | Oct | Nov | Dec 
2004: Jan | Feb | Mar | Apr | May | Jun | Jul | Aug | Sep | Oct | Nov | Dec 
2003: Jan | Feb | Mar | Apr | May | Jun | Jul | Aug | Sep | Oct | Nov | Dec 

Report for 2016 03
MONTHLY CLIMATOLOGICAL SUMMARY for MAR. 2016 NAME: Station1 CITY: Lancaster STATE: Ohio ELEV: 958 ft LAT: 39 45' 15" N LONG: 82 34' 05" W TEMPERATURE (F), RAIN (in), WIND SPEED (mph) HEAT COOL AVG MEAN DEG DEG WIND DOM DAY TEMP HIGH TIME LOW TIME DAYS DAYS RAIN SPEED HIGH TIME DIR ------------------------------------------------------------------------------------ 1 43.8 62.7 1:56p 27.6 11:48p 21.2 0.0 0.42 3.4 31.0 10:03p SSW 2 27.5 34.4 4:21p 22.9 11:53p 37.5 0.0 0.00 2.4 20.0 12:20a WNW 3 29.0 36.3 1:28p 21.9 2:23a 36.0 0.0 0.07 0.1 10.0 2:03p E 4 34.0 36.2 3:44p 32.1 12:01a 30.9 0.0 0.06 0.2 8.0 10:30a N 5 37.0 42.9 12:30p 32.2 6:12a 28.0 0.0 0.01 1.0 14.0 1:17p SSW 6 38.9 47.3 3:21p 34.9 5:26a 26.1 0.0 0.00 0.6 12.0 2:25p NNW 7 50.1 64.8 3:03p 36.2 1:17a 14.8 0.0 0.00 2.0 25.0 12:09p SSW 8 58.4 75.8 4:00p 43.3 2:41a 9.1 2.5 0.00 2.6 28.0 11:55a SSW 9 62.8 74.4 2:33p 43.6 1:56a 4.1 1.9 0.00 4.0 30.0 12:48p SSW 10 58.9 63.9 2:06p 53.2 11:53p 6.1 0.0 0.80 1.9 19.0 7:22p SSW 11 49.7 59.6 4:20p 41.2 11:38p 15.3 0.0 0.00 1.3 13.0 2:48a NNE 12 53.2 66.6 3:11p 38.8 1:38a 11.9 0.1 0.00 0.1 6.0 10:53a NNE 13 54.2 58.7 11:28p 49.6 8:31a 10.4 0.0 1.47 0.4 20.0 8:54a ENE 14 60.9 74.2 3:22p 54.5 11:25p 5.3 1.2 0.38 0.8 20.0 4:38p SSW 15 59.1 67.3 5:32p 54.5 7:33a 6.1 0.2 0.04 0.7 12.0 12:59a E 16 60.0 65.5 7:56a 51.3 11:09p 5.0 0.0 0.00 4.2 32.0 2:45p SW 17 52.4 61.6 4:14p 39.6 11:22p 12.6 0.0 0.00 2.5 28.0 4:03p W 18 46.4 59.3 2:17p 34.9 6:59a 18.5 0.0 0.00 2.1 25.0 2:59p W 19 38.4 41.1 12:55a 32.4 12:00m 26.6 0.0 0.18 0.5 11.0 2:31p NNE 20 36.1 44.1 1:30p 29.0 3:44a 28.9 0.0 0.00 1.2 13.0 2:01p N 21 38.7 49.6 4:54p 28.4 7:28a 26.3 0.0 0.00 1.8 21.0 3:19p W 22 49.8 63.7 5:38p 34.4 2:50a 15.2 0.0 0.00 5.0 32.0 2:53p SSW 23 59.1 64.7 4:26p 49.2 11:58p 5.9 0.0 0.00 5.8 28.0 11:23a SSW 24 59.8 71.5 1:35p 46.8 12:51a 6.2 1.1 0.39 5.4 35.0 3:28p S 25 42.0 54.5 12:11a 38.3 9:13a 23.0 0.0 0.03 1.9 20.0 5:15a WNW 26 47.4 63.7 5:08p 37.8 6:20a 17.6 0.0 0.00 0.3 10.0 2:10p E 27 58.3 75.8 3:34p 38.8 3:15a 10.2 3.5 0.00 1.0 20.0 5:44p SSW 28 48.7 66.4 12:26a 44.1 12:00m 16.3 0.0 0.66 4.5 35.0 12:53a W 29 46.6 56.6 4:20p 38.0 7:14a 18.4 0.0 0.00 1.1 13.0 12:39p N 30 53.9 70.9 4:06p 33.7 6:16a 12.3 1.3 0.00 2.0 25.0 4:39p SSW 31 64.3 72.1 5:24p 58.6 9:01p 1.8 1.1 0.05 4.2 34.0 4:29p SSW ------------------------------------------------------------------------------------- 49.0 75.8 8 21.9 3 507.6 12.9 4.56 2.1 35.0 24 SSW Max >= 90.0: 0 Max <= 32.0: 0 Min <= 32.0: 5 Min <= 0.0: 0 Max Rain: 1.47 ON 03/13/16 Days of Rain: 12 (>.01 in) 7 (>.1 in) 1 (>1 in) Heat Base: 65.0 Cool Base: 65.0 Method: Integration
 
USA Weather Finder