2024: Jan | Feb | Mar | Apr | May | Jun | Jul | Aug | Sep | Oct | Nov | Dec
2023: Jan | Feb | Mar | Apr | May | Jun | Jul | Aug | Sep | Oct | Nov | Dec
2022: Jan | Feb | Mar | Apr | May | Jun | Jul | Aug | Sep | Oct | Nov | Dec
2021: Jan | Feb | Mar | Apr | May | Jun | Jul | Aug | Sep | Oct | Nov | Dec
2020: Jan | Feb | Mar | Apr | May | Jun | Jul | Aug | Sep | Oct | Nov | Dec
2019: Jan | Feb | Mar | Apr | May | Jun | Jul | Aug | Sep | Oct | Nov | Dec
2018: Jan | Feb | Mar | Apr | May | Jun | Jul | Aug | Sep | Oct | Nov | Dec
2017: Jan | Feb | Mar | Apr | May | Jun | Jul | Aug | Sep | Oct | Nov | Dec
2016: Jan | Feb | Mar | Apr | May | Jun | Jul | Aug | Sep | Oct | Nov | Dec
2015: Jan | Feb | Mar | Apr | May | Jun | Jul | Aug | Sep | Oct | Nov | Dec
2014: Jan | Feb | Mar | Apr | May | Jun | Jul | Aug | Sep | Oct | Nov | Dec
2013: Jan | Feb | Mar | Apr | May | Jun | Jul | Aug | Sep | Oct | Nov | Dec
2012: Jan | Feb | Mar | Apr | May | Jun | Jul | Aug | Sep | Oct | Nov | Dec
2011: Jan | Feb | Mar | Apr | May | Jun | Jul | Aug | Sep | Oct | Nov | Dec
2010: Jan | Feb | Mar | Apr | May | Jun | Jul | Aug | Sep | Oct | Nov | Dec
2009: Jan | Feb | Mar | Apr | May | Jun | Jul | Aug | Sep | Oct | Nov | Dec
2008: Jan | Feb | Mar | Apr | May | Jun | Jul | Aug | Sep | Oct | Nov | Dec
2007: Jan | Feb | Mar | Apr | May | Jun | Jul | Aug | Sep | Oct | Nov | Dec
2006: Jan | Feb | Mar | Apr | May | Jun | Jul | Aug | Sep | Oct | Nov | Dec
2005: Jan | Feb | Mar | Apr | May | Jun | Jul | Aug | Sep | Oct | Nov | Dec
2004: Jan | Feb | Mar | Apr | May | Jun | Jul | Aug | Sep | Oct | Nov | Dec
2003: Jan | Feb | Mar | Apr | May | Jun | Jul | Aug | Sep | Oct | Nov | Dec
Report for 2016 04
MONTHLY CLIMATOLOGICAL SUMMARY for APR. 2016
NAME: Station1 CITY: Lancaster STATE: Ohio
ELEV: 958 ft LAT: 39° 45' 15" N LONG: 82° 34' 05" W
TEMPERATURE (°F), RAIN (in), WIND SPEED (mph)
HEAT COOL AVG
MEAN DEG DEG WIND DOM
DAY TEMP HIGH TIME LOW TIME DAYS DAYS RAIN SPEED HIGH TIME DIR
------------------------------------------------------------------------------------
1 56.3 66.6 12:01a 45.1 11:53p 8.7 0.0 0.22 3.1 25.0 1:52p W
2 42.3 50.7 1:53p 32.4 11:57p 22.7 0.0 0.05 5.5 39.0 2:22p W
3 41.0 55.1 5:55p 27.3 6:59a 24.0 0.0 0.00 4.4 26.0 11:04p SSW
4 45.6 57.3 2:35a 29.8 11:43p 19.4 0.0 0.05 6.7 32.0 12:14a N
5 32.8 45.1 5:16p 22.5 7:09a 32.2 0.0 0.00 0.9 13.0 8:57a N
6 46.3 67.8 2:44p 30.0 2:52a 18.7 0.1 0.36 3.2 29.0 3:39p S
7 42.4 50.8 12:23a 34.1 8:02p 22.6 0.0 0.43 4.6 26.0 1:56p SW
8 37.1 43.3 11:15a 32.8 7:29a 27.9 0.0 0.16 2.8 27.0 9:32p W
9 31.3 38.5 4:20p 26.3 11:42p 33.7 0.0 0.04 3.8 26.0 8:50a WNW
10 38.6 54.8 5:12p 23.6 5:44a 26.4 0.0 0.06 1.2 17.0 5:20p SE
11 53.3 63.4 1:33p 44.8 10:22p 11.7 0.0 1.43 3.3 31.0 2:07p SSW
12 42.9 51.0 4:50p 34.4 5:28a 22.1 0.0 0.00 2.4 19.0 12:28a N
13 45.1 59.9 5:01p 32.8 6:50a 19.8 0.0 0.00 0.9 12.0 11:13a NNE
14 51.4 68.6 5:33p 34.1 6:24a 14.0 0.4 0.00 0.8 14.0 3:42p NNE
15 58.5 75.4 4:23p 41.8 6:09a 8.9 2.4 0.00 0.3 11.0 3:35p E
16 62.4 78.3 4:49p 44.8 6:52a 5.9 3.3 0.00 0.2 11.0 4:03p NE
17 63.8 82.6 5:06p 44.3 6:56a 6.5 5.3 0.00 0.2 11.0 4:40p NNE
18 66.3 84.0 4:36p 45.1 7:03a 5.6 6.8 0.00 0.2 11.0 2:06p NNW
19 62.1 74.4 3:18p 49.5 6:18a 5.7 2.8 0.00 0.9 14.0 5:07p NNE
20 63.2 79.6 5:10p 46.0 7:06a 5.9 4.1 0.00 0.2 10.0 8:21a ENE
21 66.0 73.7 2:01p 60.4 11:26p 1.3 2.2 0.03 0.9 22.0 2:22p SSW
22 62.2 73.0 3:49p 54.8 6:58a 4.2 1.4 0.07 1.8 16.0 11:04p N
23 52.0 63.2 4:01p 44.9 11:57p 13.0 0.0 0.00 2.6 16.0 2:35a N
24 56.0 76.0 5:06p 37.8 5:04a 11.2 2.2 0.00 0.1 12.0 5:27p WSW
25 64.4 81.2 4:22p 42.6 6:13a 7.3 6.7 0.00 1.6 22.0 1:46p SSW
26 68.7 78.8 2:12p 54.2 11:59p 1.0 4.7 0.12 1.9 20.0 5:27a SW
27 55.3 66.6 3:22p 47.1 6:57a 9.7 0.0 0.04 0.7 11.0 12:49a NNE
28 58.5 70.8 5:17p 48.5 6:51a 7.2 0.7 0.36 0.6 16.0 4:40p NNE
29 54.9 62.3 4:28p 49.4 11:53p 10.1 0.0 0.00 0.8 12.0 2:27p NNE
30 52.8 58.1 11:51p 45.8 6:41a 12.2 0.0 0.22 0.1 8.0 11:19p NE
-------------------------------------------------------------------------------------
52.5 84.0 18 22.5 5 419.6 43.1 3.64 1.9 39.0 2 N
Max >= 90.0: 0
Max <= 32.0: 0
Min <= 32.0: 6
Min <= 0.0: 0
Max Rain: 1.43 ON 04/11/16
Days of Rain: 15 (>.01 in) 8 (>.1 in) 1 (>1 in)
Heat Base: 65.0 Cool Base: 65.0 Method: Integration
|