2024: Jan | Feb | Mar | Apr | May | Jun | Jul | Aug | Sep | Oct | Nov | Dec
2023: Jan | Feb | Mar | Apr | May | Jun | Jul | Aug | Sep | Oct | Nov | Dec
2022: Jan | Feb | Mar | Apr | May | Jun | Jul | Aug | Sep | Oct | Nov | Dec
2021: Jan | Feb | Mar | Apr | May | Jun | Jul | Aug | Sep | Oct | Nov | Dec
2020: Jan | Feb | Mar | Apr | May | Jun | Jul | Aug | Sep | Oct | Nov | Dec
2019: Jan | Feb | Mar | Apr | May | Jun | Jul | Aug | Sep | Oct | Nov | Dec
2018: Jan | Feb | Mar | Apr | May | Jun | Jul | Aug | Sep | Oct | Nov | Dec
2017: Jan | Feb | Mar | Apr | May | Jun | Jul | Aug | Sep | Oct | Nov | Dec
2016: Jan | Feb | Mar | Apr | May | Jun | Jul | Aug | Sep | Oct | Nov | Dec
2015: Jan | Feb | Mar | Apr | May | Jun | Jul | Aug | Sep | Oct | Nov | Dec
2014: Jan | Feb | Mar | Apr | May | Jun | Jul | Aug | Sep | Oct | Nov | Dec
2013: Jan | Feb | Mar | Apr | May | Jun | Jul | Aug | Sep | Oct | Nov | Dec
2012: Jan | Feb | Mar | Apr | May | Jun | Jul | Aug | Sep | Oct | Nov | Dec
2011: Jan | Feb | Mar | Apr | May | Jun | Jul | Aug | Sep | Oct | Nov | Dec
2010: Jan | Feb | Mar | Apr | May | Jun | Jul | Aug | Sep | Oct | Nov | Dec
2009: Jan | Feb | Mar | Apr | May | Jun | Jul | Aug | Sep | Oct | Nov | Dec
2008: Jan | Feb | Mar | Apr | May | Jun | Jul | Aug | Sep | Oct | Nov | Dec
2007: Jan | Feb | Mar | Apr | May | Jun | Jul | Aug | Sep | Oct | Nov | Dec
2006: Jan | Feb | Mar | Apr | May | Jun | Jul | Aug | Sep | Oct | Nov | Dec
2005: Jan | Feb | Mar | Apr | May | Jun | Jul | Aug | Sep | Oct | Nov | Dec
2004: Jan | Feb | Mar | Apr | May | Jun | Jul | Aug | Sep | Oct | Nov | Dec
2003: Jan | Feb | Mar | Apr | May | Jun | Jul | Aug | Sep | Oct | Nov | Dec
Report for 2016 05
MONTHLY CLIMATOLOGICAL SUMMARY for MAY. 2016
NAME: Station1 CITY: Lancaster STATE: Ohio
ELEV: 958 ft LAT: 39° 45' 15" N LONG: 82° 34' 05" W
TEMPERATURE (°F), RAIN (in), WIND SPEED (mph)
HEAT COOL AVG
MEAN DEG DEG WIND DOM
DAY TEMP HIGH TIME LOW TIME DAYS DAYS RAIN SPEED HIGH TIME DIR
------------------------------------------------------------------------------------
1 66.1 78.8 3:44p 58.1 12:01a 2.5 3.6 0.06 0.5 17.0 9:29p SSW
2 60.2 66.3 1:10p 52.0 11:23p 4.8 0.0 0.32 0.8 13.0 2:22a NNW
3 54.0 61.6 2:06p 48.5 6:54a 11.0 0.0 0.00 0.2 8.0 5:45p NNE
4 52.4 66.0 12:55p 44.5 6:52a 12.6 0.0 0.08 1.2 24.0 1:24p SSW
5 48.9 60.5 5:46p 36.8 6:52a 16.1 0.0 0.00 1.6 19.0 5:35p N
6 57.5 69.9 3:14p 44.2 7:05a 8.2 0.7 0.00 2.4 24.0 2:58p N
7 59.0 72.5 7:01p 40.5 5:52a 7.9 1.9 0.00 1.0 17.0 11:47a SSW
8 57.3 68.3 2:30p 43.3 7:01a 8.0 0.3 0.00 0.8 22.0 6:33p SW
9 51.4 56.3 4:03p 46.2 12:32a 13.6 0.0 0.15 0.1 7.0 1:40p ENE
10 59.9 73.9 1:47p 51.4 1:28a 6.5 1.4 0.80 0.1 19.0 4:56p SSW
11 64.6 77.9 5:39p 56.5 3:25a 3.3 2.9 0.01 0.1 9.0 2:10p WSW
12 67.3 78.3 3:49p 58.4 1:40a 1.9 4.2 0.11 0.9 17.0 10:33p SSW
13 61.2 69.1 4:54p 51.1 11:57p 4.2 0.5 0.18 1.0 18.0 1:42a WSW
14 48.7 54.4 8:55a 42.3 11:59p 16.3 0.0 0.28 1.7 22.0 4:53p WSW
15 47.0 54.5 4:09p 40.6 6:16a 18.0 0.0 0.00 1.7 21.0 11:12a WSW
16 50.6 64.8 4:26p 30.1 6:18a 14.4 0.0 0.00 0.5 13.0 4:06p SW
17 54.2 60.1 6:04p 49.4 4:53a 10.8 0.0 0.09 0.0 7.0 12:51p NE
18 57.2 67.9 2:04p 48.8 7:00a 8.0 0.2 0.19 0.9 16.0 11:45a NNE
19 58.4 73.7 4:42p 41.1 6:15a 8.3 1.7 0.00 0.3 13.0 2:23p NNE
20 59.4 71.5 2:28p 45.5 2:55a 7.2 1.5 0.28 0.1 13.0 2:51p ENE
21 58.4 62.3 11:12a 52.9 11:52p 6.6 0.0 0.39 0.5 16.0 5:43p N
22 60.3 74.6 2:59p 48.2 5:56a 6.8 2.1 0.00 0.9 17.0 3:14p N
23 62.7 77.9 3:24p 44.9 6:29a 6.3 4.0 0.00 0.1 10.0 1:29p N
24 66.3 83.0 4:59p 48.2 6:25a 5.1 6.4 0.00 0.3 17.0 1:24p SW
25 68.2 82.6 12:13p 51.1 5:47a 3.9 7.1 0.00 0.4 14.0 10:28a SSW
26 73.0 81.8 4:05p 64.7 5:50a 0.0 8.0 0.00 0.9 18.0 1:56p SSW
27 76.0 87.8 4:27p 62.6 6:15a 0.2 11.2 0.00 0.4 16.0 2:29p SSW
28 74.3 87.4 3:36p 66.4 6:06a 0.0 9.2 0.49 0.4 20.0 6:02p SSW
29 72.2 83.6 3:52p 64.8 11:54p 0.0 7.2 0.13 0.2 13.0 8:03p SW
30 73.3 87.2 5:33p 61.6 6:24a 0.4 8.7 0.01 0.2 10.0 2:57p N
31 74.6 89.7 4:02p 58.4 6:11a 1.5 11.1 0.00 0.1 11.0 12:43p SW
-------------------------------------------------------------------------------------
61.1 89.7 31 30.1 16 214.4 93.9 3.57 0.7 24.0 4 SSW
Max >= 90.0: 0
Max <= 32.0: 0
Min <= 32.0: 1
Min <= 0.0: 0
Max Rain: 0.80 ON 05/10/16
Days of Rain: 14 (>.01 in) 11 (>.1 in) 0 (>1 in)
Heat Base: 65.0 Cool Base: 65.0 Method: Integration
|