Weather Information | Photos of Local Events | Personal Weather Stations Links | Lancaster Links | Site Map

NOAA Report Archive
(Reports Generated by WeatherLink)
2017: Jan | Feb | Mar | Apr | May | Jun | Jul | Aug | Sep | Oct | Nov | Dec 
2016: Jan | Feb | Mar | Apr | May | Jun | Jul | Aug | Sep | Oct | Nov | Dec 
2015: Jan | Feb | Mar | Apr | May | Jun | Jul | Aug | Sep | Oct | Nov | Dec 
2014: Jan | Feb | Mar | Apr | May | Jun | Jul | Aug | Sep | Oct | Nov | Dec 
2013: Jan | Feb | Mar | Apr | May | Jun | Jul | Aug | Sep | Oct | Nov | Dec 
2012: Jan | Feb | Mar | Apr | May | Jun | Jul | Aug | Sep | Oct | Nov | Dec 
2011: Jan | Feb | Mar | Apr | May | Jun | Jul | Aug | Sep | Oct | Nov | Dec 
2010: Jan | Feb | Mar | Apr | May | Jun | Jul | Aug | Sep | Oct | Nov | Dec 
2009: Jan | Feb | Mar | Apr | May | Jun | Jul | Aug | Sep | Oct | Nov | Dec 
2008: Jan | Feb | Mar | Apr | May | Jun | Jul | Aug | Sep | Oct | Nov | Dec 
2007: Jan | Feb | Mar | Apr | May | Jun | Jul | Aug | Sep | Oct | Nov | Dec 
2006: Jan | Feb | Mar | Apr | May | Jun | Jul | Aug | Sep | Oct | Nov | Dec 
2005: Jan | Feb | Mar | Apr | May | Jun | Jul | Aug | Sep | Oct | Nov | Dec 
2004: Jan | Feb | Mar | Apr | May | Jun | Jul | Aug | Sep | Oct | Nov | Dec 
2003: Jan | Feb | Mar | Apr | May | Jun | Jul | Aug | Sep | Oct | Nov | Dec 

Report for 2016 06
MONTHLY CLIMATOLOGICAL SUMMARY for JUN. 2016 NAME: Station1 CITY: Lancaster STATE: Ohio ELEV: 958 ft LAT: 39 45' 15" N LONG: 82 34' 05" W TEMPERATURE (F), RAIN (in), WIND SPEED (mph) HEAT COOL AVG MEAN DEG DEG WIND DOM DAY TEMP HIGH TIME LOW TIME DAYS DAYS RAIN SPEED HIGH TIME DIR ------------------------------------------------------------------------------------ 1 75.9 89.0 3:09p 59.8 6:46a 0.7 11.6 0.00 0.1 11.0 2:40p SSW 2 75.2 84.7 3:37p 66.3 6:16a 0.0 10.1 0.05 0.5 14.0 4:43p SSW 3 75.1 87.6 3:28p 66.4 6:06a 0.0 10.1 0.01 0.1 7.0 2:01p N 4 71.5 81.2 2:38p 66.9 11:24p 0.0 6.5 0.16 0.2 13.0 8:45p SSW 5 70.8 79.6 2:34p 65.8 11:48p 0.0 5.8 0.13 2.2 22.0 2:00p SSW 6 71.5 83.8 3:39p 64.0 6:19a 0.1 6.6 0.31 2.1 26.0 5:47p SSW 7 64.9 74.6 11:45a 55.0 12:00m 2.8 2.6 0.00 1.4 21.0 4:42p NNW 8 61.8 73.5 4:45p 52.2 6:32a 4.9 1.7 0.00 0.9 16.0 12:19p NNW 9 64.5 77.9 5:13p 48.0 5:17a 5.1 4.6 0.00 0.3 11.0 2:26p N 10 71.3 79.8 5:41p 62.3 7:00a 0.5 6.8 0.00 0.7 19.0 12:16p SW 11 81.3 93.4 3:55p 67.1 1:46a 0.0 16.2 0.00 1.6 21.0 3:09p SW 12 78.4 85.3 2:25p 61.6 11:57p 0.1 13.5 0.00 1.5 16.0 12:54p NNW 13 67.4 84.0 5:27p 48.0 6:18a 3.8 6.2 0.00 0.1 9.0 1:13p NNE 14 71.9 84.9 3:53p 58.9 6:33a 1.2 8.1 0.00 0.0 8.0 8:48a NE 15 75.2 88.4 5:24p 65.5 5:04a 0.0 10.2 0.18 0.4 14.0 2:48p SSW 16 74.2 86.5 3:17p 65.0 5:57a 0.0 9.2 0.01 1.7 20.0 6:16p NNW 17 74.2 86.1 5:51p 65.8 4:04a 0.0 9.2 0.00 0.7 14.0 12:16p NE 18 73.3 85.9 3:46p 58.0 6:11a 1.3 9.6 0.00 0.0 10.0 12:56p NE 19 74.6 88.4 5:27p 59.9 6:15a 0.7 10.4 0.00 0.4 17.0 2:23p SSW 20 79.3 91.4 3:33p 65.8 6:20a 0.0 14.3 0.00 1.2 21.0 3:44p SW 21 79.0 89.5 4:02p 69.9 11:59p 0.0 14.0 0.00 1.0 17.0 1:57p WSW 22 69.5 77.7 4:05p 57.3 5:29a 1.4 5.9 0.00 0.5 16.0 5:02p SSW 23 71.6 84.9 5:48p 64.3 3:42a 0.0 6.7 2.49 0.5 14.0 2:31a SSW 24 75.1 87.2 5:14p 66.3 5:35a 0.0 10.0 0.00 0.3 10.0 1:15p NNE 25 74.6 91.0 5:39p 56.5 6:07a 1.7 11.3 0.00 0.0 7.0 1:29p NE 26 78.1 91.0 3:06p 63.2 6:38a 0.1 13.2 0.00 0.3 18.0 11:22p SSW 27 78.3 91.4 4:25p 68.9 4:39a 0.0 13.3 0.16 0.2 11.0 12:35a N 28 75.0 83.6 12:55p 65.0 12:00m 0.0 10.0 0.00 0.8 12.0 12:48p NNW 29 67.3 79.0 5:46p 58.4 4:36a 2.1 4.3 0.00 0.4 12.0 10:13a NNW 30 68.1 83.0 5:13p 51.7 6:19a 3.5 6.6 0.00 0.0 7.0 10:36a NE ------------------------------------------------------------------------------------- 73.0 93.4 11 48.0 9 30.0 268.6 3.50 0.7 26.0 6 SSW Max >= 90.0: 5 Max <= 32.0: 0 Min <= 32.0: 0 Min <= 0.0: 0 Max Rain: 2.49 ON 06/23/16 Days of Rain: 7 (>.01 in) 6 (>.1 in) 1 (>1 in) Heat Base: 65.0 Cool Base: 65.0 Method: Integration
 
USA Weather Finder