2024: Jan | Feb | Mar | Apr | May | Jun | Jul | Aug | Sep | Oct | Nov | Dec
2023: Jan | Feb | Mar | Apr | May | Jun | Jul | Aug | Sep | Oct | Nov | Dec
2022: Jan | Feb | Mar | Apr | May | Jun | Jul | Aug | Sep | Oct | Nov | Dec
2021: Jan | Feb | Mar | Apr | May | Jun | Jul | Aug | Sep | Oct | Nov | Dec
2020: Jan | Feb | Mar | Apr | May | Jun | Jul | Aug | Sep | Oct | Nov | Dec
2019: Jan | Feb | Mar | Apr | May | Jun | Jul | Aug | Sep | Oct | Nov | Dec
2018: Jan | Feb | Mar | Apr | May | Jun | Jul | Aug | Sep | Oct | Nov | Dec
2017: Jan | Feb | Mar | Apr | May | Jun | Jul | Aug | Sep | Oct | Nov | Dec
2016: Jan | Feb | Mar | Apr | May | Jun | Jul | Aug | Sep | Oct | Nov | Dec
2015: Jan | Feb | Mar | Apr | May | Jun | Jul | Aug | Sep | Oct | Nov | Dec
2014: Jan | Feb | Mar | Apr | May | Jun | Jul | Aug | Sep | Oct | Nov | Dec
2013: Jan | Feb | Mar | Apr | May | Jun | Jul | Aug | Sep | Oct | Nov | Dec
2012: Jan | Feb | Mar | Apr | May | Jun | Jul | Aug | Sep | Oct | Nov | Dec
2011: Jan | Feb | Mar | Apr | May | Jun | Jul | Aug | Sep | Oct | Nov | Dec
2010: Jan | Feb | Mar | Apr | May | Jun | Jul | Aug | Sep | Oct | Nov | Dec
2009: Jan | Feb | Mar | Apr | May | Jun | Jul | Aug | Sep | Oct | Nov | Dec
2008: Jan | Feb | Mar | Apr | May | Jun | Jul | Aug | Sep | Oct | Nov | Dec
2007: Jan | Feb | Mar | Apr | May | Jun | Jul | Aug | Sep | Oct | Nov | Dec
2006: Jan | Feb | Mar | Apr | May | Jun | Jul | Aug | Sep | Oct | Nov | Dec
2005: Jan | Feb | Mar | Apr | May | Jun | Jul | Aug | Sep | Oct | Nov | Dec
2004: Jan | Feb | Mar | Apr | May | Jun | Jul | Aug | Sep | Oct | Nov | Dec
2003: Jan | Feb | Mar | Apr | May | Jun | Jul | Aug | Sep | Oct | Nov | Dec
Report for 2016 07
MONTHLY CLIMATOLOGICAL SUMMARY for JUL. 2016
NAME: Station1 CITY: Lancaster STATE: Ohio
ELEV: 958 ft LAT: 39° 45' 15" N LONG: 82° 34' 05" W
TEMPERATURE (°F), RAIN (in), WIND SPEED (mph)
HEAT COOL AVG
MEAN DEG DEG WIND DOM
DAY TEMP HIGH TIME LOW TIME DAYS DAYS RAIN SPEED HIGH TIME DIR
------------------------------------------------------------------------------------
1 68.8 83.0 5:43p 58.0 4:59a 1.8 5.5 0.15 0.7 17.0 12:41p SW
2 66.7 76.3 1:57p 53.6 5:59a 2.6 4.2 0.00 0.1 10.0 3:33p NE
3 64.7 71.1 1:08p 60.7 6:27a 1.5 1.3 0.03 0.1 7.0 5:23p SSW
4 66.5 72.8 7:48p 60.7 1:41a 1.6 3.1 0.22 0.1 6.0 7:02a SW
5 76.1 85.9 4:07p 69.1 12:00m 0.0 11.1 0.03 0.3 12.0 4:59p SW
6 74.6 88.8 3:19p 62.9 6:47a 0.2 9.8 0.02 0.8 32.0 3:25p SSW
7 77.1 86.3 4:24p 69.8 5:39a 0.0 12.1 0.00 0.6 14.0 6:02p SSW
8 77.3 86.5 4:49p 73.0 7:49a 0.0 12.3 0.00 1.5 18.0 7:02p SW
9 75.4 84.5 4:18p 65.0 11:58p 0.0 10.3 0.00 0.8 18.0 1:42p WSW
10 72.6 86.5 2:34p 58.1 6:10a 1.5 9.0 0.00 0.1 7.0 10:01a N
11 75.0 88.4 2:44p 60.4 6:28a 0.6 10.6 0.00 0.0 14.0 12:34p SSW
12 74.8 89.7 2:38p 61.6 5:50a 0.4 10.2 0.07 0.5 20.0 3:25p SSW
13 81.3 93.4 4:32p 71.3 6:32a 0.0 16.3 0.04 1.1 20.0 11:13p SSW
14 75.7 88.6 4:48p 67.3 6:38a 0.0 10.7 0.14 0.9 16.0 9:53a SW
15 76.1 88.0 3:53p 69.1 4:55a 0.0 11.1 0.00 0.6 19.0 5:06p SSW
16 73.6 84.9 4:58p 64.2 5:45a 0.1 8.7 0.00 0.1 10.0 3:40p NW
17 75.3 88.6 1:36p 58.9 6:26a 1.3 11.6 0.00 0.4 12.0 11:47a SSW
18 78.0 87.6 4:28p 69.1 8:48a 0.0 13.0 1.36 0.8 19.0 8:05a SSW
19 77.7 89.3 3:36p 67.3 6:17a 0.0 12.7 0.00 0.1 7.0 12:48p N
20 75.1 89.5 4:51p 61.5 6:04a 0.5 10.6 0.00 0.0 8.0 1:55p NE
21 78.0 91.4 3:30p 62.7 6:32a 0.2 13.2 0.00 0.3 12.0 1:37p SSW
22 76.1 84.7 5:59p 70.6 6:26a 0.0 11.0 0.63 0.4 16.0 11:51a WSW
23 80.7 93.2 5:22p 67.8 6:36a 0.0 15.6 0.00 0.1 11.0 3:15p SW
24 81.8 95.4 5:44p 70.6 6:13a 0.0 16.8 0.00 0.3 12.0 5:48p SW
25 83.6 94.5 3:32p 74.4 4:02a 0.0 18.6 0.00 0.5 14.0 10:20a SW
26 78.2 89.0 2:51p 72.3 3:42a 0.0 13.2 0.05 0.0 6.0 9:01a NE
27 80.3 91.6 4:11p 72.0 6:25a 0.0 15.3 0.00 0.1 8.0 5:45p WSW
28 75.4 78.5 4:59p 71.6 12:00m 0.0 10.3 0.29 0.1 8.0 1:50p SW
29 74.6 85.7 1:52p 66.1 5:50a 0.0 9.6 0.02 0.1 7.0 4:09p SSW
30 76.4 87.4 4:44p 69.6 11:51p 0.0 11.3 0.12 0.5 13.0 1:56p SW
31 76.9 88.4 3:01p 66.0 6:22a 0.0 11.9 0.00 0.4 12.0 2:10p WSW
-------------------------------------------------------------------------------------
75.6 95.4 24 53.6 2 12.3 341.0 3.17 0.4 32.0 6 SW
Max >= 90.0: 6
Max <= 32.0: 0
Min <= 32.0: 0
Min <= 0.0: 0
Max Rain: 1.36 ON 07/18/16
Days of Rain: 14 (>.01 in) 7 (>.1 in) 1 (>1 in)
Heat Base: 65.0 Cool Base: 65.0 Method: Integration
|